216.73.216.240 - - [04/Jul/2026:07:28:08 +0000] "GET /properties/208219-Residential-Lease-Forney-Texas-75126-3-Bedrooms-2-Bathrooms-USD2-525/ HTTP/1.1" 200 41522 "-" "Mozilla/5.0 AppleWebKit/537.36 (KHTML, like Gecko; compatible; ClaudeBot/1.0; +claudebot@anthropic.com)"
216.73.216.240 - - [04/Jul/2026:07:28:13 +0000] "GET /properties/208310-Residential-Lease-Dallas-Texas-75215-2-Bedrooms-2-Bathrooms-USD3-350/ HTTP/1.1" 200 42126 "-" "Mozilla/5.0 AppleWebKit/537.36 (KHTML, like Gecko; compatible; ClaudeBot/1.0; +claudebot@anthropic.com)"
103.154.98.28 - - [04/Jul/2026:07:28:22 +0000] "GET /properties/213187-Residential-Melissa-Texas-75454-3-Bedrooms-2-Bathrooms-USD565-260/ HTTP/1.1" 200 44426 "-" "Mozilla/5.0 (Windows NT 6.1) AppleWebKit/537.36 (KHTML, like Gecko) Chrome/41.0.2228.0 Safari/537.36"
168.90.128.162 - - [04/Jul/2026:07:28:52 +0000] "GET /properties/features/pdf/?pid=210485 HTTP/1.1" 200 11088 "-" "Mozilla/5.0 (Macintosh; Intel Mac OS X 10_15_2) AppleWebKit/537.36 (KHTML, like Gecko) Chrome/79.0.3945.79 Safari/537.36"
103.116.249.75 - - [04/Jul/2026:07:28:58 +0000] "GET /properties/features/pdf/?pid=173502 HTTP/1.1" 200 11031 "-" "Mozilla/5.0 (Windows NT 6.1; WOW64) AppleWebKit/537.36 (KHTML, like Gecko) Chrome/41.0.2227.0 Safari/537.36"
216.73.216.240 - - [04/Jul/2026:07:28:59 +0000] "GET /properties/208204-Residential-Lease-Carrollton-Texas-75007-2-Bedrooms-2-Bathrooms-USD2-300/ HTTP/1.1" 200 41527 "-" "Mozilla/5.0 AppleWebKit/537.36 (KHTML, like Gecko; compatible; ClaudeBot/1.0; +claudebot@anthropic.com)"
170.245.238.152 - - [04/Jul/2026:07:29:05 +0000] "GET /properties/203468-Residential-Saginaw-Texas-76179-3-Bedrooms-2-Bathrooms-USD265-000/ HTTP/1.1" 200 46591 "-" "Mozilla/5.0 (Windows NT 6.1; Win64; x64) AppleWebKit/537.36 (KHTML, like Gecko) Chrome/84.0.4147.135 Safari/537.36"
131.221.54.119 - - [04/Jul/2026:07:29:16 +0000] "GET /properties/217356-Residential-Grapevine-Texas-76092-5-Bedrooms-4-Bathrooms-USD1-450-000/ HTTP/1.1" 200 47305 "-" "Mozilla/5.0 (Windows NT 6.1) AppleWebKit/537.36 (KHTML, like Gecko) Chrome/90.0.4430.93 Safari/537.36"
216.73.216.240 - - [04/Jul/2026:07:29:19 +0000] "GET /properties/?wplpage=242 HTTP/1.1" 200 39930 "-" "Mozilla/5.0 AppleWebKit/537.36 (KHTML, like Gecko; compatible; ClaudeBot/1.0; +claudebot@anthropic.com)"
119.155.190.25 - - [04/Jul/2026:07:29:33 +0000] "GET /properties/214893-Residential-Little-Elm-Texas-75036-3-Bedrooms-2-Bathrooms-USD374-900/ HTTP/1.1" 200 47018 "-" "Mozilla/5.0 (Macintosh; Intel Mac OS X 10_15_3) AppleWebKit/537.36 (KHTML, like Gecko) Chrome/79.0.3945.130 Safari/537.36\tChrome 79.0"
216.73.216.240 - - [04/Jul/2026:07:29:39 +0000] "GET /properties/features/pdf/?pid=79326 HTTP/1.1" 200 11347 "-" "Mozilla/5.0 AppleWebKit/537.36 (KHTML, like Gecko; compatible; ClaudeBot/1.0; +claudebot@anthropic.com)"
216.73.216.240 - - [04/Jul/2026:07:29:40 +0000] "GET /properties/features/pdf/?pid=136155 HTTP/1.1" 200 11043 "-" "Mozilla/5.0 AppleWebKit/537.36 (KHTML, like Gecko; compatible; ClaudeBot/1.0; +claudebot@anthropic.com)"
216.73.216.240 - - [04/Jul/2026:07:29:40 +0000] "GET /sitemap_index.xml HTTP/1.1" 200 5988 "-" "Mozilla/5.0 AppleWebKit/537.36 (KHTML, like Gecko; compatible; ClaudeBot/1.0; +claudebot@anthropic.com)"
216.73.216.240 - - [04/Jul/2026:07:30:07 +0000] "GET /properties/features/pdf/?pid=129116 HTTP/1.1" 200 11026 "-" "Mozilla/5.0 AppleWebKit/537.36 (KHTML, like Gecko; compatible; ClaudeBot/1.0; +claudebot@anthropic.com)"
216.73.216.240 - - [04/Jul/2026:07:30:07 +0000] "GET /properties/features/pdf/?pid=154346 HTTP/1.1" 200 11144 "-" "Mozilla/5.0 AppleWebKit/537.36 (KHTML, like Gecko; compatible; ClaudeBot/1.0; +claudebot@anthropic.com)"
216.73.216.240 - - [04/Jul/2026:07:30:07 +0000] "GET /properties/features/pdf/?pid=218857 HTTP/1.1" 200 10890 "-" "Mozilla/5.0 AppleWebKit/537.36 (KHTML, like Gecko; compatible; ClaudeBot/1.0; +claudebot@anthropic.com)"
52.5.142.182 - - [04/Jul/2026:07:30:27 +0000] "GET /?rets_purge_cron_job=1&time=1783150227 HTTP/1.1" 200 5425 "-" "Wget/1.14 (linux-gnu)"
52.5.142.182 - - [04/Jul/2026:07:30:27 +0000] "GET /?rets_import_cron_job=1&time=1783150227 HTTP/1.1" 200 5425 "-" "Wget/1.14 (linux-gnu)"
216.73.216.240 - - [04/Jul/2026:07:30:29 +0000] "GET /properties/features/pdf/?pid=216898 HTTP/1.1" 200 10969 "-" "Mozilla/5.0 AppleWebKit/537.36 (KHTML, like Gecko; compatible; ClaudeBot/1.0; +claudebot@anthropic.com)"
216.73.216.240 - - [04/Jul/2026:07:30:29 +0000] "GET /properties/features/pdf/?pid=130347 HTTP/1.1" 200 11027 "-" "Mozilla/5.0 AppleWebKit/537.36 (KHTML, like Gecko; compatible; ClaudeBot/1.0; +claudebot@anthropic.com)"
216.73.216.240 - - [04/Jul/2026:07:30:30 +0000] "GET /properties/features/pdf/?pid=154374 HTTP/1.1" 200 10999 "-" "Mozilla/5.0 AppleWebKit/537.36 (KHTML, like Gecko; compatible; ClaudeBot/1.0; +claudebot@anthropic.com)"
216.73.216.240 - - [04/Jul/2026:07:30:38 +0000] "GET /properties/features/pdf/?pid=219823 HTTP/1.1" 200 10980 "-" "Mozilla/5.0 AppleWebKit/537.36 (KHTML, like Gecko; compatible; ClaudeBot/1.0; +claudebot@anthropic.com)"
216.73.216.240 - - [04/Jul/2026:07:30:39 +0000] "GET /properties/features/pdf/?pid=215757 HTTP/1.1" 200 10995 "-" "Mozilla/5.0 AppleWebKit/537.36 (KHTML, like Gecko; compatible; ClaudeBot/1.0; +claudebot@anthropic.com)"
216.73.216.240 - - [04/Jul/2026:07:30:39 +0000] "GET /properties/features/pdf/?pid=216167 HTTP/1.1" 200 10882 "-" "Mozilla/5.0 AppleWebKit/537.36 (KHTML, like Gecko; compatible; ClaudeBot/1.0; +claudebot@anthropic.com)"
216.73.216.240 - - [04/Jul/2026:07:31:02 +0000] "GET /properties/features/pdf/?pid=208446 HTTP/1.1" 200 11006 "-" "Mozilla/5.0 AppleWebKit/537.36 (KHTML, like Gecko; compatible; ClaudeBot/1.0; +claudebot@anthropic.com)"
216.73.216.240 - - [04/Jul/2026:07:31:02 +0000] "GET /properties/features/pdf/?pid=208351 HTTP/1.1" 200 10900 "-" "Mozilla/5.0 AppleWebKit/537.36 (KHTML, like Gecko; compatible; ClaudeBot/1.0; +claudebot@anthropic.com)"
216.73.216.240 - - [04/Jul/2026:07:31:02 +0000] "GET /properties/features/pdf/?pid=217615 HTTP/1.1" 200 10946 "-" "Mozilla/5.0 AppleWebKit/537.36 (KHTML, like Gecko; compatible; ClaudeBot/1.0; +claudebot@anthropic.com)"
109.126.148.127 - - [04/Jul/2026:07:31:25 +0000] "GET /properties/189687-Residential-Prosper-Texas-75078-4-Bedrooms-4-Bathrooms-USD1-107-937/ HTTP/1.1" 200 45557 "-" "Mozilla/5.0 (X11; Linux x86_64) AppleWebKit/537.36 (KHTML, like Gecko) Chrome/34.0.1847.137 Safari/4E423F"
216.73.216.240 - - [04/Jul/2026:07:31:30 +0000] "GET /properties/features/pdf/?pid=154373 HTTP/1.1" 200 11016 "-" "Mozilla/5.0 AppleWebKit/537.36 (KHTML, like Gecko; compatible; ClaudeBot/1.0; +claudebot@anthropic.com)"
216.73.216.240 - - [04/Jul/2026:07:31:31 +0000] "GET /properties/features/pdf/?pid=217713 HTTP/1.1" 200 10892 "-" "Mozilla/5.0 AppleWebKit/537.36 (KHTML, like Gecko; compatible; ClaudeBot/1.0; +claudebot@anthropic.com)"
216.73.216.240 - - [04/Jul/2026:07:31:31 +0000] "GET /properties/features/pdf/?pid=208345 HTTP/1.1" 200 10967 "-" "Mozilla/5.0 AppleWebKit/537.36 (KHTML, like Gecko; compatible; ClaudeBot/1.0; +claudebot@anthropic.com)"
216.73.216.240 - - [04/Jul/2026:07:31:49 +0000] "GET /properties/features/pdf/?pid=208435 HTTP/1.1" 200 10987 "-" "Mozilla/5.0 AppleWebKit/537.36 (KHTML, like Gecko; compatible; ClaudeBot/1.0; +claudebot@anthropic.com)"
216.73.216.240 - - [04/Jul/2026:07:31:49 +0000] "GET /properties/features/pdf/?pid=221564 HTTP/1.1" 200 11057 "-" "Mozilla/5.0 AppleWebKit/537.36 (KHTML, like Gecko; compatible; ClaudeBot/1.0; +claudebot@anthropic.com)"
39.34.152.160 - - [04/Jul/2026:07:31:50 +0000] "GET /properties/features/pdf/?pid=217696 HTTP/1.1" 200 11220 "-" "Mozilla/5.0 (Macintosh; Intel Mac OS X 10_10_3) AppleWebKit/537.36 (KHTML, like Gecko) Chrome/65.0.3325.44 Safari/537.36"
216.73.216.240 - - [04/Jul/2026:07:31:51 +0000] "GET /properties/features/pdf/?pid=208452 HTTP/1.1" 200 10927 "-" "Mozilla/5.0 AppleWebKit/537.36 (KHTML, like Gecko; compatible; ClaudeBot/1.0; +claudebot@anthropic.com)"
66.249.79.193 - - [04/Jul/2026:07:31:56 +0000] "GET /?wplpage=12 HTTP/1.1" 200 50085 "-" "Mozilla/5.0 (Linux; Android 6.0.1; Nexus 5X Build/MMB29P) AppleWebKit/537.36 (KHTML, like Gecko) Chrome/150.0.7871.46 Mobile Safari/537.36 (compatible; Googlebot/2.1; +http://www.google.com/bot.html)"
216.73.216.240 - - [04/Jul/2026:07:32:03 +0000] "GET /properties/features/pdf/?pid=103474 HTTP/1.1" 200 11016 "-" "Mozilla/5.0 AppleWebKit/537.36 (KHTML, like Gecko; compatible; ClaudeBot/1.0; +claudebot@anthropic.com)"
216.73.216.240 - - [04/Jul/2026:07:32:03 +0000] "GET /properties/features/pdf/?pid=217920 HTTP/1.1" 200 10838 "-" "Mozilla/5.0 AppleWebKit/537.36 (KHTML, like Gecko; compatible; ClaudeBot/1.0; +claudebot@anthropic.com)"
216.73.216.240 - - [04/Jul/2026:07:32:04 +0000] "GET /properties/features/pdf/?pid=208433 HTTP/1.1" 200 10791 "-" "Mozilla/5.0 AppleWebKit/537.36 (KHTML, like Gecko; compatible; ClaudeBot/1.0; +claudebot@anthropic.com)"
216.73.216.240 - - [04/Jul/2026:07:32:19 +0000] "GET /properties/features/pdf/?pid=208371 HTTP/1.1" 200 11045 "-" "Mozilla/5.0 AppleWebKit/537.36 (KHTML, like Gecko; compatible; ClaudeBot/1.0; +claudebot@anthropic.com)"
216.73.216.240 - - [04/Jul/2026:07:32:20 +0000] "GET /properties/features/pdf/?pid=154465 HTTP/1.1" 200 10959 "-" "Mozilla/5.0 AppleWebKit/537.36 (KHTML, like Gecko; compatible; ClaudeBot/1.0; +claudebot@anthropic.com)"
216.73.216.240 - - [04/Jul/2026:07:32:20 +0000] "GET /properties/features/pdf/?pid=208323 HTTP/1.1" 200 10938 "-" "Mozilla/5.0 AppleWebKit/537.36 (KHTML, like Gecko; compatible; ClaudeBot/1.0; +claudebot@anthropic.com)"
216.73.216.240 - - [04/Jul/2026:07:32:28 +0000] "GET /properties/features/pdf/?pid=208326 HTTP/1.1" 200 11022 "-" "Mozilla/5.0 AppleWebKit/537.36 (KHTML, like Gecko; compatible; ClaudeBot/1.0; +claudebot@anthropic.com)"
216.73.216.240 - - [04/Jul/2026:07:32:28 +0000] "GET /properties/features/pdf/?pid=208430 HTTP/1.1" 200 10851 "-" "Mozilla/5.0 AppleWebKit/537.36 (KHTML, like Gecko; compatible; ClaudeBot/1.0; +claudebot@anthropic.com)"
216.73.216.240 - - [04/Jul/2026:07:32:29 +0000] "GET /properties/features/pdf/?pid=154723 HTTP/1.1" 200 11285 "-" "Mozilla/5.0 AppleWebKit/537.36 (KHTML, like Gecko; compatible; ClaudeBot/1.0; +claudebot@anthropic.com)"
216.73.216.240 - - [04/Jul/2026:07:32:38 +0000] "GET /properties/features/pdf/?pid=154620 HTTP/1.1" 200 11093 "-" "Mozilla/5.0 AppleWebKit/537.36 (KHTML, like Gecko; compatible; ClaudeBot/1.0; +claudebot@anthropic.com)"
216.73.216.240 - - [04/Jul/2026:07:32:39 +0000] "GET /properties/features/pdf/?pid=223214 HTTP/1.1" 200 11010 "-" "Mozilla/5.0 AppleWebKit/537.36 (KHTML, like Gecko; compatible; ClaudeBot/1.0; +claudebot@anthropic.com)"
216.73.216.240 - - [04/Jul/2026:07:32:39 +0000] "GET /properties/features/pdf/?pid=208416 HTTP/1.1" 200 10913 "-" "Mozilla/5.0 AppleWebKit/537.36 (KHTML, like Gecko; compatible; ClaudeBot/1.0; +claudebot@anthropic.com)"
66.249.79.193 - - [04/Jul/2026:07:32:50 +0000] "POST /?wplpage=12 HTTP/1.1" 200 5602 "https://www.agenttango.com/?wplpage=12" "Mozilla/5.0 (Linux; Android 6.0.1; Nexus 5X Build/MMB29P) AppleWebKit/537.36 (KHTML, like Gecko) Chrome/150.0.7871.46 Mobile Safari/537.36 (compatible; Googlebot/2.1; +http://www.google.com/bot.html)"
216.73.216.240 - - [04/Jul/2026:07:33:32 +0000] "GET /dfw/plano-homes-for-sale/?wplpage=13 HTTP/1.1" 200 51949 "-" "Mozilla/5.0 AppleWebKit/537.36 (KHTML, like Gecko; compatible; ClaudeBot/1.0; +claudebot@anthropic.com)"
216.73.216.240 - - [04/Jul/2026:07:33:31 +0000] "GET /dfw/parker-homes-for-sale/?wplpage=87 HTTP/1.1" 200 42546 "-" "Mozilla/5.0 AppleWebKit/537.36 (KHTML, like Gecko; compatible; ClaudeBot/1.0; +claudebot@anthropic.com)"
216.73.216.240 - - [04/Jul/2026:07:33:35 +0000] "GET /properties/features/pdf/?pid=208321 HTTP/1.1" 200 10832 "-" "Mozilla/5.0 AppleWebKit/537.36 (KHTML, like Gecko; compatible; ClaudeBot/1.0; +claudebot@anthropic.com)"
216.73.216.240 - - [04/Jul/2026:07:33:45 +0000] "GET /properties/214786-Residential-Springtown-Texas-76082-3-Bedrooms-2-Bathrooms-USD99-000/ HTTP/1.1" 200 41162 "-" "Mozilla/5.0 AppleWebKit/537.36 (KHTML, like Gecko; compatible; ClaudeBot/1.0; +claudebot@anthropic.com)"
216.73.216.240 - - [04/Jul/2026:07:33:45 +0000] "GET /properties/129114-Residential-Springtown-Texas-76082-4-Bedrooms-2-Bathrooms-USD384-900/ HTTP/1.1" 200 43307 "-" "Mozilla/5.0 AppleWebKit/537.36 (KHTML, like Gecko; compatible; ClaudeBot/1.0; +claudebot@anthropic.com)"
216.73.216.240 - - [04/Jul/2026:07:33:46 +0000] "GET /dfw/parker-homes-for-sale/?wplpage=12 HTTP/1.1" 200 42494 "-" "Mozilla/5.0 AppleWebKit/537.36 (KHTML, like Gecko; compatible; ClaudeBot/1.0; +claudebot@anthropic.com)"
216.73.216.240 - - [04/Jul/2026:07:33:55 +0000] "GET /properties/features/pdf/?pid=215885 HTTP/1.1" 200 11082 "-" "Mozilla/5.0 AppleWebKit/537.36 (KHTML, like Gecko; compatible; ClaudeBot/1.0; +claudebot@anthropic.com)"
216.73.216.240 - - [04/Jul/2026:07:33:56 +0000] "GET /properties/features/pdf/?pid=143513 HTTP/1.1" 200 10997 "-" "Mozilla/5.0 AppleWebKit/537.36 (KHTML, like Gecko; compatible; ClaudeBot/1.0; +claudebot@anthropic.com)"
216.73.216.240 - - [04/Jul/2026:07:33:56 +0000] "GET /properties/features/pdf/?pid=215963 HTTP/1.1" 200 10991 "-" "Mozilla/5.0 AppleWebKit/537.36 (KHTML, like Gecko; compatible; ClaudeBot/1.0; +claudebot@anthropic.com)"
216.73.216.240 - - [04/Jul/2026:07:34:04 +0000] "GET /properties/212585-Residential-Springtown-Texas-76082-4-Bedrooms-2-Bathrooms-USD575-000/ HTTP/1.1" 200 43542 "-" "Mozilla/5.0 AppleWebKit/537.36 (KHTML, like Gecko; compatible; ClaudeBot/1.0; +claudebot@anthropic.com)"
216.73.216.240 - - [04/Jul/2026:07:34:05 +0000] "GET /properties/218031-Residential-Springtown-Texas-76082-3-Bedrooms-2-Bathrooms-USD299-000/ HTTP/1.1" 200 42636 "-" "Mozilla/5.0 AppleWebKit/537.36 (KHTML, like Gecko; compatible; ClaudeBot/1.0; +claudebot@anthropic.com)"
216.73.216.240 - - [04/Jul/2026:07:34:06 +0000] "GET /properties/129113-Residential-Springtown-Texas-76082-5-Bedrooms-4-Bathrooms-USD536-175/ HTTP/1.1" 200 43437 "-" "Mozilla/5.0 AppleWebKit/537.36 (KHTML, like Gecko; compatible; ClaudeBot/1.0; +claudebot@anthropic.com)"
216.73.216.240 - - [04/Jul/2026:07:34:26 +0000] "GET /properties/216479-Residential-Azle-Texas-76020-3-Bedrooms-3-Bathrooms-USD675-000/ HTTP/1.1" 200 40828 "-" "Mozilla/5.0 AppleWebKit/537.36 (KHTML, like Gecko; compatible; ClaudeBot/1.0; +claudebot@anthropic.com)"
216.73.216.240 - - [04/Jul/2026:07:34:27 +0000] "GET /properties/219955-Residential-Weatherford-Texas-76087-5-Bedrooms-3-Bathrooms-USD129-900/ HTTP/1.1" 200 42315 "-" "Mozilla/5.0 AppleWebKit/537.36 (KHTML, like Gecko; compatible; ClaudeBot/1.0; +claudebot@anthropic.com)"
216.73.216.240 - - [04/Jul/2026:07:34:27 +0000] "GET /properties/130361-Residential-Aledo-Texas-76008-4-Bedrooms-2-Bathrooms-USD511-275/ HTTP/1.1" 200 43640 "-" "Mozilla/5.0 AppleWebKit/537.36 (KHTML, like Gecko; compatible; ClaudeBot/1.0; +claudebot@anthropic.com)"
66.249.79.194 - - [04/Jul/2026:07:34:43 +0000] "GET /properties/215488-Residential-Income-North-Richland-Hills-Texas-76180-2-Bedrooms-2-Bathrooms-USD800-000/ HTTP/1.1" 200 40970 "-" "Mozilla/5.0 (Linux; Android 6.0.1; Nexus 5X Build/MMB29P) AppleWebKit/537.36 (KHTML, like Gecko) Chrome/150.0.7871.46 Mobile Safari/537.36 (compatible; GoogleOther)"
66.249.79.194 - - [04/Jul/2026:07:34:50 +0000] "POST /properties/215488-Residential-Income-North-Richland-Hills-Texas-76180-2-Bedrooms-2-Bathrooms-USD800-000/ HTTP/1.1" 200 5602 "https://www.agenttango.com/properties/215488-Residential-Income-North-Richland-Hills-Texas-76180-2-Bedrooms-2-Bathrooms-USD800-000/" "Mozilla/5.0 (Linux; Android 6.0.1; Nexus 5X Build/MMB29P) AppleWebKit/537.36 (KHTML, like Gecko) Chrome/150.0.7871.46 Mobile Safari/537.36 (compatible; GoogleOther)"
180.246.241.152 - - [04/Jul/2026:07:34:59 +0000] "GET /properties/features/pdf/?pid=191028 HTTP/1.1" 200 11034 "-" "Mozilla/5.0 (Windows NT 6.1; WOW64) AppleWebKit/537.36 (KHTML, like Gecko) Chrome/107.0.0.0 Safari/537.36"
216.73.216.240 - - [04/Jul/2026:07:35:17 +0000] "GET /properties/155393-Residential-Weatherford-Texas-76086-3-Bedrooms-2-Bathrooms-USD299-000/ HTTP/1.1" 200 42866 "-" "Mozilla/5.0 AppleWebKit/537.36 (KHTML, like Gecko; compatible; ClaudeBot/1.0; +claudebot@anthropic.com)"
216.73.216.240 - - [04/Jul/2026:07:35:18 +0000] "GET /properties/216830-Residential-Aledo-Texas-76008-4-Bedrooms-3-Bathrooms-USD515-000/ HTTP/1.1" 200 44306 "-" "Mozilla/5.0 AppleWebKit/537.36 (KHTML, like Gecko; compatible; ClaudeBot/1.0; +claudebot@anthropic.com)"
216.73.216.240 - - [04/Jul/2026:07:35:18 +0000] "GET /properties/214651-Residential-Aledo-Texas-76008-5-Bedrooms-4-Bathrooms-USD715-963/ HTTP/1.1" 200 43559 "-" "Mozilla/5.0 AppleWebKit/537.36 (KHTML, like Gecko; compatible; ClaudeBot/1.0; +claudebot@anthropic.com)"
216.73.216.240 - - [04/Jul/2026:07:35:24 +0000] "GET /properties/215065-Residential-Weatherford-Texas-76487-4-Bedrooms-2-Bathrooms-USD554-900/ HTTP/1.1" 200 43365 "-" "Mozilla/5.0 AppleWebKit/537.36 (KHTML, like Gecko; compatible; ClaudeBot/1.0; +claudebot@anthropic.com)"
216.73.216.240 - - [04/Jul/2026:07:35:25 +0000] "GET /properties/131184-Residential-Springtown-Texas-76082-4-Bedrooms-2-Bathrooms-USD312-990/ HTTP/1.1" 200 44365 "-" "Mozilla/5.0 AppleWebKit/537.36 (KHTML, like Gecko; compatible; ClaudeBot/1.0; +claudebot@anthropic.com)"
216.73.216.240 - - [04/Jul/2026:07:35:25 +0000] "GET /properties/129112-Residential-Springtown-Texas-76082-4-Bedrooms-3-Bathrooms-USD560-475/ HTTP/1.1" 200 43357 "-" "Mozilla/5.0 AppleWebKit/537.36 (KHTML, like Gecko; compatible; ClaudeBot/1.0; +claudebot@anthropic.com)"
52.5.142.182 - - [04/Jul/2026:07:35:33 +0000] "GET /?rets_import_cron_job=1&time=1783150532 HTTP/1.1" 200 5425 "-" "Wget/1.14 (linux-gnu)"
216.73.216.240 - - [04/Jul/2026:07:35:59 +0000] "GET /properties/144839-Residential-Weatherford-Texas-76085-3-Bedrooms-2-Bathrooms-USD849-000/ HTTP/1.1" 200 43689 "-" "Mozilla/5.0 AppleWebKit/537.36 (KHTML, like Gecko; compatible; ClaudeBot/1.0; +claudebot@anthropic.com)"
216.73.216.240 - - [04/Jul/2026:07:35:59 +0000] "GET /properties/224646-Residential-Aledo-Texas-76008-4-Bedrooms-3-Bathrooms-USD620-910/ HTTP/1.1" 200 42296 "-" "Mozilla/5.0 AppleWebKit/537.36 (KHTML, like Gecko; compatible; ClaudeBot/1.0; +claudebot@anthropic.com)"
216.73.216.240 - - [04/Jul/2026:07:36:00 +0000] "GET /properties/216810-Residential-Aledo-Texas-76008-5-Bedrooms-3-Bathrooms-USD559-900/ HTTP/1.1" 200 43762 "-" "Mozilla/5.0 AppleWebKit/537.36 (KHTML, like Gecko; compatible; ClaudeBot/1.0; +claudebot@anthropic.com)"
216.73.216.240 - - [04/Jul/2026:07:36:07 +0000] "GET /properties/155304-Residential-Aledo-Texas-76008-5-Bedrooms-5-Bathrooms-USD1-680-000/ HTTP/1.1" 200 43526 "-" "Mozilla/5.0 AppleWebKit/537.36 (KHTML, like Gecko; compatible; ClaudeBot/1.0; +claudebot@anthropic.com)"
216.73.216.240 - - [04/Jul/2026:07:36:07 +0000] "GET /properties/216724-Residential-Weatherford-Texas-76086-2-Bedrooms-1-Bathroom-USD319-000/ HTTP/1.1" 200 43692 "-" "Mozilla/5.0 AppleWebKit/537.36 (KHTML, like Gecko; compatible; ClaudeBot/1.0; +claudebot@anthropic.com)"
216.73.216.240 - - [04/Jul/2026:07:36:08 +0000] "GET /properties/154765-Residential-Weatherford-Texas-76087-4-Bedrooms-3-Bathrooms-USD545-000/ HTTP/1.1" 200 43048 "-" "Mozilla/5.0 AppleWebKit/537.36 (KHTML, like Gecko; compatible; ClaudeBot/1.0; +claudebot@anthropic.com)"
216.73.216.240 - - [04/Jul/2026:07:36:12 +0000] "GET /properties/217456-Residential-Willow-Park-Texas-76008-4-Bedrooms-2-Bathrooms-USD395-000/ HTTP/1.1" 200 43281 "-" "Mozilla/5.0 AppleWebKit/537.36 (KHTML, like Gecko; compatible; ClaudeBot/1.0; +claudebot@anthropic.com)"
216.73.216.240 - - [04/Jul/2026:07:36:12 +0000] "GET /properties/99881-Residential-Willow-Park-Texas-76008-3-Bedrooms-2-Bathrooms-USD385-000/ HTTP/1.1" 200 42671 "-" "Mozilla/5.0 AppleWebKit/537.36 (KHTML, like Gecko; compatible; ClaudeBot/1.0; +claudebot@anthropic.com)"
103.74.11.19 - - [04/Jul/2026:07:36:29 +0000] "GET /properties/168770-Residential-Lucas-Texas-75002-5-Bedrooms-5-Bathrooms-USD1-796-000/ HTTP/1.1" 200 46844 "-" "Mozilla/5.0 (Windows NT 10.0; Win64; x64) AppleWebKit/537.36 (KHTML, like Gecko) Chrome/91.0.4472.77 Safari/537.36"
187.101.98.25 - - [04/Jul/2026:07:36:29 +0000] "GET /properties/133331-Residential-Fairview-Texas-75069-3-Bedrooms-3-Bathrooms-USD710-000/ HTTP/1.1" 200 47190 "-" "Mozilla/5.0 (Windows NT 6.1) AppleWebKit/537.36 (KHTML, like Gecko) Chrome/63.0.3235.0 Safari/537.36"
216.73.216.240 - - [04/Jul/2026:07:36:48 +0000] "GET /properties/214474-Residential-Aledo-Texas-76008-4-Bedrooms-3-Bathrooms-USD762-847/ HTTP/1.1" 200 43504 "-" "Mozilla/5.0 AppleWebKit/537.36 (KHTML, like Gecko; compatible; ClaudeBot/1.0; +claudebot@anthropic.com)"
216.73.216.240 - - [04/Jul/2026:07:36:48 +0000] "GET /properties/214292-Residential-Aledo-Texas-76008-4-Bedrooms-4-Bathrooms-USD761-432/ HTTP/1.1" 200 43603 "-" "Mozilla/5.0 AppleWebKit/537.36 (KHTML, like Gecko; compatible; ClaudeBot/1.0; +claudebot@anthropic.com)"
110.37.15.191 - - [04/Jul/2026:07:38:44 +0000] "GET /properties/173961-Residential-Richardson-Texas-75081-4-Bedrooms-3-Bathrooms-USD699-000/ HTTP/1.1" 200 46299 "-" "Mozilla/5.0 (Macintosh; Intel Mac OS X 10_11_6) AppleWebKit/537.36 (KHTML, like Gecko) Chrome/69.0.3497.100 Safari/537.36"
196.188.245.249 - - [04/Jul/2026:07:39:39 +0000] "GET /properties/features/pdf/?pid=210699 HTTP/1.1" 200 11107 "-" "Mozilla/5.0 (Windows NT 6.3; Win64; x64) AppleWebKit/537.36 (KHTML, like Gecko) Chrome/105.0.0.0 Safari/537.36"
52.5.142.182 - - [04/Jul/2026:07:40:28 +0000] "GET /?rets_import_cron_job=1&time=1783150827 HTTP/1.1" 200 5425 "-" "Wget/1.14 (linux-gnu)"
78.160.132.87 - - [04/Jul/2026:07:41:23 +0000] "GET /properties/features/pdf/?pid=214976 HTTP/1.1" 200 10927 "-" "Mozilla/5.0 (Windows NT 10.0; WOW64) AppleWebKit/537.36 (KHTML, like Gecko) Chrome/85.0.4183.83 Safari/537.36"
37.114.147.35 - - [04/Jul/2026:07:41:49 +0000] "GET /properties/features/pdf/?pid=201974 HTTP/1.1" 200 10963 "-" "Mozilla/5.0 (Macintosh; Intel Mac OS X 11_3_0) AppleWebKit/537.36 (KHTML, like Gecko) Chrome/89.0.4389.128 Safari/537.36"
143.244.57.82 - - [04/Jul/2026:07:42:14 +0000] "GET /wp-content/uploads/ HTTP/1.1" 403 6283 "-" "-"
143.244.57.82 - - [04/Jul/2026:07:42:14 +0000] "GET /wp-includes/ HTTP/1.1" 403 6283 "-" "-"
143.244.57.82 - - [04/Jul/2026:07:42:15 +0000] "GET /wp-includes/css/ HTTP/1.1" 403 6283 "-" "-"
143.244.57.82 - - [04/Jul/2026:07:42:15 +0000] "GET /wp-includes/ID3/ HTTP/1.1" 403 6283 "-" "-"
143.244.57.82 - - [04/Jul/2026:07:42:15 +0000] "GET /wp-includes/IXR/ HTTP/1.1" 403 6283 "-" "-"
143.244.57.82 - - [04/Jul/2026:07:42:16 +0000] "GET /wp-includes/Requests/ HTTP/1.1" 403 6283 "-" "-"
143.244.57.82 - - [04/Jul/2026:07:42:16 +0000] "GET /wp-includes/SimplePie/ HTTP/1.1" 403 6283 "-" "-"
143.244.57.82 - - [04/Jul/2026:07:42:17 +0000] "GET /wp-includes/Text/ HTTP/1.1" 403 6283 "-" "-"
143.244.57.82 - - [04/Jul/2026:07:42:17 +0000] "GET /wp-content/mu-plugins-old/ HTTP/1.1" 404 126941 "-" "-"
143.244.57.82 - - [04/Jul/2026:07:42:18 +0000] "GET /wp-content/themes/classic/inc/ HTTP/1.1" 404 126946 "-" "-"
143.244.57.82 - - [04/Jul/2026:07:42:19 +0000] "GET /wp-content/plugins/ninja-forms/ HTTP/1.1" 404 126889 "-" "-"
143.244.57.82 - - [04/Jul/2026:07:42:20 +0000] "GET /wp-content/mu-plugins/ HTTP/1.1" 403 6283 "-" "-"
143.244.57.82 - - [04/Jul/2026:07:42:20 +0000] "GET /wp-includes/Text/Diff/Renderer/ HTTP/1.1" 403 6283 "-" "-"
143.244.57.82 - - [04/Jul/2026:07:42:21 +0000] "GET /wp-includes/blocks/ HTTP/1.1" 200 5427 "-" "-"
143.244.57.82 - - [04/Jul/2026:07:42:21 +0000] "GET /wp-includes/certificates/ HTTP/1.1" 403 6283 "-" "-"
143.244.57.82 - - [04/Jul/2026:07:42:22 +0000] "GET /wp-includes/customize/ HTTP/1.1" 403 6283 "-" "-"
143.244.57.82 - - [04/Jul/2026:07:42:22 +0000] "GET /wp-includes/fonts/ HTTP/1.1" 403 6283 "-" "-"
143.244.57.82 - - [04/Jul/2026:07:42:22 +0000] "GET /wp-includes/images/ HTTP/1.1" 403 6283 "-" "-"
143.244.57.82 - - [04/Jul/2026:07:42:23 +0000] "GET /.well-known/ HTTP/1.1" 403 6283 "-" "-"
143.244.57.82 - - [04/Jul/2026:07:42:23 +0000] "GET /ALFA_DATA/ HTTP/1.1" 404 126867 "-" "-"
143.244.57.82 - - [04/Jul/2026:07:42:24 +0000] "GET /.well-knownold/ HTTP/1.1" 404 126872 "-" "-"
66.249.79.195 - - [04/Jul/2026:07:42:25 +0000] "GET /robots.txt HTTP/1.1" 200 5871 "-" "Mozilla/5.0 (compatible; Googlebot/2.1; +http://www.google.com/bot.html)"
143.244.57.82 - - [04/Jul/2026:07:42:26 +0000] "GET /cgi-bin/ HTTP/1.1" 403 6283 "-" "-"
66.249.79.193 - - [04/Jul/2026:07:42:25 +0000] "GET /properties/216498-Residential-Income-Marshall-Texas-75670-USD390-000/ HTTP/1.1" 200 41922 "-" "Mozilla/5.0 (Linux; Android 6.0.1; Nexus 5X Build/MMB29P) AppleWebKit/537.36 (KHTML, like Gecko) Chrome/150.0.7871.46 Mobile Safari/537.36 (compatible; Googlebot/2.1; +http://www.google.com/bot.html)"
143.244.57.82 - - [04/Jul/2026:07:42:26 +0000] "GET /index/ HTTP/1.1" 404 126863 "-" "-"
143.244.57.82 - - [04/Jul/2026:07:42:27 +0000] "GET /id/ HTTP/1.1" 404 126855 "-" "-"
143.244.57.82 - - [04/Jul/2026:07:42:28 +0000] "GET /www/ HTTP/1.1" 404 126861 "-" "-"
143.244.57.82 - - [04/Jul/2026:07:42:29 +0000] "GET /web/ HTTP/1.1" 404 126861 "-" "-"
143.244.57.82 - - [04/Jul/2026:07:42:30 +0000] "GET /uploads/ HTTP/1.1" 404 126865 "-" "-"
103.255.67.221 - - [04/Jul/2026:07:42:30 +0000] "GET /properties/200095-Residential-Murphy-Texas-75094-4-Bedrooms-2-Bathrooms-USD549-900/ HTTP/1.1" 200 46603 "-" "Mozilla/5.0 (Windows NT 6.1) AppleWebKit/537.36 (KHTML, like Gecko) Chrome/68.0.3440.84 Safari/537.36"
143.244.57.82 - - [04/Jul/2026:07:42:31 +0000] "GET /upload/ HTTP/1.1" 404 126864 "-" "-"
143.244.57.82 - - [04/Jul/2026:07:42:32 +0000] "GET /admin/uploads/ HTTP/1.1" 404 126871 "-" "-"
143.244.57.82 - - [04/Jul/2026:07:42:33 +0000] "GET /Admin/uploads/ HTTP/1.1" 404 126871 "-" "-"
143.244.57.82 - - [04/Jul/2026:07:42:34 +0000] "GET /admin/ HTTP/1.1" 302 5703 "-" "-"
143.244.57.82 - - [04/Jul/2026:07:42:34 +0000] "GET /wp-admin/ HTTP/1.1" 302 5703 "-" "-"
143.244.57.82 - - [04/Jul/2026:07:42:37 +0000] "GET /images/ HTTP/1.1" 404 126864 "-" "-"
143.244.57.82 - - [04/Jul/2026:07:42:38 +0000] "GET /assets/ HTTP/1.1" 404 126864 "-" "-"
143.244.57.82 - - [04/Jul/2026:07:42:39 +0000] "GET /vendor/phpunit/phpunit/src/Util/PHP/ HTTP/1.1" 404 126894 "-" "-"
143.244.57.82 - - [04/Jul/2026:07:42:40 +0000] "GET /upload/image/ HTTP/1.1" 404 126870 "-" "-"
143.244.57.82 - - [04/Jul/2026:07:42:41 +0000] "GET /assets/images/ HTTP/1.1" 404 126871 "-" "-"
143.244.57.82 - - [04/Jul/2026:07:42:42 +0000] "GET /Public/ HTTP/1.1" 404 126864 "-" "-"
143.244.57.82 - - [04/Jul/2026:07:42:43 +0000] "GET /vendor/ HTTP/1.1" 404 126864 "-" "-"
143.244.57.82 - - [04/Jul/2026:07:42:44 +0000] "GET /local/ HTTP/1.1" 404 126863 "-" "-"
143.244.57.82 - - [04/Jul/2026:07:42:45 +0000] "GET /modules/ HTTP/1.1" 404 126865 "-" "-"
216.73.216.240 - - [04/Jul/2026:07:42:46 +0000] "GET /wp-content/uploads/WPL/qrcode/qr_35aa1755aeef7ed4319fae39424b0ba4.png HTTP/1.1" 200 6032 "-" "Mozilla/5.0 AppleWebKit/537.36 (KHTML, like Gecko; compatible; ClaudeBot/1.0; +claudebot@anthropic.com)"
102.135.170.99 - - [04/Jul/2026:07:42:45 +0000] "GET /properties/features/pdf/?pid=222937 HTTP/1.1" 200 11110 "-" "Mozilla/5.0 (Windows NT 6.1; Win64; x64) AppleWebKit/537.36 (KHTML, like Gecko) Chrome/86.0.4240.75 Safari/537.36"
143.244.57.82 - - [04/Jul/2026:07:42:46 +0000] "GET /Site/ HTTP/1.1" 404 126862 "-" "-"
143.244.57.82 - - [04/Jul/2026:07:42:47 +0000] "GET /system/ HTTP/1.1" 404 126864 "-" "-"
143.244.57.82 - - [04/Jul/2026:07:42:48 +0000] "GET /template/ HTTP/1.1" 404 126866 "-" "-"
143.244.57.82 - - [04/Jul/2026:07:42:49 +0000] "GET /shop/ HTTP/1.1" 404 126862 "-" "-"
143.244.57.82 - - [04/Jul/2026:07:42:49 +0000] "GET /files/ HTTP/1.1" 404 126863 "-" "-"
143.244.57.82 - - [04/Jul/2026:07:42:50 +0000] "GET /admin/editor/ HTTP/1.1" 404 126870 "-" "-"
143.244.57.82 - - [04/Jul/2026:07:42:51 +0000] "GET /include/ HTTP/1.1" 404 126865 "-" "-"
143.244.57.82 - - [04/Jul/2026:07:42:52 +0000] "GET /Assets/ HTTP/1.1" 404 126864 "-" "-"
143.244.57.82 - - [04/Jul/2026:07:42:53 +0000] "GET /images/stories/ HTTP/1.1" 404 126872 "-" "-"
143.244.57.82 - - [04/Jul/2026:07:42:54 +0000] "GET /plugins/ HTTP/1.1" 404 126865 "-" "-"
143.244.57.82 - - [04/Jul/2026:07:42:55 +0000] "GET /php/ HTTP/1.1" 404 126861 "-" "-"
143.244.57.82 - - [04/Jul/2026:07:42:56 +0000] "GET /wp-admin/css/ HTTP/1.1" 403 6283 "-" "-"
143.244.57.82 - - [04/Jul/2026:07:42:56 +0000] "GET /wp-content/themes/twentytwenty/ HTTP/1.1" 404 126889 "-" "-"
41.139.211.129 - - [04/Jul/2026:07:42:56 +0000] "GET /properties/216649-Residential-Murphy-Texas-75094-5-Bedrooms-3-Bathrooms-USD689-000/ HTTP/1.1" 200 46361 "-" "Mozilla/5.0 (Windows NT 6.2; Win64; x64) AppleWebKit/537.36 (KHTML, like Gecko) Chrome/32.0.1667.0 Safari/537.36"
143.244.57.82 - - [04/Jul/2026:07:42:57 +0000] "GET /wp-content/cache/ HTTP/1.1" 200 5500 "-" "-"
143.244.57.82 - - [04/Jul/2026:07:42:57 +0000] "GET /wp-admin/maint/ HTTP/1.1" 403 6283 "-" "-"
143.244.57.82 - - [04/Jul/2026:07:42:58 +0000] "GET /wp-content/plugins/akismet/ HTTP/1.1" 403 6283 "-" "-"
143.244.57.82 - - [04/Jul/2026:07:42:58 +0000] "GET /wp-includes/assets/ HTTP/1.1" 403 6283 "-" "-"
143.244.57.82 - - [04/Jul/2026:07:42:58 +0000] "GET /wp-includes/block-patterns/ HTTP/1.1" 403 6283 "-" "-"
143.244.57.82 - - [04/Jul/2026:07:42:59 +0000] "GET /wp-includes/block-supports/ HTTP/1.1" 403 6283 "-" "-"
143.244.57.82 - - [04/Jul/2026:07:43:00 +0000] "GET /wp-includes/html-api/ HTTP/1.1" 403 6283 "-" "-"
143.244.57.82 - - [04/Jul/2026:07:43:00 +0000] "GET /wp-includes/js/ HTTP/1.1" 403 6283 "-" "-"
143.244.57.82 - - [04/Jul/2026:07:43:00 +0000] "GET /wp-includes/php-compat/ HTTP/1.1" 403 6283 "-" "-"
143.244.57.82 - - [04/Jul/2026:07:43:01 +0000] "GET /wp-includes/PHPMailer/ HTTP/1.1" 403 6283 "-" "-"
143.244.57.82 - - [04/Jul/2026:07:43:02 +0000] "GET /wp-includes/pomo/ HTTP/1.1" 403 6283 "-" "-"
143.244.57.82 - - [04/Jul/2026:07:43:02 +0000] "GET /wp-includes/random_compat/ HTTP/1.1" 404 126883 "-" "-"
143.244.57.82 - - [04/Jul/2026:07:43:03 +0000] "GET /wp-includes/rest-api/ HTTP/1.1" 403 6283 "-" "-"
143.244.57.82 - - [04/Jul/2026:07:43:04 +0000] "GET /wp-includes/sitemaps/ HTTP/1.1" 403 6283 "-" "-"
143.244.57.82 - - [04/Jul/2026:07:43:04 +0000] "GET /wp-includes/sodium_compat/ HTTP/1.1" 403 6283 "-" "-"
143.244.57.82 - - [04/Jul/2026:07:43:05 +0000] "GET /wp-includes/style-engine/ HTTP/1.1" 403 6283 "-" "-"
143.244.57.82 - - [04/Jul/2026:07:43:05 +0000] "GET /wp-includes/theme-compat/ HTTP/1.1" 403 6283 "-" "-"
143.244.57.82 - - [04/Jul/2026:07:43:05 +0000] "GET /wp-includes/widgets/ HTTP/1.1" 403 6283 "-" "-"
143.244.57.82 - - [04/Jul/2026:07:43:06 +0000] "GET /wp-admin/css/colors/ectoplasm/ HTTP/1.1" 403 6283 "-" "-"
143.244.57.82 - - [04/Jul/2026:07:43:06 +0000] "GET /wp-admin/css/colors/ HTTP/1.1" 403 6283 "-" "-"
216.73.216.240 - - [04/Jul/2026:07:43:06 +0000] "GET /wp-content/uploads/WPL/qrcode/qr_2ee4212b52ce403b0bd6ae24d9124795.png HTTP/1.1" 200 6039 "-" "Mozilla/5.0 AppleWebKit/537.36 (KHTML, like Gecko; compatible; ClaudeBot/1.0; +claudebot@anthropic.com)"
143.244.57.82 - - [04/Jul/2026:07:43:07 +0000] "GET /admin/images/slider/ HTTP/1.1" 404 126878 "-" "-"
143.244.57.82 - - [04/Jul/2026:07:43:08 +0000] "GET /admin/fckeditor/editor/filemanager/ HTTP/1.1" 404 126893 "-" "-"
143.244.57.82 - - [04/Jul/2026:07:43:09 +0000] "GET /sites/default/files/ HTTP/1.1" 404 126878 "-" "-"
143.244.57.82 - - [04/Jul/2026:07:43:10 +0000] "GET /admin/controller/extension/extension/ HTTP/1.1" 404 126895 "-" "-"
143.244.57.82 - - [04/Jul/2026:07:43:11 +0000] "GET /modules/mod_simplefileuploadv1.3/elements/ HTTP/1.1" 404 126895 "-" "-"
143.244.57.82 - - [04/Jul/2026:07:43:12 +0000] "GET /components/ HTTP/1.1" 404 126863 "-" "-"
143.244.57.82 - - [04/Jul/2026:07:43:12 +0000] "GET /admin/uploads/images/ HTTP/1.1" 404 126879 "-" "-"
143.244.57.82 - - [04/Jul/2026:07:43:13 +0000] "GET /wp-content/plugins/classic-editor/ HTTP/1.1" 403 6283 "-" "-"
143.244.57.82 - - [04/Jul/2026:07:43:14 +0000] "GET /wp-content/fonts/ HTTP/1.1" 404 126874 "-" "-"
143.244.57.82 - - [04/Jul/2026:07:43:15 +0000] "GET /wp-content/plugins/contact-form-7/admin/js/ HTTP/1.1" 404 126901 "-" "-"
143.244.57.82 - - [04/Jul/2026:07:43:15 +0000] "GET /wp-content/plugins/contact-form-7/ HTTP/1.1" 403 6283 "-" "-"
143.244.57.82 - - [04/Jul/2026:07:43:16 +0000] "GET /wordpress/ HTTP/1.1" 404 126867 "-" "-"
143.244.57.82 - - [04/Jul/2026:07:43:17 +0000] "GET /wp-admin/images/ HTTP/1.1" 403 6283 "-" "-"
143.244.57.82 - - [04/Jul/2026:07:43:17 +0000] "GET /wp-content/plugins/wordpress-seo/js/dist/ HTTP/1.1" 403 6283 "-" "-"
143.244.57.82 - - [04/Jul/2026:07:43:18 +0000] "GET /wp-content/plugins/wordpress-seo/ HTTP/1.1" 200 5425 "-" "-"
143.244.57.82 - - [04/Jul/2026:07:43:18 +0000] "GET /js/ HTTP/1.1" 404 126855 "-" "-"
143.244.57.82 - - [04/Jul/2026:07:43:19 +0000] "GET /wp-content/plugins/woocommerce/assets/js/ HTTP/1.1" 404 126899 "-" "-"
143.244.57.82 - - [04/Jul/2026:07:43:20 +0000] "GET /wp-content/plugins/woocommerce/ HTTP/1.1" 404 126889 "-" "-"
143.244.57.82 - - [04/Jul/2026:07:43:21 +0000] "GET /wp-admin/meta/ HTTP/1.1" 404 126871 "-" "-"
143.244.57.82 - - [04/Jul/2026:07:43:22 +0000] "GET /wp-admin/network/ HTTP/1.1" 302 5713 "-" "-"
143.244.57.82 - - [04/Jul/2026:07:43:23 +0000] "GET /wp-admin/user/ HTTP/1.1" 302 5710 "-" "-"
143.244.57.82 - - [04/Jul/2026:07:43:24 +0000] "GET /wp-content/ HTTP/1.1" 200 5425 "-" "-"
143.244.57.82 - - [04/Jul/2026:07:43:25 +0000] "GET /wp-content/plugins/ HTTP/1.1" 200 5425 "-" "-"
143.244.57.82 - - [04/Jul/2026:07:43:25 +0000] "GET /wp-content/themes/ HTTP/1.1" 200 5425 "-" "-"
143.244.57.82 - - [04/Jul/2026:07:43:25 +0000] "GET /wp-admin/includes/ HTTP/1.1" 403 6283 "-" "-"
143.244.57.82 - - [04/Jul/2026:07:43:26 +0000] "GET /wp-admin/ HTTP/1.1" 302 5703 "-" "-"
143.244.57.82 - - [04/Jul/2026:07:43:27 +0000] "GET /wp-content/upgrade/ HTTP/1.1" 403 6283 "-" "-"
183.80.215.134 - - [04/Jul/2026:07:43:54 +0000] "GET /properties/192195-Residential-Plano-Texas-75074-5-Bedrooms-4-Bathrooms-USD790-000/ HTTP/1.1" 200 46859 "-" "Mozilla/5.0 (Macintosh; Intel Mac OS X 10_15_3) AppleWebKit/537.36 (KHTML, like Gecko) Chrome/80.0.3987.132 Safari/537.36\tChrome Generic"
105.113.112.155 - - [04/Jul/2026:07:44:03 +0000] "GET /properties/features/pdf/?pid=216266 HTTP/1.1" 200 11091 "-" "Mozilla/5.0 (Macintosh; Intel Mac OS X 10_14_6) AppleWebKit/537.36 (KHTML, like Gecko) Chrome/80.0.3987.132 Safari/537.36"
216.73.216.240 - - [04/Jul/2026:07:44:06 +0000] "GET /wp-content/uploads/WPL/qrcode/qr_3865bbbb51da9c9d74bc446fdddd302f.png HTTP/1.1" 200 6035 "-" "Mozilla/5.0 AppleWebKit/537.36 (KHTML, like Gecko; compatible; ClaudeBot/1.0; +claudebot@anthropic.com)"
216.73.216.240 - - [04/Jul/2026:07:44:10 +0000] "GET /wp-content/uploads/WPL/qrcode/qr_27221d4d143abba56574249e725eaa8c.png HTTP/1.1" 200 6030 "-" "Mozilla/5.0 AppleWebKit/537.36 (KHTML, like Gecko; compatible; ClaudeBot/1.0; +claudebot@anthropic.com)"
216.73.216.240 - - [04/Jul/2026:07:44:43 +0000] "GET /wp-content/uploads/WPL/qrcode/qr_c18cb9dc54226a63bd9a9d8ad8154214.png HTTP/1.1" 200 5972 "-" "Mozilla/5.0 AppleWebKit/537.36 (KHTML, like Gecko; compatible; ClaudeBot/1.0; +claudebot@anthropic.com)"
216.73.216.240 - - [04/Jul/2026:07:44:44 +0000] "GET /wp-content/uploads/WPL/qrcode/qr_63c37fd3f63785b7277d576bb9ed128b.png HTTP/1.1" 200 6031 "-" "Mozilla/5.0 AppleWebKit/537.36 (KHTML, like Gecko; compatible; ClaudeBot/1.0; +claudebot@anthropic.com)"
52.5.142.182 - - [04/Jul/2026:07:45:28 +0000] "GET /?rets_import_cron_job=1&time=1783151128 HTTP/1.1" 200 5425 "-" "Wget/1.14 (linux-gnu)"
190.80.24.165 - - [04/Jul/2026:07:45:56 +0000] "GET /properties/224593-Residential-Richardson-Texas-75080-4-Bedrooms-3-Bathrooms-USD765-500/ HTTP/1.1" 200 45150 "-" "Mozilla/5.0 (Windows NT 10.0; Win64; x64) AppleWebKit/537.36 (KHTML, like Gecko) Brave Chrome/84.0.4147.89 Safari/537.36"
216.73.216.240 - - [04/Jul/2026:07:45:57 +0000] "GET /wp-content/uploads/WPL/qrcode/qr_e2badc6a77fa548459f51d2ee898db23.png HTTP/1.1" 200 5971 "-" "Mozilla/5.0 AppleWebKit/537.36 (KHTML, like Gecko; compatible; ClaudeBot/1.0; +claudebot@anthropic.com)"
216.73.216.240 - - [04/Jul/2026:07:45:57 +0000] "GET /properties/?wplpage=681 HTTP/1.1" 200 39309 "-" "Mozilla/5.0 AppleWebKit/537.36 (KHTML, like Gecko; compatible; ClaudeBot/1.0; +claudebot@anthropic.com)"
216.73.216.240 - - [04/Jul/2026:07:46:17 +0000] "GET /wp-content/uploads/WPL/qrcode/qr_5917a98475b37f9a09304952cbff2a2b.png HTTP/1.1" 200 6037 "-" "Mozilla/5.0 AppleWebKit/537.36 (KHTML, like Gecko; compatible; ClaudeBot/1.0; +claudebot@anthropic.com)"
216.73.216.240 - - [04/Jul/2026:07:46:18 +0000] "GET /wp-content/uploads/WPL/qrcode/qr_0dc769a9d887b3c7c5ccbf59855e173c.png HTTP/1.1" 200 5972 "-" "Mozilla/5.0 AppleWebKit/537.36 (KHTML, like Gecko; compatible; ClaudeBot/1.0; +claudebot@anthropic.com)"
216.73.216.240 - - [04/Jul/2026:07:46:33 +0000] "GET /wp-content/uploads/WPL/qrcode/qr_1b4cda6f93bd53a3e72bd255a1f3d85f.png HTTP/1.1" 200 5970 "-" "Mozilla/5.0 AppleWebKit/537.36 (KHTML, like Gecko; compatible; ClaudeBot/1.0; +claudebot@anthropic.com)"
103.122.251.106 - - [04/Jul/2026:07:46:37 +0000] "GET /properties/features/pdf/?pid=222359 HTTP/1.1" 200 11169 "-" "Mozilla/5.0 (Macintosh; Intel Mac OS X 11_1_0) AppleWebKit/537.36 (KHTML, like Gecko) Chrome/87.0.4280.88 Safari/537.36 FS"
216.73.216.240 - - [04/Jul/2026:07:46:53 +0000] "GET /wp-content/uploads/WPL/qrcode/qr_1553c9255154bb53f89bb531b20148f0.png HTTP/1.1" 200 6036 "-" "Mozilla/5.0 AppleWebKit/537.36 (KHTML, like Gecko; compatible; ClaudeBot/1.0; +claudebot@anthropic.com)"
216.73.216.240 - - [04/Jul/2026:07:47:02 +0000] "GET /properties/96132-Commercial-Lease-Pilot-Point-Texas-76258-USD2-933/ HTTP/1.1" 200 40685 "-" "Mozilla/5.0 AppleWebKit/537.36 (KHTML, like Gecko; compatible; ClaudeBot/1.0; +claudebot@anthropic.com)"
216.73.216.240 - - [04/Jul/2026:07:47:29 +0000] "GET /properties/94221-Residential-Lease-Dallas-Texas-75219-1-Bedroom-1-Bathroom-USD3-900/ HTTP/1.1" 200 41784 "-" "Mozilla/5.0 AppleWebKit/537.36 (KHTML, like Gecko; compatible; ClaudeBot/1.0; +claudebot@anthropic.com)"
216.73.216.240 - - [04/Jul/2026:07:47:56 +0000] "GET /properties/94490-Residential-Lease-Fort-Worth-Texas-76108-4-Bedrooms-2-Bathrooms-USD2-395/ HTTP/1.1" 200 43738 "-" "Mozilla/5.0 AppleWebKit/537.36 (KHTML, like Gecko; compatible; ClaudeBot/1.0; +claudebot@anthropic.com)"
216.73.216.240 - - [04/Jul/2026:07:48:01 +0000] "GET /properties/94226-Residential-Lease-Fort-Worth-Texas-76108-3-Bedrooms-2-Bathrooms-USD2-495/ HTTP/1.1" 200 43593 "-" "Mozilla/5.0 AppleWebKit/537.36 (KHTML, like Gecko; compatible; ClaudeBot/1.0; +claudebot@anthropic.com)"
216.73.216.240 - - [04/Jul/2026:07:48:09 +0000] "GET /properties/95462-Residential-Lease-Frisco-Texas-75033-3-Bedrooms-2-Bathrooms-USD3-500/ HTTP/1.1" 200 42612 "-" "Mozilla/5.0 AppleWebKit/537.36 (KHTML, like Gecko; compatible; ClaudeBot/1.0; +claudebot@anthropic.com)"
216.73.216.240 - - [04/Jul/2026:07:48:24 +0000] "GET /properties/94463-Residential-Lease-University-Park-Texas-75205-2-Bedrooms-2-Bathrooms-USD3-500/ HTTP/1.1" 200 41621 "-" "Mozilla/5.0 AppleWebKit/537.36 (KHTML, like Gecko; compatible; ClaudeBot/1.0; +claudebot@anthropic.com)"
216.73.216.240 - - [04/Jul/2026:07:48:30 +0000] "GET /properties/94569-Residential-Lease-Garland-Texas-75040-3-Bedrooms-2-Bathrooms-USD2-450/ HTTP/1.1" 200 41650 "-" "Mozilla/5.0 AppleWebKit/537.36 (KHTML, like Gecko; compatible; ClaudeBot/1.0; +claudebot@anthropic.com)"
5.107.189.239 - - [04/Jul/2026:07:48:31 +0000] "GET /properties/features/pdf/?pid=214827 HTTP/1.1" 200 10991 "-" "Mozilla/5.0 (Windows NT 6.1) AppleWebKit/537.36 (KHTML, like Gecko) Chrome/95.0.4638.69 Safari/537.36"
187.245.76.120 - - [04/Jul/2026:07:48:41 +0000] "GET /properties/features/pdf/?pid=224457 HTTP/1.1" 200 11141 "-" "Mozilla/5.0 (Windows NT 6.1; Win64; x64) AppleWebKit/537.36 (KHTML, like Gecko) Chrome/64.0.3282.24 Safari/537.36"
216.73.216.240 - - [04/Jul/2026:07:49:04 +0000] "GET /properties/95757-Residential-Lease-Mckinney-Texas-75071-3-Bedrooms-2-Bathrooms-USD2-385/ HTTP/1.1" 200 43211 "-" "Mozilla/5.0 AppleWebKit/537.36 (KHTML, like Gecko; compatible; ClaudeBot/1.0; +claudebot@anthropic.com)"
216.73.216.240 - - [04/Jul/2026:07:49:05 +0000] "GET /properties/94150-Residential-Lease-Southlake-Texas-76092-2-Bedrooms-2-Bathrooms-USD2-500/ HTTP/1.1" 200 42132 "-" "Mozilla/5.0 AppleWebKit/537.36 (KHTML, like Gecko; compatible; ClaudeBot/1.0; +claudebot@anthropic.com)"
216.73.216.240 - - [04/Jul/2026:07:49:14 +0000] "GET /properties/95119-Residential-Lease-Mckinney-Texas-75071-3-Bedrooms-2-Bathrooms-USD2-295/ HTTP/1.1" 200 43081 "-" "Mozilla/5.0 AppleWebKit/537.36 (KHTML, like Gecko; compatible; ClaudeBot/1.0; +claudebot@anthropic.com)"
190.108.77.124 - - [04/Jul/2026:07:49:19 +0000] "GET /properties/219134-Residential-Granbury-Texas-76048-3-Bedrooms-2-Bathrooms-USD469-500/ HTTP/1.1" 200 47306 "-" "Mozilla/5.0 (Windows NT 6.1; Win64; x64) AppleWebKit/537.36 (KHTML, like Gecko) Chrome/84.0.4147.135 Safari/537.36"
51.222.168.37 - - [04/Jul/2026:07:49:29 +0000] "GET /sitemap_index.xml HTTP/1.1" 200 6046 "-" "Mozilla/5.0 (compatible; AhrefsBot/7.0; +http://ahrefs.com/robot/)"
216.73.216.240 - - [04/Jul/2026:07:49:50 +0000] "GET /properties/93415-Residential-Lease-Fort-Worth-Texas-76119-3-Bedrooms-1-Bathroom-USD1-750/ HTTP/1.1" 200 40945 "-" "Mozilla/5.0 AppleWebKit/537.36 (KHTML, like Gecko; compatible; ClaudeBot/1.0; +claudebot@anthropic.com)"
51.161.37.27 - - [04/Jul/2026:07:50:01 +0000] "GET /post-sitemap.xml HTTP/1.1" 200 7279 "-" "Mozilla/5.0 (compatible; AhrefsBot/7.0; +http://ahrefs.com/robot/)"
216.73.216.240 - - [04/Jul/2026:07:50:01 +0000] "GET /properties/93316-Residential-Lease-De-Cordova-Texas-76049-3-Bedrooms-2-Bathrooms-USD3-500/ HTTP/1.1" 200 43921 "-" "Mozilla/5.0 AppleWebKit/537.36 (KHTML, like Gecko; compatible; ClaudeBot/1.0; +claudebot@anthropic.com)"
51.161.37.145 - - [04/Jul/2026:07:50:02 +0000] "GET /page-sitemap.xml HTTP/1.1" 200 7156 "-" "Mozilla/5.0 (compatible; AhrefsBot/7.0; +http://ahrefs.com/robot/)"
15.235.27.213 - - [04/Jul/2026:07:50:04 +0000] "GET /portfolio-sitemap.xml HTTP/1.1" 200 6194 "-" "Mozilla/5.0 (compatible; AhrefsBot/7.0; +http://ahrefs.com/robot/)"
54.39.203.173 - - [04/Jul/2026:07:50:06 +0000] "GET /category-sitemap.xml HTTP/1.1" 200 6087 "-" "Mozilla/5.0 (compatible; AhrefsBot/7.0; +http://ahrefs.com/robot/)"
54.39.203.150 - - [04/Jul/2026:07:50:07 +0000] "GET /portfolio-types-sitemap.xml HTTP/1.1" 200 6049 "-" "Mozilla/5.0 (compatible; AhrefsBot/7.0; +http://ahrefs.com/robot/)"
148.113.128.215 - - [04/Jul/2026:07:50:08 +0000] "GET /author-sitemap.xml HTTP/1.1" 200 6044 "-" "Mozilla/5.0 (compatible; AhrefsBot/7.0; +http://ahrefs.com/robot/)"
212.146.164.136 - - [04/Jul/2026:07:50:19 +0000] "GET /properties/features/pdf/?pid=136587 HTTP/1.1" 200 11066 "-" "Mozilla/5.0 (Macintosh; Intel Mac OS X 10_15_5) AppleWebKit/537.36 (KHTML, like Gecko) Chrome/96.0.4664.110 Safari/537.36"
52.5.142.182 - - [04/Jul/2026:07:50:32 +0000] "GET /?rets_import_cron_job=1&time=1783151431 HTTP/1.1" 200 5425 "-" "Wget/1.14 (linux-gnu)"
216.73.216.240 - - [04/Jul/2026:07:50:33 +0000] "GET /properties/features/pdf/?pid=97676 HTTP/1.1" 200 10871 "-" "Mozilla/5.0 AppleWebKit/537.36 (KHTML, like Gecko; compatible; ClaudeBot/1.0; +claudebot@anthropic.com)"
216.73.216.240 - - [04/Jul/2026:07:50:33 +0000] "GET /properties/features/pdf/?pid=98708 HTTP/1.1" 200 10920 "-" "Mozilla/5.0 AppleWebKit/537.36 (KHTML, like Gecko; compatible; ClaudeBot/1.0; +claudebot@anthropic.com)"
216.73.216.240 - - [04/Jul/2026:07:50:33 +0000] "GET /properties/features/pdf/?pid=97650 HTTP/1.1" 200 10962 "-" "Mozilla/5.0 AppleWebKit/537.36 (KHTML, like Gecko; compatible; ClaudeBot/1.0; +claudebot@anthropic.com)"
66.249.79.194 - - [04/Jul/2026:07:51:32 +0000] "GET /robots.txt HTTP/1.1" 200 5871 "-" "Mozilla/5.0 (compatible; Googlebot/2.1; +http://www.google.com/bot.html)"
66.249.79.194 - - [04/Jul/2026:07:51:32 +0000] "GET /properties/213987-Residential-Income-Greenville-Texas-75401-5-Bedrooms-3-Bathrooms-USD289-999/ HTTP/1.1" 200 43783 "-" "Mozilla/5.0 (Linux; Android 6.0.1; Nexus 5X Build/MMB29P) AppleWebKit/537.36 (KHTML, like Gecko) Chrome/150.0.7871.46 Mobile Safari/537.36 (compatible; GoogleOther)"
66.249.79.195 - - [04/Jul/2026:07:51:35 +0000] "POST /properties/213987-Residential-Income-Greenville-Texas-75401-5-Bedrooms-3-Bathrooms-USD289-999/ HTTP/1.1" 200 5602 "https://www.agenttango.com/properties/213987-Residential-Income-Greenville-Texas-75401-5-Bedrooms-3-Bathrooms-USD289-999/" "Mozilla/5.0 (Linux; Android 6.0.1; Nexus 5X Build/MMB29P) AppleWebKit/537.36 (KHTML, like Gecko) Chrome/150.0.7871.46 Mobile Safari/537.36 (compatible; GoogleOther)"
216.73.216.240 - - [04/Jul/2026:07:51:36 +0000] "GET /robots.txt HTTP/1.1" 200 5871 "-" "Mozilla/5.0 AppleWebKit/537.36 (KHTML, like Gecko; compatible; ClaudeBot/1.0; +claudebot@anthropic.com)"
216.73.216.240 - - [04/Jul/2026:07:51:36 +0000] "GET /properties/features/pdf/?pid=98171 HTTP/1.1" 200 10781 "-" "Mozilla/5.0 AppleWebKit/537.36 (KHTML, like Gecko; compatible; ClaudeBot/1.0; +claudebot@anthropic.com)"
216.73.216.240 - - [04/Jul/2026:07:51:37 +0000] "GET /properties/features/pdf/?pid=96509 HTTP/1.1" 200 11008 "-" "Mozilla/5.0 AppleWebKit/537.36 (KHTML, like Gecko; compatible; ClaudeBot/1.0; +claudebot@anthropic.com)"
216.73.216.240 - - [04/Jul/2026:07:51:37 +0000] "GET /properties/features/pdf/?pid=99519 HTTP/1.1" 200 10974 "-" "Mozilla/5.0 AppleWebKit/537.36 (KHTML, like Gecko; compatible; ClaudeBot/1.0; +claudebot@anthropic.com)"
216.73.216.240 - - [04/Jul/2026:07:51:56 +0000] "GET /properties/features/pdf/?pid=96519 HTTP/1.1" 200 10925 "-" "Mozilla/5.0 AppleWebKit/537.36 (KHTML, like Gecko; compatible; ClaudeBot/1.0; +claudebot@anthropic.com)"
216.73.216.240 - - [04/Jul/2026:07:51:56 +0000] "GET /properties/features/pdf/?pid=97420 HTTP/1.1" 200 10966 "-" "Mozilla/5.0 AppleWebKit/537.36 (KHTML, like Gecko; compatible; ClaudeBot/1.0; +claudebot@anthropic.com)"
216.73.216.240 - - [04/Jul/2026:07:51:57 +0000] "GET /properties/features/pdf/?pid=98630 HTTP/1.1" 200 10862 "-" "Mozilla/5.0 AppleWebKit/537.36 (KHTML, like Gecko; compatible; ClaudeBot/1.0; +claudebot@anthropic.com)"
115.76.116.248 - - [04/Jul/2026:07:51:58 +0000] "GET /properties/features/pdf/?pid=193896 HTTP/1.1" 200 11110 "-" "Mozilla/5.0 (Macintosh; Intel Mac OS X 11_2_0) AppleWebKit/537.36 (KHTML, like Gecko) Brave Chrome/87.0.4280.101 Safari/537.36"
216.73.216.240 - - [04/Jul/2026:07:52:22 +0000] "GET /properties/features/pdf/?pid=98818 HTTP/1.1" 200 10896 "-" "Mozilla/5.0 AppleWebKit/537.36 (KHTML, like Gecko; compatible; ClaudeBot/1.0; +claudebot@anthropic.com)"
216.73.216.240 - - [04/Jul/2026:07:52:22 +0000] "GET /properties/features/pdf/?pid=99527 HTTP/1.1" 200 10970 "-" "Mozilla/5.0 AppleWebKit/537.36 (KHTML, like Gecko; compatible; ClaudeBot/1.0; +claudebot@anthropic.com)"
216.73.216.240 - - [04/Jul/2026:07:52:22 +0000] "GET /properties/features/pdf/?pid=96738 HTTP/1.1" 200 10890 "-" "Mozilla/5.0 AppleWebKit/537.36 (KHTML, like Gecko; compatible; ClaudeBot/1.0; +claudebot@anthropic.com)"
216.73.216.240 - - [04/Jul/2026:07:52:40 +0000] "GET /wp-content/uploads/WPL/qrcode/qr_31053d923c271946930bb8278289258d.png HTTP/1.1" 200 5966 "-" "Mozilla/5.0 AppleWebKit/537.36 (KHTML, like Gecko; compatible; ClaudeBot/1.0; +claudebot@anthropic.com)"
216.73.216.240 - - [04/Jul/2026:07:52:40 +0000] "GET /properties/features/pdf/?pid=210345 HTTP/1.1" 200 11067 "-" "Mozilla/5.0 AppleWebKit/537.36 (KHTML, like Gecko; compatible; ClaudeBot/1.0; +claudebot@anthropic.com)"
216.73.216.240 - - [04/Jul/2026:07:52:40 +0000] "GET /properties/features/pdf/?pid=222136 HTTP/1.1" 200 10985 "-" "Mozilla/5.0 AppleWebKit/537.36 (KHTML, like Gecko; compatible; ClaudeBot/1.0; +claudebot@anthropic.com)"
197.101.118.42 - - [04/Jul/2026:07:53:03 +0000] "GET /properties/features/pdf/?pid=224360 HTTP/1.1" 200 11195 "-" "Mozilla/5.0 (Macintosh; Intel Mac OS X 10_14_6) AppleWebKit/537.36 (KHTML, like Gecko) Chrome/88.0.4324.96 Safari/537.36"
216.73.216.240 - - [04/Jul/2026:07:53:08 +0000] "GET /properties/features/pdf/?pid=103294 HTTP/1.1" 200 11107 "-" "Mozilla/5.0 AppleWebKit/537.36 (KHTML, like Gecko; compatible; ClaudeBot/1.0; +claudebot@anthropic.com)"
216.73.216.240 - - [04/Jul/2026:07:53:09 +0000] "GET /properties/features/pdf/?pid=216693 HTTP/1.1" 200 10991 "-" "Mozilla/5.0 AppleWebKit/537.36 (KHTML, like Gecko; compatible; ClaudeBot/1.0; +claudebot@anthropic.com)"
123.16.236.91 - - [04/Jul/2026:07:53:16 +0000] "GET /properties/211896-Residential-Prosper-Texas-75078-5-Bedrooms-4-Bathrooms-USD969-000/ HTTP/1.1" 200 47548 "-" "Mozilla/5.0 (Windows NT 6.1; WOW64) AppleWebKit/537.36 (KHTML, like Gecko) Chrome/100.0.4896.75 Safari/537.36"
216.73.216.240 - - [04/Jul/2026:07:53:18 +0000] "GET /properties/features/pdf/?pid=172995 HTTP/1.1" 200 11232 "-" "Mozilla/5.0 AppleWebKit/537.36 (KHTML, like Gecko; compatible; ClaudeBot/1.0; +claudebot@anthropic.com)"
216.73.216.240 - - [04/Jul/2026:07:53:19 +0000] "GET /properties/features/pdf/?pid=99247 HTTP/1.1" 200 11079 "-" "Mozilla/5.0 AppleWebKit/537.36 (KHTML, like Gecko; compatible; ClaudeBot/1.0; +claudebot@anthropic.com)"
66.249.79.195 - - [04/Jul/2026:07:53:28 +0000] "GET /robots.txt HTTP/1.1" 200 5871 "-" "Mozilla/5.0 (compatible; Googlebot/2.1; +http://www.google.com/bot.html)"
66.249.79.195 - - [04/Jul/2026:07:53:28 +0000] "GET /properties/214023-Residential-Income-Fort-Worth-Texas-76110-6-Bedrooms-4-Bathrooms-USD342-000/ HTTP/1.1" 200 41545 "-" "Mozilla/5.0 (Linux; Android 6.0.1; Nexus 5X Build/MMB29P) AppleWebKit/537.36 (KHTML, like Gecko) Chrome/150.0.7871.46 Mobile Safari/537.36 (compatible; GoogleOther)"
