216.73.216.240 - - [04/Jul/2026:12:00:29 +0000] "GET /properties/225013-Residential-Shreveport-Louisiana-71109-3-Bedrooms-1-Bathroom-USD48-443/ HTTP/1.1" 200 39279 "-" "Mozilla/5.0 AppleWebKit/537.36 (KHTML, like Gecko; compatible; ClaudeBot/1.0; +claudebot@anthropic.com)"
185.104.255.146 - - [04/Jul/2026:12:01:09 +0000] "GET /properties/214392-Residential-Addison-Texas-75254-5-Bedrooms-6-Bathrooms-USD5-850-000/ HTTP/1.1" 200 47384 "-" "Mozilla/5.0 (Macintosh; Intel Mac OS X 10_13_0) AppleWebKit/537.36 (KHTML, like Gecko) Chrome/67.0.3396.5 Safari/537.36"
216.73.216.240 - - [04/Jul/2026:12:01:09 +0000] "GET /properties/225011-Residential-Shreveport-Louisiana-71109-3-Bedrooms-1-Bathroom-USD41-170/ HTTP/1.1" 200 39336 "-" "Mozilla/5.0 AppleWebKit/537.36 (KHTML, like Gecko; compatible; ClaudeBot/1.0; +claudebot@anthropic.com)"
216.73.216.240 - - [04/Jul/2026:12:01:09 +0000] "GET /properties/225004-Residential-Shreveport-Louisiana-71106-3-Bedrooms-1-Bathroom-USD38-754/ HTTP/1.1" 200 39333 "-" "Mozilla/5.0 AppleWebKit/537.36 (KHTML, like Gecko; compatible; ClaudeBot/1.0; +claudebot@anthropic.com)"
216.73.216.240 - - [04/Jul/2026:12:01:16 +0000] "GET /properties/225002-Residential-Shreveport-Louisiana-71108-3-Bedrooms-1-Bathroom-USD54-625/ HTTP/1.1" 200 39342 "-" "Mozilla/5.0 AppleWebKit/537.36 (KHTML, like Gecko; compatible; ClaudeBot/1.0; +claudebot@anthropic.com)"
216.73.216.240 - - [04/Jul/2026:12:01:16 +0000] "GET /properties/225005-Residential-Emhouse-Texas-75110-4-Bedrooms-2-Bathrooms-USD250-000/ HTTP/1.1" 200 42920 "-" "Mozilla/5.0 AppleWebKit/537.36 (KHTML, like Gecko; compatible; ClaudeBot/1.0; +claudebot@anthropic.com)"
190.251.130.69 - - [04/Jul/2026:12:01:23 +0000] "GET /properties/221959-Residential-Income-Kennedale-Texas-76060-2-Bedrooms-2-Bathrooms-USD395-000/ HTTP/1.1" 200 45482 "-" "Mozilla/5.0 (Windows NT 10.0; Win64; x64) AppleWebKit/537.36 (KHTML, like Gecko) Chrome/99.0.4844.84 Safari/537.36"
52.5.142.182 - - [04/Jul/2026:12:01:33 +0000] "GET /?rets_cron_job=1&rets_cron_job_type=offline&time=1783166491 HTTP/1.1" 200 5425 "-" "Wget/1.14 (linux-gnu)"
216.73.216.240 - - [04/Jul/2026:12:02:28 +0000] "GET /properties/features/pdf/?pid=225020 HTTP/1.1" 200 11185 "-" "Mozilla/5.0 AppleWebKit/537.36 (KHTML, like Gecko; compatible; ClaudeBot/1.0; +claudebot@anthropic.com)"
181.88.209.107 - - [04/Jul/2026:12:02:29 +0000] "GET /DFW/melissa-homes-for-sale/?wplpage=1 HTTP/1.1" 200 45681 "-" "Mozilla/5.0 (X11; CrOS i686 4319.74.0) AppleWebKit/537.36 (KHTML, like Gecko) Chrome/29.0.1547.57 Safari/537.36"
14.237.125.32 - - [04/Jul/2026:12:02:30 +0000] "GET /properties/134851-Residential-Garland-Texas-75040-3-Bedrooms-2-Bathrooms-USD350-000/ HTTP/1.1" 200 46307 "-" "Mozilla/5.0 (Macintosh; Intel Mac OS X 11_1_0) AppleWebKit/537.36 (KHTML, like Gecko) Chrome/88.0.4324.150 Safari/537.36"
52.5.142.182 - - [04/Jul/2026:12:02:32 +0000] "GET /?rets_cron_job=1&rets_cron_job_type=offline&time=1783166552 HTTP/1.1" 200 5425 "-" "Wget/1.14 (linux-gnu)"
216.73.216.240 - - [04/Jul/2026:12:03:14 +0000] "GET /wp-content/uploads/WPL/qrcode/qr_dc177e116d3ca81ade958671ad1166c3.png HTTP/1.1" 200 6033 "-" "Mozilla/5.0 AppleWebKit/537.36 (KHTML, like Gecko; compatible; ClaudeBot/1.0; +claudebot@anthropic.com)"
216.73.216.240 - - [04/Jul/2026:12:03:14 +0000] "GET /wp-content/uploads/WPL/qrcode/qr_9cd24f7a21cf451e0b99c12e60fe34df.png HTTP/1.1" 200 6035 "-" "Mozilla/5.0 AppleWebKit/537.36 (KHTML, like Gecko; compatible; ClaudeBot/1.0; +claudebot@anthropic.com)"
144.124.192.140 - - [04/Jul/2026:12:03:15 +0000] "GET /properties/222465-Residential-Melissa-Texas-75454-4-Bedrooms-2-Bathrooms-USD410-000/ HTTP/1.1" 200 44461 "-" "Mozilla/5.0 (Macintosh; Intel Mac OS X 11_2_3) AppleWebKit/537.36 (KHTML, like Gecko) Chrome/87.0.4280.67 Safari/537.36"
52.5.142.182 - - [04/Jul/2026:12:03:28 +0000] "GET /?rets_cron_job=1&rets_cron_job_type=offline&time=1783166607 HTTP/1.1" 200 5425 "-" "Wget/1.14 (linux-gnu)"
216.73.216.240 - - [04/Jul/2026:12:03:33 +0000] "GET /properties/features/pdf/?pid=44224 HTTP/1.1" 200 10887 "-" "Mozilla/5.0 AppleWebKit/537.36 (KHTML, like Gecko; compatible; ClaudeBot/1.0; +claudebot@anthropic.com)"
217.113.194.13 - - [04/Jul/2026:12:04:10 +0000] "GET /robots.txt HTTP/1.1" 200 5871 "-" "Mozilla/5.0 (compatible; Barkrowler/0.9; +https://babbar.tech/crawler)"
66.249.79.195 - - [04/Jul/2026:12:04:11 +0000] "GET /properties/features/pdf/?pid=213227 HTTP/1.1" 200 10964 "-" "Mozilla/5.0 (Linux; Android 6.0.1; Nexus 5X Build/MMB29P) AppleWebKit/537.36 (KHTML, like Gecko) Chrome/150.0.7871.46 Mobile Safari/537.36 (compatible; GoogleOther)"
217.113.194.21 - - [04/Jul/2026:12:04:25 +0000] "GET /contactus/ HTTP/1.1" 200 75033 "-" "Mozilla/5.0 (compatible; Barkrowler/0.9; +https://babbar.tech/crawler)"
52.5.142.182 - - [04/Jul/2026:12:04:32 +0000] "GET /?rets_cron_job=1&rets_cron_job_type=offline&time=1783166671 HTTP/1.1" 200 5425 "-" "Wget/1.14 (linux-gnu)"
66.249.79.194 - - [04/Jul/2026:12:04:38 +0000] "GET /properties/211333-Residential-Income-Cleburne-Texas-76033-10-Bedrooms-7-Bathrooms-USD725-000/ HTTP/1.1" 200 41464 "-" "Mozilla/5.0 (Linux; Android 6.0.1; Nexus 5X Build/MMB29P) AppleWebKit/537.36 (KHTML, like Gecko) Chrome/150.0.7871.46 Mobile Safari/537.36 (compatible; Googlebot/2.1; +http://www.google.com/bot.html)"
216.73.216.240 - - [04/Jul/2026:12:04:43 +0000] "GET /properties/features/pdf/?pid=225018 HTTP/1.1" 200 10724 "-" "Mozilla/5.0 AppleWebKit/537.36 (KHTML, like Gecko; compatible; ClaudeBot/1.0; +claudebot@anthropic.com)"
217.113.194.17 - - [04/Jul/2026:12:04:41 +0000] "GET /?wplpage=10 HTTP/1.1" 200 49985 "-" "Mozilla/5.0 (compatible; Barkrowler/0.9; +https://babbar.tech/crawler)"
216.73.216.240 - - [04/Jul/2026:12:05:01 +0000] "GET /properties/features/pdf/?pid=225021 HTTP/1.1" 200 10375 "-" "Mozilla/5.0 AppleWebKit/537.36 (KHTML, like Gecko; compatible; ClaudeBot/1.0; +claudebot@anthropic.com)"
217.113.194.14 - - [04/Jul/2026:12:05:01 +0000] "GET /category/home-buyers/page/2/ HTTP/1.1" 200 76728 "-" "Mozilla/5.0 (compatible; Barkrowler/0.9; +https://babbar.tech/crawler)"
217.113.194.18 - - [04/Jul/2026:12:05:17 +0000] "GET /wylie-homes-for-sale/ HTTP/1.1" 200 95964 "-" "Mozilla/5.0 (compatible; Barkrowler/0.9; +https://babbar.tech/crawler)"
52.5.142.182 - - [04/Jul/2026:12:05:28 +0000] "GET /?rets_import_cron_job=1&time=1783166727 HTTP/1.1" 200 5425 "-" "Wget/1.14 (linux-gnu)"
52.5.142.182 - - [04/Jul/2026:12:05:28 +0000] "GET /?rets_cron_job=1&rets_cron_job_type=offline&time=1783166727 HTTP/1.1" 200 5425 "-" "Wget/1.14 (linux-gnu)"
217.113.194.19 - - [04/Jul/2026:12:05:33 +0000] "GET /DFW/dallas-homes-for-sale/ HTTP/1.1" 200 45774 "-" "Mozilla/5.0 (compatible; Barkrowler/0.9; +https://babbar.tech/crawler)"
217.113.194.21 - - [04/Jul/2026:12:06:07 +0000] "GET /DFW/melissa-homes-for-sale/ HTTP/1.1" 200 44779 "-" "Mozilla/5.0 (compatible; Barkrowler/0.9; +https://babbar.tech/crawler)"
82.199.215.0 - - [04/Jul/2026:12:06:11 +0000] "GET /properties/223225-Residential-Little-Elm-Texas-75068-4-Bedrooms-2-Bathrooms-USD500-000/ HTTP/1.1" 200 47313 "-" "Mozilla/5.0 (Macintosh; Intel Mac OS X 10_15_7) AppleWebKit/537.36 (KHTML, like Gecko) Chrome/101.0.4951.64 Safari/537.36"
216.73.216.240 - - [04/Jul/2026:12:06:12 +0000] "GET /properties/features/pdf/?pid=225017 HTTP/1.1" 200 10774 "-" "Mozilla/5.0 AppleWebKit/537.36 (KHTML, like Gecko; compatible; ClaudeBot/1.0; +claudebot@anthropic.com)"
216.73.216.240 - - [04/Jul/2026:12:06:13 +0000] "GET /properties/features/pdf/?pid=225014 HTTP/1.1" 200 10721 "-" "Mozilla/5.0 AppleWebKit/537.36 (KHTML, like Gecko; compatible; ClaudeBot/1.0; +claudebot@anthropic.com)"
216.73.216.240 - - [04/Jul/2026:12:06:13 +0000] "GET /properties/features/pdf/?pid=53635 HTTP/1.1" 200 10854 "-" "Mozilla/5.0 AppleWebKit/537.36 (KHTML, like Gecko; compatible; ClaudeBot/1.0; +claudebot@anthropic.com)"
177.0.53.153 - - [04/Jul/2026:12:06:19 +0000] "GET /properties/features/pdf/?pid=223246 HTTP/1.1" 200 11066 "-" "Mozilla/5.0 (Windows NT 6.1; Win64; x64) AppleWebKit/537.36 (KHTML, like Gecko) Chrome/84.0.4147.135 Safari/537.36"
217.113.194.18 - - [04/Jul/2026:12:06:24 +0000] "GET /properties/features/pdf/?pid=224116 HTTP/1.1" 200 11237 "-" "Mozilla/5.0 (compatible; Barkrowler/0.9; +https://babbar.tech/crawler)"
216.73.216.240 - - [04/Jul/2026:12:06:31 +0000] "GET /properties/features/pdf/?pid=27141 HTTP/1.1" 200 10899 "-" "Mozilla/5.0 AppleWebKit/537.36 (KHTML, like Gecko; compatible; ClaudeBot/1.0; +claudebot@anthropic.com)"
52.5.142.182 - - [04/Jul/2026:12:06:31 +0000] "GET /?rets_cron_job=1&rets_cron_job_type=offline&time=1783166791 HTTP/1.1" 200 5425 "-" "Wget/1.14 (linux-gnu)"
216.73.216.240 - - [04/Jul/2026:12:06:31 +0000] "GET /properties/features/pdf/?pid=225016 HTTP/1.1" 200 10770 "-" "Mozilla/5.0 AppleWebKit/537.36 (KHTML, like Gecko; compatible; ClaudeBot/1.0; +claudebot@anthropic.com)"
216.73.216.240 - - [04/Jul/2026:12:06:32 +0000] "GET /properties/features/pdf/?pid=225015 HTTP/1.1" 200 10629 "-" "Mozilla/5.0 AppleWebKit/537.36 (KHTML, like Gecko; compatible; ClaudeBot/1.0; +claudebot@anthropic.com)"
113.173.236.57 - - [04/Jul/2026:12:06:28 +0000] "GET /?wplpage=8628 HTTP/1.1" 200 13460 "-" "Mozilla/5.0 (Windows NT 10.0; Win64; x64) AppleWebKit/537.36 (KHTML, like Gecko) Chrome/68.0.3409.85 Safari/537.36"
217.113.194.20 - - [04/Jul/2026:12:06:40 +0000] "GET /properties/features/pdf/?pid=37965 HTTP/1.1" 200 10923 "-" "Mozilla/5.0 (compatible; Barkrowler/0.9; +https://babbar.tech/crawler)"
216.73.216.240 - - [04/Jul/2026:12:06:41 +0000] "GET /properties/features/pdf/?pid=157686 HTTP/1.1" 200 10847 "-" "Mozilla/5.0 AppleWebKit/537.36 (KHTML, like Gecko; compatible; ClaudeBot/1.0; +claudebot@anthropic.com)"
216.73.216.240 - - [04/Jul/2026:12:06:41 +0000] "GET /properties/features/pdf/?pid=129595 HTTP/1.1" 200 11125 "-" "Mozilla/5.0 AppleWebKit/537.36 (KHTML, like Gecko; compatible; ClaudeBot/1.0; +claudebot@anthropic.com)"
216.73.216.240 - - [04/Jul/2026:12:06:42 +0000] "GET /properties/features/pdf/?pid=53271 HTTP/1.1" 200 10819 "-" "Mozilla/5.0 AppleWebKit/537.36 (KHTML, like Gecko; compatible; ClaudeBot/1.0; +claudebot@anthropic.com)"
217.113.194.12 - - [04/Jul/2026:12:06:55 +0000] "GET /properties/features/pdf/?pid=39781 HTTP/1.1" 200 10838 "-" "Mozilla/5.0 (compatible; Barkrowler/0.9; +https://babbar.tech/crawler)"
217.113.194.206 - - [04/Jul/2026:12:07:11 +0000] "GET /properties/features/pdf/?pid=42072 HTTP/1.1" 200 11010 "-" "Mozilla/5.0 (compatible; Barkrowler/0.9; +https://babbar.tech/crawler)"
216.73.216.240 - - [04/Jul/2026:12:07:12 +0000] "GET /properties/features/pdf/?pid=212420 HTTP/1.1" 200 11285 "-" "Mozilla/5.0 AppleWebKit/537.36 (KHTML, like Gecko; compatible; ClaudeBot/1.0; +claudebot@anthropic.com)"
216.73.216.240 - - [04/Jul/2026:12:07:12 +0000] "GET /properties/features/pdf/?pid=210889 HTTP/1.1" 200 10926 "-" "Mozilla/5.0 AppleWebKit/537.36 (KHTML, like Gecko; compatible; ClaudeBot/1.0; +claudebot@anthropic.com)"
216.73.216.240 - - [04/Jul/2026:12:07:12 +0000] "GET /properties/features/pdf/?pid=51014 HTTP/1.1" 200 10941 "-" "Mozilla/5.0 AppleWebKit/537.36 (KHTML, like Gecko; compatible; ClaudeBot/1.0; +claudebot@anthropic.com)"
216.73.216.240 - - [04/Jul/2026:12:07:16 +0000] "GET /properties/features/pdf/?pid=158796 HTTP/1.1" 200 10998 "-" "Mozilla/5.0 AppleWebKit/537.36 (KHTML, like Gecko; compatible; ClaudeBot/1.0; +claudebot@anthropic.com)"
216.73.216.240 - - [04/Jul/2026:12:07:16 +0000] "GET /properties/features/pdf/?pid=103994 HTTP/1.1" 200 10994 "-" "Mozilla/5.0 AppleWebKit/537.36 (KHTML, like Gecko; compatible; ClaudeBot/1.0; +claudebot@anthropic.com)"
216.73.216.240 - - [04/Jul/2026:12:07:16 +0000] "GET /properties/features/pdf/?pid=112767 HTTP/1.1" 200 11011 "-" "Mozilla/5.0 AppleWebKit/537.36 (KHTML, like Gecko; compatible; ClaudeBot/1.0; +claudebot@anthropic.com)"
217.113.194.18 - - [04/Jul/2026:12:07:27 +0000] "GET /properties/features/pdf/?pid=201974 HTTP/1.1" 200 10963 "-" "Mozilla/5.0 (compatible; Barkrowler/0.9; +https://babbar.tech/crawler)"
52.5.142.182 - - [04/Jul/2026:12:07:32 +0000] "GET /?rets_cron_job=1&rets_cron_job_type=offline&time=1783166852 HTTP/1.1" 200 5425 "-" "Wget/1.14 (linux-gnu)"
216.73.216.240 - - [04/Jul/2026:12:07:37 +0000] "GET /properties/features/pdf/?pid=212571 HTTP/1.1" 200 11050 "-" "Mozilla/5.0 AppleWebKit/537.36 (KHTML, like Gecko; compatible; ClaudeBot/1.0; +claudebot@anthropic.com)"
216.73.216.240 - - [04/Jul/2026:12:07:37 +0000] "GET /properties/features/pdf/?pid=158353 HTTP/1.1" 200 11254 "-" "Mozilla/5.0 AppleWebKit/537.36 (KHTML, like Gecko; compatible; ClaudeBot/1.0; +claudebot@anthropic.com)"
216.73.216.240 - - [04/Jul/2026:12:07:38 +0000] "GET /properties/features/pdf/?pid=211835 HTTP/1.1" 200 11161 "-" "Mozilla/5.0 AppleWebKit/537.36 (KHTML, like Gecko; compatible; ClaudeBot/1.0; +claudebot@anthropic.com)"
217.113.194.16 - - [04/Jul/2026:12:07:42 +0000] "GET /properties/features/pdf/?pid=204017 HTTP/1.1" 200 11000 "-" "Mozilla/5.0 (compatible; Barkrowler/0.9; +https://babbar.tech/crawler)"
216.73.216.240 - - [04/Jul/2026:12:07:56 +0000] "GET /properties/features/pdf/?pid=212267 HTTP/1.1" 200 10963 "-" "Mozilla/5.0 AppleWebKit/537.36 (KHTML, like Gecko; compatible; ClaudeBot/1.0; +claudebot@anthropic.com)"
216.73.216.240 - - [04/Jul/2026:12:07:56 +0000] "GET /properties/features/pdf/?pid=216130 HTTP/1.1" 200 10961 "-" "Mozilla/5.0 AppleWebKit/537.36 (KHTML, like Gecko; compatible; ClaudeBot/1.0; +claudebot@anthropic.com)"
216.73.216.240 - - [04/Jul/2026:12:07:57 +0000] "GET /properties/features/pdf/?pid=212027 HTTP/1.1" 200 10932 "-" "Mozilla/5.0 AppleWebKit/537.36 (KHTML, like Gecko; compatible; ClaudeBot/1.0; +claudebot@anthropic.com)"
105.112.176.28 - - [04/Jul/2026:12:07:57 +0000] "GET /properties/215748-Residential-Richardson-Texas-75080-4-Bedrooms-2-Bathrooms-USD608-000/ HTTP/1.1" 200 46554 "-" "Mozilla/5.0 (Macintosh; Intel Mac OS X 10_11_0) AppleWebKit/537.36 (KHTML, like Gecko) Chrome/67.0.3396.3 Safari/537.36"
217.113.194.205 - - [04/Jul/2026:12:07:58 +0000] "GET /properties/features/pdf/?pid=200039 HTTP/1.1" 200 10848 "-" "Mozilla/5.0 (compatible; Barkrowler/0.9; +https://babbar.tech/crawler)"
216.73.216.240 - - [04/Jul/2026:12:07:59 +0000] "GET /properties/features/pdf/?pid=106200 HTTP/1.1" 200 10911 "-" "Mozilla/5.0 AppleWebKit/537.36 (KHTML, like Gecko; compatible; ClaudeBot/1.0; +claudebot@anthropic.com)"
216.73.216.240 - - [04/Jul/2026:12:08:00 +0000] "GET /properties/features/pdf/?pid=193543 HTTP/1.1" 200 10848 "-" "Mozilla/5.0 AppleWebKit/537.36 (KHTML, like Gecko; compatible; ClaudeBot/1.0; +claudebot@anthropic.com)"
216.73.216.240 - - [04/Jul/2026:12:08:00 +0000] "GET /properties/features/pdf/?pid=212209 HTTP/1.1" 200 10969 "-" "Mozilla/5.0 AppleWebKit/537.36 (KHTML, like Gecko; compatible; ClaudeBot/1.0; +claudebot@anthropic.com)"
216.73.216.240 - - [04/Jul/2026:12:08:03 +0000] "GET /properties/features/pdf/?pid=210108 HTTP/1.1" 200 10954 "-" "Mozilla/5.0 AppleWebKit/537.36 (KHTML, like Gecko; compatible; ClaudeBot/1.0; +claudebot@anthropic.com)"
216.73.216.240 - - [04/Jul/2026:12:08:04 +0000] "GET /properties/features/pdf/?pid=111944 HTTP/1.1" 200 10884 "-" "Mozilla/5.0 AppleWebKit/537.36 (KHTML, like Gecko; compatible; ClaudeBot/1.0; +claudebot@anthropic.com)"
216.73.216.240 - - [04/Jul/2026:12:08:04 +0000] "GET /properties/features/pdf/?pid=210564 HTTP/1.1" 200 10907 "-" "Mozilla/5.0 AppleWebKit/537.36 (KHTML, like Gecko; compatible; ClaudeBot/1.0; +claudebot@anthropic.com)"
217.113.194.13 - - [04/Jul/2026:12:08:14 +0000] "GET /properties/features/pdf/?pid=207702 HTTP/1.1" 200 11140 "-" "Mozilla/5.0 (compatible; Barkrowler/0.9; +https://babbar.tech/crawler)"
217.113.194.204 - - [04/Jul/2026:12:08:29 +0000] "GET /properties/features/pdf/?pid=204328 HTTP/1.1" 200 11082 "-" "Mozilla/5.0 (compatible; Barkrowler/0.9; +https://babbar.tech/crawler)"
52.5.142.182 - - [04/Jul/2026:12:08:32 +0000] "GET /?rets_cron_job=1&rets_cron_job_type=offline&time=1783166912 HTTP/1.1" 200 5425 "-" "Wget/1.14 (linux-gnu)"
123.18.184.164 - - [04/Jul/2026:12:08:40 +0000] "GET /properties/features/pdf/?pid=194863 HTTP/1.1" 200 11297 "-" "Mozilla/5.0 (Windows NT 6.1; Win64; x64) AppleWebKit/537.36 (KHTML, like Gecko) Chrome/90.0.4430.41 Safari/537.36"
216.73.216.240 - - [04/Jul/2026:12:08:42 +0000] "GET /properties/features/pdf/?pid=211249 HTTP/1.1" 200 10969 "-" "Mozilla/5.0 AppleWebKit/537.36 (KHTML, like Gecko; compatible; ClaudeBot/1.0; +claudebot@anthropic.com)"
216.73.216.240 - - [04/Jul/2026:12:08:42 +0000] "GET /properties/features/pdf/?pid=218572 HTTP/1.1" 200 11006 "-" "Mozilla/5.0 AppleWebKit/537.36 (KHTML, like Gecko; compatible; ClaudeBot/1.0; +claudebot@anthropic.com)"
216.73.216.240 - - [04/Jul/2026:12:08:43 +0000] "GET /properties/features/pdf/?pid=102639 HTTP/1.1" 200 10876 "-" "Mozilla/5.0 AppleWebKit/537.36 (KHTML, like Gecko; compatible; ClaudeBot/1.0; +claudebot@anthropic.com)"
217.113.194.14 - - [04/Jul/2026:12:08:45 +0000] "GET /properties/features/pdf/?pid=206126 HTTP/1.1" 200 11051 "-" "Mozilla/5.0 (compatible; Barkrowler/0.9; +https://babbar.tech/crawler)"
216.73.216.240 - - [04/Jul/2026:12:08:46 +0000] "GET /properties/62872-Residential-Springtown-Texas-76082-3-Bedrooms-2-Bathrooms-USD470-000/ HTTP/1.1" 200 43175 "-" "Mozilla/5.0 AppleWebKit/537.36 (KHTML, like Gecko; compatible; ClaudeBot/1.0; +claudebot@anthropic.com)"
216.73.216.240 - - [04/Jul/2026:12:08:47 +0000] "GET /dfw/parker-homes-for-sale/?wplpage=82 HTTP/1.1" 200 42433 "-" "Mozilla/5.0 AppleWebKit/537.36 (KHTML, like Gecko; compatible; ClaudeBot/1.0; +claudebot@anthropic.com)"
216.73.216.240 - - [04/Jul/2026:12:08:47 +0000] "GET /dfw/parker-homes-for-sale/?wplpage=17 HTTP/1.1" 200 42283 "-" "Mozilla/5.0 AppleWebKit/537.36 (KHTML, like Gecko; compatible; ClaudeBot/1.0; +claudebot@anthropic.com)"
217.113.194.16 - - [04/Jul/2026:12:09:01 +0000] "GET /properties/features/pdf/?pid=206303 HTTP/1.1" 200 11256 "-" "Mozilla/5.0 (compatible; Barkrowler/0.9; +https://babbar.tech/crawler)"
190.131.134.54 - - [04/Jul/2026:12:09:06 +0000] "GET /dfw/arlington-homes-for-sale/ HTTP/1.1" 404 126944 "-" "Mozilla/5.0 (Macintosh; Intel Mac OS X 10_14_6) AppleWebKit/537.36 (KHTML, like Gecko) Chrome/96.0.4664.55 Safari/537.36"
217.113.194.204 - - [04/Jul/2026:12:09:16 +0000] "GET /properties/features/pdf/?pid=206753 HTTP/1.1" 200 11206 "-" "Mozilla/5.0 (compatible; Barkrowler/0.9; +https://babbar.tech/crawler)"
49.244.192.190 - - [04/Jul/2026:12:09:18 +0000] "GET /DFW/plano-homes-for-sale/?wplpage=18 HTTP/1.1" 200 54984 "-" "Mozilla/5.0 (Windows NT 6.1) AppleWebKit/537.36 (KHTML, like Gecko) Chrome/27.0.1453.90 Safari/537.36"
216.73.216.240 - - [04/Jul/2026:12:09:27 +0000] "GET /properties/209702-Residential-Weatherford-Texas-76088-6-Bedrooms-5-Bathrooms-USD1-800-000/ HTTP/1.1" 200 43803 "-" "Mozilla/5.0 AppleWebKit/537.36 (KHTML, like Gecko; compatible; ClaudeBot/1.0; +claudebot@anthropic.com)"
216.73.216.240 - - [04/Jul/2026:12:09:27 +0000] "GET /properties/123621-Residential-Springtown-Texas-76082-4-Bedrooms-2-Bathrooms-USD388-225/ HTTP/1.1" 200 43319 "-" "Mozilla/5.0 AppleWebKit/537.36 (KHTML, like Gecko; compatible; ClaudeBot/1.0; +claudebot@anthropic.com)"
216.73.216.240 - - [04/Jul/2026:12:09:28 +0000] "GET /properties/210637-Residential-Springtown-Texas-76082-4-Bedrooms-2-Bathrooms-USD585-000/ HTTP/1.1" 200 43473 "-" "Mozilla/5.0 AppleWebKit/537.36 (KHTML, like Gecko; compatible; ClaudeBot/1.0; +claudebot@anthropic.com)"
52.5.142.182 - - [04/Jul/2026:12:09:31 +0000] "GET /?rets_cron_job=1&rets_cron_job_type=offline&time=1783166971 HTTP/1.1" 200 5425 "-" "Wget/1.14 (linux-gnu)"
217.113.194.12 - - [04/Jul/2026:12:09:32 +0000] "GET /properties/features/pdf/?pid=202679 HTTP/1.1" 200 10972 "-" "Mozilla/5.0 (compatible; Barkrowler/0.9; +https://babbar.tech/crawler)"
216.73.216.240 - - [04/Jul/2026:12:09:33 +0000] "GET /properties/56442-Residential-Weatherford-Texas-76085-3-Bedrooms-2-Bathrooms-USD483-000/ HTTP/1.1" 200 42782 "-" "Mozilla/5.0 AppleWebKit/537.36 (KHTML, like Gecko; compatible; ClaudeBot/1.0; +claudebot@anthropic.com)"
216.73.216.240 - - [04/Jul/2026:12:09:34 +0000] "GET /properties/209706-Residential-Weatherford-Texas-76086-3-Bedrooms-2-Bathrooms-USD229-900/ HTTP/1.1" 200 40538 "-" "Mozilla/5.0 AppleWebKit/537.36 (KHTML, like Gecko; compatible; ClaudeBot/1.0; +claudebot@anthropic.com)"
179.250.4.116 - - [04/Jul/2026:12:09:39 +0000] "GET /properties/109365-Residential-Prosper-Texas-75078-5-Bedrooms-5-Bathrooms-USD2-404-688/ HTTP/1.1" 200 45002 "-" "Mozilla/5.0 (Windows NT 6.2; WOW64) AppleWebKit/537.36 (KHTML, like Gecko) Chrome/27.0.1500.55 Safari/537.36"
216.73.216.240 - - [04/Jul/2026:12:09:40 +0000] "GET /properties/112921-Residential-Aledo-Texas-76008-5-Bedrooms-4-Bathrooms-USD875-000/ HTTP/1.1" 200 43990 "-" "Mozilla/5.0 AppleWebKit/537.36 (KHTML, like Gecko; compatible; ClaudeBot/1.0; +claudebot@anthropic.com)"
216.73.216.240 - - [04/Jul/2026:12:09:40 +0000] "GET /properties/62035-Residential-Weatherford-Texas-76085-4-Bedrooms-3-Bathrooms-USD549-900/ HTTP/1.1" 200 42661 "-" "Mozilla/5.0 AppleWebKit/537.36 (KHTML, like Gecko; compatible; ClaudeBot/1.0; +claudebot@anthropic.com)"
103.183.117.15 - - [04/Jul/2026:12:09:28 +0000] "GET /?wplpage=8628 HTTP/1.1" 200 13460 "-" "Mozilla/5.0 (Macintosh; Intel Mac OS X 10_14_6) AppleWebKit/537.36 (KHTML, like Gecko) Chrome/94.0.4606.81 Safari/537.36"
217.113.194.13 - - [04/Jul/2026:12:09:48 +0000] "GET /properties/features/pdf/?pid=206554 HTTP/1.1" 200 11020 "-" "Mozilla/5.0 (compatible; Barkrowler/0.9; +https://babbar.tech/crawler)"
47.128.119.121 - - [04/Jul/2026:12:09:59 +0000] "GET /properties/217008-Residential-Midlothian-Texas-76065-4-Bedrooms-2-Bathrooms-USD315-000/ HTTP/1.1" 200 43713 "-" "Mozilla/5.0 (Linux; Android 5.0) AppleWebKit/537.36 (KHTML, like Gecko) Mobile Safari/537.36 (compatible; TikTokSpider; ttspider-feedback@tiktok.com)"
217.113.194.206 - - [04/Jul/2026:12:10:03 +0000] "GET /properties/features/pdf/?pid=204557 HTTP/1.1" 200 11040 "-" "Mozilla/5.0 (compatible; Barkrowler/0.9; +https://babbar.tech/crawler)"
207.46.13.128 - - [04/Jul/2026:12:10:08 +0000] "GET /properties/78485-Residential-Fort-Worth-76104-2-Bedrooms-2-Bathrooms-USD180-000/ HTTP/1.1" 200 34212 "-" "Mozilla/5.0 AppleWebKit/537.36 (KHTML, like Gecko; compatible; bingbot/2.0; +http://www.bing.com/bingbot.htm) Chrome/116.0.1938.76 Safari/537.36"
216.73.216.240 - - [04/Jul/2026:12:10:13 +0000] "GET /properties/159154-Residential-Weatherford-Texas-76086-3-Bedrooms-3-Bathrooms-USD749-000/ HTTP/1.1" 200 43538 "-" "Mozilla/5.0 AppleWebKit/537.36 (KHTML, like Gecko; compatible; ClaudeBot/1.0; +claudebot@anthropic.com)"
216.73.216.240 - - [04/Jul/2026:12:10:13 +0000] "GET /properties/209437-Residential-Weatherford-Texas-76085-4-Bedrooms-2-Bathrooms-USD500-000/ HTTP/1.1" 200 42976 "-" "Mozilla/5.0 AppleWebKit/537.36 (KHTML, like Gecko; compatible; ClaudeBot/1.0; +claudebot@anthropic.com)"
217.113.194.206 - - [04/Jul/2026:12:10:19 +0000] "GET /properties/features/pdf/?pid=207228 HTTP/1.1" 200 11217 "-" "Mozilla/5.0 (compatible; Barkrowler/0.9; +https://babbar.tech/crawler)"
52.5.142.182 - - [04/Jul/2026:12:10:27 +0000] "GET /?rets_cron_job=1&rets_cron_job_type=offline&time=1783167026 HTTP/1.1" 200 5425 "-" "Wget/1.14 (linux-gnu)"
52.5.142.182 - - [04/Jul/2026:12:10:28 +0000] "GET /?rets_import_cron_job=1&time=1783167027 HTTP/1.1" 200 5425 "-" "Wget/1.14 (linux-gnu)"
216.73.216.240 - - [04/Jul/2026:12:10:31 +0000] "GET /properties/160036-Residential-Weatherford-Texas-76087-2-Bedrooms-2-Bathrooms-USD175-000/ HTTP/1.1" 200 42584 "-" "Mozilla/5.0 AppleWebKit/537.36 (KHTML, like Gecko; compatible; ClaudeBot/1.0; +claudebot@anthropic.com)"
216.73.216.240 - - [04/Jul/2026:12:10:31 +0000] "GET /properties/208978-Residential-Weatherford-Texas-76087-4-Bedrooms-2-Bathrooms-USD360-000/ HTTP/1.1" 200 40990 "-" "Mozilla/5.0 AppleWebKit/537.36 (KHTML, like Gecko; compatible; ClaudeBot/1.0; +claudebot@anthropic.com)"
217.113.194.205 - - [04/Jul/2026:12:10:35 +0000] "GET /properties/features/pdf/?pid=208192 HTTP/1.1" 200 10998 "-" "Mozilla/5.0 (compatible; Barkrowler/0.9; +https://babbar.tech/crawler)"
45.235.122.101 - - [04/Jul/2026:12:10:47 +0000] "GET /properties/224732-Residential-Lease-Dallas-Texas-75228-4-Bedrooms-2-Bathrooms-USD1-900/ HTTP/1.1" 200 42569 "-" "Mozilla/5.0 (Windows NT 10.0; Win64; x64) AppleWebKit/537.36 (KHTML, like Gecko) Chrome/98.0.4758.81 Safari/537.36"
217.113.194.12 - - [04/Jul/2026:12:10:50 +0000] "GET /properties/features/pdf/?pid=203393 HTTP/1.1" 200 11136 "-" "Mozilla/5.0 (compatible; Barkrowler/0.9; +https://babbar.tech/crawler)"
216.73.216.240 - - [04/Jul/2026:12:10:53 +0000] "GET /properties/111951-Residential-Weatherford-Texas-76087-4-Bedrooms-4-Bathrooms-USD995-000/ HTTP/1.1" 200 44038 "-" "Mozilla/5.0 AppleWebKit/537.36 (KHTML, like Gecko; compatible; ClaudeBot/1.0; +claudebot@anthropic.com)"
216.73.216.240 - - [04/Jul/2026:12:10:53 +0000] "GET /properties/159151-Residential-Weatherford-Texas-76086-3-Bedrooms-3-Bathrooms-USD750-000/ HTTP/1.1" 200 43546 "-" "Mozilla/5.0 AppleWebKit/537.36 (KHTML, like Gecko; compatible; ClaudeBot/1.0; +claudebot@anthropic.com)"
216.73.216.240 - - [04/Jul/2026:12:11:01 +0000] "GET /properties/213149-Residential-Weatherford-Texas-76087-4-Bedrooms-3-Bathrooms-USD695-000/ HTTP/1.1" 200 43741 "-" "Mozilla/5.0 AppleWebKit/537.36 (KHTML, like Gecko; compatible; ClaudeBot/1.0; +claudebot@anthropic.com)"
216.73.216.240 - - [04/Jul/2026:12:11:01 +0000] "GET /properties/211147-Residential-Weatherford-Texas-76086-3-Bedrooms-2-Bathrooms-USD340-000/ HTTP/1.1" 200 40869 "-" "Mozilla/5.0 AppleWebKit/537.36 (KHTML, like Gecko; compatible; ClaudeBot/1.0; +claudebot@anthropic.com)"
217.113.194.19 - - [04/Jul/2026:12:11:06 +0000] "GET /properties/features/pdf/?pid=204199 HTTP/1.1" 200 11095 "-" "Mozilla/5.0 (compatible; Barkrowler/0.9; +https://babbar.tech/crawler)"
216.73.216.240 - - [04/Jul/2026:12:11:16 +0000] "GET /properties/104133-Residential-Weatherford-Texas-76085-4-Bedrooms-3-Bathrooms-USD579-900/ HTTP/1.1" 200 43239 "-" "Mozilla/5.0 AppleWebKit/537.36 (KHTML, like Gecko; compatible; ClaudeBot/1.0; +claudebot@anthropic.com)"
216.73.216.240 - - [04/Jul/2026:12:11:16 +0000] "GET /properties/121103-Residential-Poolville-Texas-76487-4-Bedrooms-2-Bathrooms-USD489-900/ HTTP/1.1" 200 43761 "-" "Mozilla/5.0 AppleWebKit/537.36 (KHTML, like Gecko; compatible; ClaudeBot/1.0; +claudebot@anthropic.com)"
217.113.194.14 - - [04/Jul/2026:12:11:22 +0000] "GET /properties/features/pdf/?pid=205153 HTTP/1.1" 200 11041 "-" "Mozilla/5.0 (compatible; Barkrowler/0.9; +https://babbar.tech/crawler)"
216.73.216.240 - - [04/Jul/2026:12:11:24 +0000] "GET /properties/224557-Residential-Parker-Texas-75094-5-Bedrooms-3-Bathrooms-USD1-400-000/ HTTP/1.1" 200 43885 "-" "Mozilla/5.0 AppleWebKit/537.36 (KHTML, like Gecko; compatible; ClaudeBot/1.0; +claudebot@anthropic.com)"
216.73.216.240 - - [04/Jul/2026:12:11:24 +0000] "GET /properties/217556-Residential-Willow-Park-Texas-76087-3-Bedrooms-2-Bathrooms-USD390-000/ HTTP/1.1" 200 43645 "-" "Mozilla/5.0 AppleWebKit/537.36 (KHTML, like Gecko; compatible; ClaudeBot/1.0; +claudebot@anthropic.com)"
52.5.142.182 - - [04/Jul/2026:12:11:31 +0000] "GET /?rets_cron_job=1&rets_cron_job_type=offline&time=1783167091 HTTP/1.1" 200 5425 "-" "Wget/1.14 (linux-gnu)"
217.113.194.205 - - [04/Jul/2026:12:11:37 +0000] "GET /properties/features/pdf/?pid=18720 HTTP/1.1" 200 10730 "-" "Mozilla/5.0 (compatible; Barkrowler/0.9; +https://babbar.tech/crawler)"
103.156.177.230 - - [04/Jul/2026:12:11:48 +0000] "GET /fair-home-offers-in-this-current-housing-market/ HTTP/1.1" 200 85962 "-" "Mozilla/5.0 (Windows NT 10.0; Win64; x64) AppleWebKit/537.36 (KHTML, like Gecko) Chrome/99.0.4844.84 Safari/537.36"
217.113.194.205 - - [04/Jul/2026:12:11:53 +0000] "GET /properties/features/pdf/?pid=210699 HTTP/1.1" 200 11107 "-" "Mozilla/5.0 (compatible; Barkrowler/0.9; +https://babbar.tech/crawler)"
216.73.216.240 - - [04/Jul/2026:12:11:53 +0000] "GET /properties/53940-Residential-Weatherford-Texas-76085-4-Bedrooms-2-Bathrooms-USD479-000/ HTTP/1.1" 200 42639 "-" "Mozilla/5.0 AppleWebKit/537.36 (KHTML, like Gecko; compatible; ClaudeBot/1.0; +claudebot@anthropic.com)"
216.73.216.240 - - [04/Jul/2026:12:11:54 +0000] "GET /properties/212572-Residential-Willow-Park-Texas-76008-3-Bedrooms-2-Bathrooms-USD385-000/ HTTP/1.1" 200 41247 "-" "Mozilla/5.0 AppleWebKit/537.36 (KHTML, like Gecko; compatible; ClaudeBot/1.0; +claudebot@anthropic.com)"
217.113.194.14 - - [04/Jul/2026:12:12:08 +0000] "GET /properties/features/pdf/?pid=219727 HTTP/1.1" 200 10807 "-" "Mozilla/5.0 (compatible; Barkrowler/0.9; +https://babbar.tech/crawler)"
217.113.194.13 - - [04/Jul/2026:12:12:24 +0000] "GET /properties/features/pdf/?pid=217724 HTTP/1.1" 200 11087 "-" "Mozilla/5.0 (compatible; Barkrowler/0.9; +https://babbar.tech/crawler)"
14.191.164.220 - - [04/Jul/2026:12:12:27 +0000] "GET /properties/194588-Residential-Prosper-Texas-75078-4-Bedrooms-4-Bathrooms-USD709-000/ HTTP/1.1" 200 46448 "-" "Mozilla/5.0 (Macintosh; Intel Mac OS X 10_14_5) AppleWebKit/537.36 (KHTML, like Gecko) Chrome/97.0.4692.99 Safari/537.36"
138.121.34.28 - - [04/Jul/2026:12:12:29 +0000] "GET /properties/features/pdf/?pid=224713 HTTP/1.1" 200 10895 "-" "Mozilla/5.0 (Windows NT 6.1) AppleWebKit/537.36 (KHTML, like Gecko) Chrome/79.0.3945.117 Safari/537.36"
52.5.142.182 - - [04/Jul/2026:12:12:31 +0000] "GET /?rets_cron_job=1&rets_cron_job_type=offline&time=1783167151 HTTP/1.1" 200 5425 "-" "Wget/1.14 (linux-gnu)"
217.113.194.17 - - [04/Jul/2026:12:12:40 +0000] "GET /properties/features/pdf/?pid=214674 HTTP/1.1" 200 11155 "-" "Mozilla/5.0 (compatible; Barkrowler/0.9; +https://babbar.tech/crawler)"
102.68.77.235 - - [04/Jul/2026:12:12:45 +0000] "GET /properties/219745-Residential-Weatherford-Texas-76088-3-Bedrooms-2-Bathrooms-USD484-900/ HTTP/1.1" 200 45537 "-" "Mozilla/5.0 (Windows NT 6.1; Win64; x64) AppleWebKit/537.36 (KHTML, like Gecko) Chrome/80.0.3987.132 Safari/537.36"
217.113.194.21 - - [04/Jul/2026:12:12:55 +0000] "GET /properties/features/pdf/?pid=218612 HTTP/1.1" 200 10895 "-" "Mozilla/5.0 (compatible; Barkrowler/0.9; +https://babbar.tech/crawler)"
217.113.194.20 - - [04/Jul/2026:12:13:11 +0000] "GET /properties/features/pdf/?pid=210071 HTTP/1.1" 200 11069 "-" "Mozilla/5.0 (compatible; Barkrowler/0.9; +https://babbar.tech/crawler)"
217.113.194.204 - - [04/Jul/2026:12:13:27 +0000] "GET /properties/features/pdf/?pid=215227 HTTP/1.1" 200 10893 "-" "Mozilla/5.0 (compatible; Barkrowler/0.9; +https://babbar.tech/crawler)"
52.5.142.182 - - [04/Jul/2026:12:13:32 +0000] "GET /?rets_cron_job=1&rets_cron_job_type=offline&time=1783167212 HTTP/1.1" 200 5425 "-" "Wget/1.14 (linux-gnu)"
217.113.194.15 - - [04/Jul/2026:12:13:42 +0000] "GET /properties/features/pdf/?pid=215106 HTTP/1.1" 200 11113 "-" "Mozilla/5.0 (compatible; Barkrowler/0.9; +https://babbar.tech/crawler)"
217.113.194.12 - - [04/Jul/2026:12:13:58 +0000] "GET /properties/features/pdf/?pid=219954 HTTP/1.1" 200 11035 "-" "Mozilla/5.0 (compatible; Barkrowler/0.9; +https://babbar.tech/crawler)"
217.113.194.21 - - [04/Jul/2026:12:14:14 +0000] "GET /properties/features/pdf/?pid=214822 HTTP/1.1" 200 11026 "-" "Mozilla/5.0 (compatible; Barkrowler/0.9; +https://babbar.tech/crawler)"
217.113.194.19 - - [04/Jul/2026:12:14:29 +0000] "GET /properties/features/pdf/?pid=210366 HTTP/1.1" 200 11091 "-" "Mozilla/5.0 (compatible; Barkrowler/0.9; +https://babbar.tech/crawler)"
38.250.216.227 - - [04/Jul/2026:12:14:31 +0000] "GET /properties/223313-Residential-Prosper-Texas-75078-4-Bedrooms-3-Bathrooms-USD929-000/ HTTP/1.1" 200 47075 "-" "Mozilla/5.0 (Macintosh; Intel Mac OS X 11_2_0) AppleWebKit/537.36 (KHTML, like Gecko) Brave Chrome/87.0.4280.101 Safari/537.36"
52.5.142.182 - - [04/Jul/2026:12:14:31 +0000] "GET /?rets_cron_job=1&rets_cron_job_type=offline&time=1783167271 HTTP/1.1" 200 5425 "-" "Wget/1.14 (linux-gnu)"
217.113.194.16 - - [04/Jul/2026:12:14:45 +0000] "GET /properties/features/pdf/?pid=216463 HTTP/1.1" 200 11262 "-" "Mozilla/5.0 (compatible; Barkrowler/0.9; +https://babbar.tech/crawler)"
217.113.194.21 - - [04/Jul/2026:12:15:01 +0000] "GET /properties/features/pdf/?pid=218154 HTTP/1.1" 200 10938 "-" "Mozilla/5.0 (compatible; Barkrowler/0.9; +https://babbar.tech/crawler)"
217.113.194.18 - - [04/Jul/2026:12:15:17 +0000] "GET /properties/features/pdf/?pid=212991 HTTP/1.1" 200 11028 "-" "Mozilla/5.0 (compatible; Barkrowler/0.9; +https://babbar.tech/crawler)"
52.5.142.182 - - [04/Jul/2026:12:15:29 +0000] "GET /?rets_cron_job=1&rets_cron_job_type=offline&time=1783167327 HTTP/1.1" 200 5425 "-" "Wget/1.14 (linux-gnu)"
217.113.194.20 - - [04/Jul/2026:12:15:32 +0000] "GET /properties/features/pdf/?pid=216789 HTTP/1.1" 200 10954 "-" "Mozilla/5.0 (compatible; Barkrowler/0.9; +https://babbar.tech/crawler)"
52.5.142.182 - - [04/Jul/2026:12:15:32 +0000] "GET /?rets_import_cron_job=1&time=1783167332 HTTP/1.1" 200 5425 "-" "Wget/1.14 (linux-gnu)"
217.113.194.14 - - [04/Jul/2026:12:15:48 +0000] "GET /properties/features/pdf/?pid=218943 HTTP/1.1" 200 11072 "-" "Mozilla/5.0 (compatible; Barkrowler/0.9; +https://babbar.tech/crawler)"
206.0.107.103 - - [04/Jul/2026:12:16:02 +0000] "GET /properties/223016-Residential-Springtown-Texas-76082-4-Bedrooms-2-Bathrooms-USD254-900/ HTTP/1.1" 200 45700 "-" "Mozilla/5.0 (Macintosh; Intel Mac OS X 10_13_6) AppleWebKit/537.36 (KHTML, like Gecko) Chrome/68.0.3440.106 Safari/537.36"
217.113.194.19 - - [04/Jul/2026:12:16:04 +0000] "GET /properties/features/pdf/?pid=219736 HTTP/1.1" 200 11049 "-" "Mozilla/5.0 (compatible; Barkrowler/0.9; +https://babbar.tech/crawler)"
217.113.194.15 - - [04/Jul/2026:12:16:19 +0000] "GET /properties/features/pdf/?pid=219363 HTTP/1.1" 200 10968 "-" "Mozilla/5.0 (compatible; Barkrowler/0.9; +https://babbar.tech/crawler)"
52.5.142.182 - - [04/Jul/2026:12:16:32 +0000] "GET /?rets_cron_job=1&rets_cron_job_type=offline&time=1783167392 HTTP/1.1" 200 5425 "-" "Wget/1.14 (linux-gnu)"
217.113.194.13 - - [04/Jul/2026:12:16:35 +0000] "GET /properties/features/pdf/?pid=216449 HTTP/1.1" 200 10833 "-" "Mozilla/5.0 (compatible; Barkrowler/0.9; +https://babbar.tech/crawler)"
14.191.32.237 - - [04/Jul/2026:12:16:37 +0000] "GET /properties/224361-Residential-Aledo-Texas-76008-3-Bedrooms-2-Bathrooms-USD495-211/ HTTP/1.1" 200 46459 "-" "Mozilla/5.0 (Windows NT 10.0; Win64; x64) AppleWebKit/537.36 (KHTML, like Gecko) Brave Chrome/79.0.3945.88 Safari/537.36"
66.249.79.195 - - [04/Jul/2026:12:16:44 +0000] "POST /properties/179559-Residential-University-Park-Texas-75225-5-Bedrooms-5-Bathrooms-USD6-750-000/ HTTP/1.1" 200 5602 "https://www.agenttango.com/properties/179559-Residential-University-Park-Texas-75225-5-Bedrooms-5-Bathrooms-USD6-750-000/" "Mozilla/5.0 (Linux; Android 6.0.1; Nexus 5X Build/MMB29P) AppleWebKit/537.36 (KHTML, like Gecko) Chrome/149.0.7827.200 Mobile Safari/537.36 (compatible; Googlebot/2.1; +http://www.google.com/bot.html)"
217.113.194.12 - - [04/Jul/2026:12:16:50 +0000] "GET /properties/features/pdf/?pid=214662 HTTP/1.1" 200 11080 "-" "Mozilla/5.0 (compatible; Barkrowler/0.9; +https://babbar.tech/crawler)"
201.46.114.103 - - [04/Jul/2026:12:17:01 +0000] "GET /properties/217241-Residential-Plano-Texas-75093-4-Bedrooms-3-Bathrooms-USD780-000/ HTTP/1.1" 200 47146 "-" "Mozilla/5.0 (Windows NT 10.0; Win64; x64) AppleWebKit/537.36 (KHTML, like Gecko) Chrome/101.0.0.0 Safari/537.36"
217.113.194.21 - - [04/Jul/2026:12:17:06 +0000] "GET /properties/features/pdf/?pid=214893 HTTP/1.1" 200 11031 "-" "Mozilla/5.0 (compatible; Barkrowler/0.9; +https://babbar.tech/crawler)"
109.175.107.77 - - [04/Jul/2026:12:17:06 +0000] "GET /properties/215791-Residential-Prosper-Texas-75078-4-Bedrooms-4-Bathrooms-USD1-092-000/ HTTP/1.1" 200 44829 "-" "Mozilla/5.0 (Windows NT 6.1; Win64; x64) AppleWebKit/537.36 (KHTML, like Gecko) Chrome/80.0.3987.132 Safari/537.36"
217.113.194.205 - - [04/Jul/2026:12:17:22 +0000] "GET /properties/features/pdf/?pid=214976 HTTP/1.1" 200 10927 "-" "Mozilla/5.0 (compatible; Barkrowler/0.9; +https://babbar.tech/crawler)"
52.5.142.182 - - [04/Jul/2026:12:17:32 +0000] "GET /?rets_cron_job=1&rets_cron_job_type=offline&time=1783167452 HTTP/1.1" 200 5425 "-" "Wget/1.14 (linux-gnu)"
138.59.0.252 - - [04/Jul/2026:12:17:34 +0000] "GET /rent-to-own-homes-by-owner/ HTTP/1.1" 200 86334 "-" "Mozilla/5.0 (Macintosh; Intel Mac OS X 10_7_3) AppleWebKit/537.36 (KHTML, like Gecko, Mediapartners-Google) Chrome/87.0.4280.90 Safari/537.36"
217.113.194.16 - - [04/Jul/2026:12:17:37 +0000] "GET /properties/features/pdf/?pid=213238 HTTP/1.1" 200 10988 "-" "Mozilla/5.0 (compatible; Barkrowler/0.9; +https://babbar.tech/crawler)"
217.113.194.17 - - [04/Jul/2026:12:17:53 +0000] "GET /properties/features/pdf/?pid=215841 HTTP/1.1" 200 11149 "-" "Mozilla/5.0 (compatible; Barkrowler/0.9; +https://babbar.tech/crawler)"
38.190.103.236 - - [04/Jul/2026:12:17:59 +0000] "GET /properties/219440-Residential-Highland-Park-Texas-75205-5-Bedrooms-5-Bathrooms-USD4-575-000/ HTTP/1.1" 200 46898 "-" "Mozilla/5.0 (Windows NT 6.2) AppleWebKit/537.36 (KHTML, like Gecko) Chrome/28.0.1467.0 Safari/537.36"
217.113.194.21 - - [04/Jul/2026:12:18:09 +0000] "GET /properties/features/pdf/?pid=216791 HTTP/1.1" 200 10988 "-" "Mozilla/5.0 (compatible; Barkrowler/0.9; +https://babbar.tech/crawler)"
217.113.194.13 - - [04/Jul/2026:12:18:24 +0000] "GET /properties/features/pdf/?pid=210379 HTTP/1.1" 200 10833 "-" "Mozilla/5.0 (compatible; Barkrowler/0.9; +https://babbar.tech/crawler)"
113.179.142.146 - - [04/Jul/2026:12:18:31 +0000] "GET /properties/221774-Residential-Fort-Worth-Texas-76108-4-Bedrooms-3-Bathrooms-USD919-000/ HTTP/1.1" 200 46911 "-" "Mozilla/5.0 (Windows NT 6.1) AppleWebKit/537.36 (KHTML, like Gecko) Chrome/97.0.4692.99 Safari/537.36"
52.5.142.182 - - [04/Jul/2026:12:18:32 +0000] "GET /?rets_cron_job=1&rets_cron_job_type=offline&time=1783167511 HTTP/1.1" 200 5425 "-" "Wget/1.14 (linux-gnu)"
217.113.194.205 - - [04/Jul/2026:12:18:40 +0000] "GET /properties/features/pdf/?pid=218493 HTTP/1.1" 200 10886 "-" "Mozilla/5.0 (compatible; Barkrowler/0.9; +https://babbar.tech/crawler)"
217.113.194.12 - - [04/Jul/2026:12:18:56 +0000] "GET /properties/features/pdf/?pid=215029 HTTP/1.1" 200 10921 "-" "Mozilla/5.0 (compatible; Barkrowler/0.9; +https://babbar.tech/crawler)"
217.113.194.204 - - [04/Jul/2026:12:19:11 +0000] "GET /properties/features/pdf/?pid=219108 HTTP/1.1" 200 11105 "-" "Mozilla/5.0 (compatible; Barkrowler/0.9; +https://babbar.tech/crawler)"
52.167.144.220 - - [04/Jul/2026:12:19:13 +0000] "GET /properties/features/pdf?pid=63142 HTTP/1.1" 301 5707 "-" "Mozilla/5.0 AppleWebKit/537.36 (KHTML, like Gecko; compatible; bingbot/2.0; +http://www.bing.com/bingbot.htm) Chrome/116.0.1938.76 Safari/537.36"
217.113.194.204 - - [04/Jul/2026:12:19:27 +0000] "GET /properties/features/pdf/?pid=210505 HTTP/1.1" 200 10906 "-" "Mozilla/5.0 (compatible; Barkrowler/0.9; +https://babbar.tech/crawler)"
210.211.56.182 - - [04/Jul/2026:12:19:29 +0000] "GET /properties/features/pdf/?pid=54354 HTTP/1.1" 200 11059 "-" "Mozilla/5.0 (Macintosh; Intel Mac OS X 10_7_3) AppleWebKit/537.36 (KHTML, like Gecko, Mediapartners-Google) Chrome/83.0.4103.118 Safari/537.36"
52.5.142.182 - - [04/Jul/2026:12:19:31 +0000] "GET /?rets_cron_job=1&rets_cron_job_type=offline&time=1783167571 HTTP/1.1" 200 5425 "-" "Wget/1.14 (linux-gnu)"
217.113.194.20 - - [04/Jul/2026:12:19:43 +0000] "GET /properties/features/pdf/?pid=113890 HTTP/1.1" 200 11078 "-" "Mozilla/5.0 (compatible; Barkrowler/0.9; +https://babbar.tech/crawler)"
217.113.194.13 - - [04/Jul/2026:12:19:58 +0000] "GET /properties/features/pdf/?pid=117987 HTTP/1.1" 200 11057 "-" "Mozilla/5.0 (compatible; Barkrowler/0.9; +https://babbar.tech/crawler)"
66.249.79.193 - - [04/Jul/2026:12:20:07 +0000] "POST /properties/129951-Residential-Irving-Texas-75062-4-Bedrooms-2-Bathrooms-USD735-000/ HTTP/1.1" 200 5602 "https://www.agenttango.com/properties/129951-Residential-Irving-Texas-75062-4-Bedrooms-2-Bathrooms-USD735-000/" "Mozilla/5.0 (Linux; Android 6.0.1; Nexus 5X Build/MMB29P) AppleWebKit/537.36 (KHTML, like Gecko) Chrome/149.0.7827.200 Mobile Safari/537.36 (compatible; Googlebot/2.1; +http://www.google.com/bot.html)"
217.113.194.13 - - [04/Jul/2026:12:20:14 +0000] "GET /properties/features/pdf/?pid=110228 HTTP/1.1" 200 11135 "-" "Mozilla/5.0 (compatible; Barkrowler/0.9; +https://babbar.tech/crawler)"
217.113.194.18 - - [04/Jul/2026:12:20:30 +0000] "GET /properties/features/pdf/?pid=118472 HTTP/1.1" 200 10929 "-" "Mozilla/5.0 (compatible; Barkrowler/0.9; +https://babbar.tech/crawler)"
52.5.142.182 - - [04/Jul/2026:12:20:32 +0000] "GET /?rets_cron_job=1&rets_cron_job_type=offline&time=1783167631 HTTP/1.1" 200 5425 "-" "Wget/1.14 (linux-gnu)"
52.5.142.182 - - [04/Jul/2026:12:20:32 +0000] "GET /?rets_import_cron_job=1&time=1783167632 HTTP/1.1" 200 5425 "-" "Wget/1.14 (linux-gnu)"
217.113.194.19 - - [04/Jul/2026:12:20:45 +0000] "GET /properties/features/pdf/?pid=114617 HTTP/1.1" 200 11121 "-" "Mozilla/5.0 (compatible; Barkrowler/0.9; +https://babbar.tech/crawler)"
217.113.194.12 - - [04/Jul/2026:12:21:01 +0000] "GET /properties/features/pdf/?pid=52133 HTTP/1.1" 200 10705 "-" "Mozilla/5.0 (compatible; Barkrowler/0.9; +https://babbar.tech/crawler)"
217.113.194.21 - - [04/Jul/2026:12:21:17 +0000] "GET /properties/features/pdf/?pid=59552 HTTP/1.1" 200 10789 "-" "Mozilla/5.0 (compatible; Barkrowler/0.9; +https://babbar.tech/crawler)"
52.5.142.182 - - [04/Jul/2026:12:21:32 +0000] "GET /?rets_cron_job=1&rets_cron_job_type=offline&time=1783167692 HTTP/1.1" 200 5425 "-" "Wget/1.14 (linux-gnu)"
217.113.194.19 - - [04/Jul/2026:12:21:32 +0000] "GET /properties/features/pdf/?pid=52799 HTTP/1.1" 200 10772 "-" "Mozilla/5.0 (compatible; Barkrowler/0.9; +https://babbar.tech/crawler)"
217.113.194.204 - - [04/Jul/2026:12:21:48 +0000] "GET /properties/features/pdf/?pid=95025 HTTP/1.1" 200 11168 "-" "Mozilla/5.0 (compatible; Barkrowler/0.9; +https://babbar.tech/crawler)"
217.113.194.19 - - [04/Jul/2026:12:22:03 +0000] "GET /properties/features/pdf/?pid=54560 HTTP/1.1" 200 10989 "-" "Mozilla/5.0 (compatible; Barkrowler/0.9; +https://babbar.tech/crawler)"
217.113.194.12 - - [04/Jul/2026:12:22:19 +0000] "GET /properties/features/pdf/?pid=98040 HTTP/1.1" 200 10958 "-" "Mozilla/5.0 (compatible; Barkrowler/0.9; +https://babbar.tech/crawler)"
52.5.142.182 - - [04/Jul/2026:12:22:31 +0000] "GET /?rets_cron_job=1&rets_cron_job_type=offline&time=1783167751 HTTP/1.1" 200 5425 "-" "Wget/1.14 (linux-gnu)"
217.113.194.12 - - [04/Jul/2026:12:22:35 +0000] "GET /properties/features/pdf/?pid=54555 HTTP/1.1" 200 10986 "-" "Mozilla/5.0 (compatible; Barkrowler/0.9; +https://babbar.tech/crawler)"
217.113.194.16 - - [04/Jul/2026:12:22:50 +0000] "GET /properties/features/pdf/?pid=53058 HTTP/1.1" 200 10988 "-" "Mozilla/5.0 (compatible; Barkrowler/0.9; +https://babbar.tech/crawler)"
217.113.194.14 - - [04/Jul/2026:12:23:06 +0000] "GET /properties/features/pdf/?pid=53940 HTTP/1.1" 200 11077 "-" "Mozilla/5.0 (compatible; Barkrowler/0.9; +https://babbar.tech/crawler)"
217.113.194.21 - - [04/Jul/2026:12:23:22 +0000] "GET /properties/features/pdf/?pid=59728 HTTP/1.1" 200 10678 "-" "Mozilla/5.0 (compatible; Barkrowler/0.9; +https://babbar.tech/crawler)"
52.5.142.182 - - [04/Jul/2026:12:23:32 +0000] "GET /?rets_cron_job=1&rets_cron_job_type=offline&time=1783167811 HTTP/1.1" 200 5425 "-" "Wget/1.14 (linux-gnu)"
217.113.194.206 - - [04/Jul/2026:12:23:37 +0000] "GET /properties/features/pdf/?pid=220016 HTTP/1.1" 200 11064 "-" "Mozilla/5.0 (compatible; Barkrowler/0.9; +https://babbar.tech/crawler)"
212.96.86.186 - - [04/Jul/2026:12:23:52 +0000] "GET /properties/features/pdf/?pid=224955 HTTP/1.1" 200 11066 "-" "Mozilla/5.0 (Macintosh; Intel Mac OS X 10_13_6) AppleWebKit/537.36 (KHTML, like Gecko) Chrome/84.0.4147.125 Safari/537.36"
217.113.194.19 - - [04/Jul/2026:12:23:53 +0000] "GET /properties/features/pdf/?pid=221225 HTTP/1.1" 200 11036 "-" "Mozilla/5.0 (compatible; Barkrowler/0.9; +https://babbar.tech/crawler)"
104.210.140.129 - - [04/Jul/2026:12:24:07 +0000] "GET /robots.txt HTTP/1.1" 200 5871 "-" "Mozilla/5.0 (Macintosh; Intel Mac OS X 10_15_7) AppleWebKit/537.36 (KHTML, like Gecko) Chrome/131.0.0.0 Safari/537.36; compatible; OAI-SearchBot/1.0; +https://openai.com/searchbot"
217.113.194.20 - - [04/Jul/2026:12:24:09 +0000] "GET /properties/features/pdf/?pid=224914 HTTP/1.1" 200 10951 "-" "Mozilla/5.0 (compatible; Barkrowler/0.9; +https://babbar.tech/crawler)"
217.113.194.16 - - [04/Jul/2026:12:24:24 +0000] "GET /properties/features/pdf/?pid=223994 HTTP/1.1" 200 10956 "-" "Mozilla/5.0 (compatible; Barkrowler/0.9; +https://babbar.tech/crawler)"
52.5.142.182 - - [04/Jul/2026:12:24:32 +0000] "GET /?rets_cron_job=1&rets_cron_job_type=offline&time=1783167871 HTTP/1.1" 200 5425 "-" "Wget/1.14 (linux-gnu)"
123.21.50.199 - - [04/Jul/2026:12:24:36 +0000] "GET /properties/features/pdf/?pid=222969 HTTP/1.1" 200 11119 "-" "Mozilla/5.0 (Macintosh; Intel Mac OS X 10_10_5) AppleWebKit/537.36 (KHTML, like Gecko) Chrome/87.0.4280.88 Safari/537.36"
217.113.194.205 - - [04/Jul/2026:12:24:40 +0000] "GET /properties/features/pdf/?pid=224465 HTTP/1.1" 200 11056 "-" "Mozilla/5.0 (compatible; Barkrowler/0.9; +https://babbar.tech/crawler)"
111.92.140.165 - - [04/Jul/2026:12:24:42 +0000] "GET /properties/211464-Residential-University-Park-Texas-75205-3-Bedrooms-3-Bathrooms-USD695-000/ HTTP/1.1" 200 45717 "-" "Mozilla/5.0 (Windows NT 10.0) AppleWebKit/537.36 (KHTML, like Gecko) Brave Chrome/89.0.4389.114 Safari/537.36"
41.249.199.52 - - [04/Jul/2026:12:24:50 +0000] "GET /properties/features/pdf/?pid=173164 HTTP/1.1" 200 11081 "-" "Mozilla/5.0 (Windows NT 6.1; Win64; x64) AppleWebKit/537.36 (KHTML, like Gecko) Chrome/64.0.3282.24 Safari/537.36"
217.113.194.204 - - [04/Jul/2026:12:24:56 +0000] "GET /properties/features/pdf/?pid=223661 HTTP/1.1" 200 11122 "-" "Mozilla/5.0 (compatible; Barkrowler/0.9; +https://babbar.tech/crawler)"
66.249.79.195 - - [04/Jul/2026:12:25:00 +0000] "GET /properties/213987-Residential-Income-Greenville-Texas-75401-5-Bedrooms-3-Bathrooms-USD289-999/ HTTP/1.1" 200 43783 "-" "Mozilla/5.0 (Linux; Android 6.0.1; Nexus 5X Build/MMB29P) AppleWebKit/537.36 (KHTML, like Gecko) Chrome/150.0.7871.46 Mobile Safari/537.36 (compatible; Googlebot/2.1; +http://www.google.com/bot.html)"
217.113.194.206 - - [04/Jul/2026:12:25:11 +0000] "GET /properties/features/pdf/?pid=224595 HTTP/1.1" 200 10873 "-" "Mozilla/5.0 (compatible; Barkrowler/0.9; +https://babbar.tech/crawler)"
217.113.194.17 - - [04/Jul/2026:12:25:27 +0000] "GET /properties/features/pdf/?pid=224358 HTTP/1.1" 200 11104 "-" "Mozilla/5.0 (compatible; Barkrowler/0.9; +https://babbar.tech/crawler)"
52.5.142.182 - - [04/Jul/2026:12:25:31 +0000] "GET /?rets_import_cron_job=1&time=1783167931 HTTP/1.1" 200 5425 "-" "Wget/1.14 (linux-gnu)"
52.5.142.182 - - [04/Jul/2026:12:25:32 +0000] "GET /?rets_cron_job=1&rets_cron_job_type=offline&time=1783167932 HTTP/1.1" 200 5425 "-" "Wget/1.14 (linux-gnu)"
217.113.194.18 - - [04/Jul/2026:12:25:43 +0000] "GET /properties/features/pdf/?pid=224564 HTTP/1.1" 200 10981 "-" "Mozilla/5.0 (compatible; Barkrowler/0.9; +https://babbar.tech/crawler)"
181.61.209.90 - - [04/Jul/2026:12:25:47 +0000] "GET /DFW/lewisville-homes-for-sale/ HTTP/1.1" 200 47945 "-" "Mozilla/5.0 (Windows NT 10.0; Win64; x64) AppleWebKit/537.36 (KHTML, like Gecko) Chrome/102.0.5005.49 Safari/537.36"
217.113.194.14 - - [04/Jul/2026:12:25:58 +0000] "GET /properties/features/pdf/?pid=221671 HTTP/1.1" 200 10974 "-" "Mozilla/5.0 (compatible; Barkrowler/0.9; +https://babbar.tech/crawler)"
217.113.194.204 - - [04/Jul/2026:12:26:14 +0000] "GET /properties/features/pdf/?pid=220670 HTTP/1.1" 200 11030 "-" "Mozilla/5.0 (compatible; Barkrowler/0.9; +https://babbar.tech/crawler)"
217.113.194.20 - - [04/Jul/2026:12:26:30 +0000] "GET /properties/features/pdf/?pid=223834 HTTP/1.1" 200 11225 "-" "Mozilla/5.0 (compatible; Barkrowler/0.9; +https://babbar.tech/crawler)"
52.5.142.182 - - [04/Jul/2026:12:26:32 +0000] "GET /?rets_cron_job=1&rets_cron_job_type=offline&time=1783167991 HTTP/1.1" 200 5425 "-" "Wget/1.14 (linux-gnu)"
66.249.79.193 - - [04/Jul/2026:12:26:32 +0000] "GET /properties/211423-Residential-Income-Dallas-Texas-75254-5-Bedrooms-4-Bathrooms-USD610-000/ HTTP/1.1" 200 43742 "-" "Mozilla/5.0 (Linux; Android 6.0.1; Nexus 5X Build/MMB29P) AppleWebKit/537.36 (KHTML, like Gecko) Chrome/150.0.7871.46 Mobile Safari/537.36 (compatible; GoogleOther)"
217.113.194.20 - - [04/Jul/2026:12:26:45 +0000] "GET /properties/features/pdf/?pid=224854 HTTP/1.1" 200 11026 "-" "Mozilla/5.0 (compatible; Barkrowler/0.9; +https://babbar.tech/crawler)"
217.113.194.21 - - [04/Jul/2026:12:27:01 +0000] "GET /properties/features/pdf/?pid=224630 HTTP/1.1" 200 11136 "-" "Mozilla/5.0 (compatible; Barkrowler/0.9; +https://babbar.tech/crawler)"
216.73.216.240 - - [04/Jul/2026:12:27:05 +0000] "GET /sitemap_index.xml HTTP/1.1" 200 6046 "-" "Mozilla/5.0 AppleWebKit/537.36 (KHTML, like Gecko; compatible; ClaudeBot/1.0; +claudebot@anthropic.com)"
216.73.216.240 - - [04/Jul/2026:12:27:05 +0000] "GET /?wplpage=296 HTTP/1.1" 200 50065 "-" "Mozilla/5.0 AppleWebKit/537.36 (KHTML, like Gecko; compatible; ClaudeBot/1.0; +claudebot@anthropic.com)"
66.249.79.195 - - [04/Jul/2026:12:27:15 +0000] "POST /properties/211423-Residential-Income-Dallas-Texas-75254-5-Bedrooms-4-Bathrooms-USD610-000/ HTTP/1.1" 200 5602 "https://www.agenttango.com/properties/211423-Residential-Income-Dallas-Texas-75254-5-Bedrooms-4-Bathrooms-USD610-000/" "Mozilla/5.0 (Linux; Android 6.0.1; Nexus 5X Build/MMB29P) AppleWebKit/537.36 (KHTML, like Gecko) Chrome/150.0.7871.46 Mobile Safari/537.36 (compatible; GoogleOther)"
216.73.216.240 - - [04/Jul/2026:12:27:16 +0000] "GET /properties/features/pdf/?pid=207804 HTTP/1.1" 200 10954 "-" "Mozilla/5.0 AppleWebKit/537.36 (KHTML, like Gecko; compatible; ClaudeBot/1.0; +claudebot@anthropic.com)"
