216.73.216.240 - - [04/Jul/2026:10:40:57 +0000] "GET /properties/207917-Residential-Lease-Little-Elm-Texas-76227-4-Bedrooms-3-Bathrooms-USD2-900/ HTTP/1.1" 200 41011 "-" "Mozilla/5.0 AppleWebKit/537.36 (KHTML, like Gecko; compatible; ClaudeBot/1.0; +claudebot@anthropic.com)"
216.73.216.240 - - [04/Jul/2026:10:40:57 +0000] "GET /properties/207909-Residential-Lease-Frisco-Texas-75035-4-Bedrooms-2-Bathrooms-USD6-500/ HTTP/1.1" 200 43244 "-" "Mozilla/5.0 AppleWebKit/537.36 (KHTML, like Gecko; compatible; ClaudeBot/1.0; +claudebot@anthropic.com)"
216.73.216.240 - - [04/Jul/2026:10:40:58 +0000] "GET /sitemap_index.xml HTTP/1.1" 200 5988 "-" "Mozilla/5.0 AppleWebKit/537.36 (KHTML, like Gecko; compatible; ClaudeBot/1.0; +claudebot@anthropic.com)"
216.73.216.240 - - [04/Jul/2026:10:41:46 +0000] "GET /properties/207894-Residential-Lease-Fort-Worth-Texas-76123-3-Bedrooms-1-Bathroom-USD2-145/ HTTP/1.1" 200 41926 "-" "Mozilla/5.0 AppleWebKit/537.36 (KHTML, like Gecko; compatible; ClaudeBot/1.0; +claudebot@anthropic.com)"
198.71.59.75 - - [04/Jul/2026:10:41:47 +0000] "GET /tag/are/ HTTP/1.1" 200 73786 "-" "WP Rocket/Preload"
198.71.59.75 - - [04/Jul/2026:10:41:48 +0000] "GET /tag/are/ HTTP/1.1" 200 73828 "-" "WP Rocket/Preload Mozilla/5.0 (iPhone; CPU iPhone OS 9_1 like Mac OS X) AppleWebKit/601.1.46 (KHTML, like Gecko) Version/9.0 Mobile/13B143 Safari/601.1"
198.71.59.75 - - [04/Jul/2026:10:41:49 +0000] "GET /tag/motion/ HTTP/1.1" 200 73796 "-" "WP Rocket/Preload"
45.6.81.214 - - [04/Jul/2026:10:41:49 +0000] "GET /properties/218449-Residential-Income-Fort-Worth-Texas-76135-8-Bedrooms-4-Bathrooms-USD700-000/ HTTP/1.1" 200 43907 "-" "Mozilla/5.0 (Windows NT 10.0; Win64; x64) AppleWebKit/537.36 (KHTML, like Gecko) Chrome/97.0.4950.0 Iron Safari/537.36"
198.71.59.75 - - [04/Jul/2026:10:41:50 +0000] "GET /tag/motion/ HTTP/1.1" 200 73833 "-" "WP Rocket/Preload Mozilla/5.0 (iPhone; CPU iPhone OS 9_1 like Mac OS X) AppleWebKit/601.1.46 (KHTML, like Gecko) Version/9.0 Mobile/13B143 Safari/601.1"
198.71.59.75 - - [04/Jul/2026:10:41:50 +0000] "GET /category/stories/ HTTP/1.1" 200 72865 "-" "WP Rocket/Preload"
175.107.227.139 - - [04/Jul/2026:10:41:51 +0000] "GET /properties/features/pdf/?pid=221264 HTTP/1.1" 200 10957 "-" "Mozilla/5.0 (Macintosh; Intel Mac OS X 10_15_7) AppleWebKit/537.36 (KHTML, like Gecko) Brave Chrome/87.0.4280.60 Safari/537.36"
198.71.59.75 - - [04/Jul/2026:10:41:51 +0000] "GET /category/stories/ HTTP/1.1" 200 73846 "-" "WP Rocket/Preload Mozilla/5.0 (iPhone; CPU iPhone OS 9_1 like Mac OS X) AppleWebKit/601.1.46 (KHTML, like Gecko) Version/9.0 Mobile/13B143 Safari/601.1"
198.71.59.75 - - [04/Jul/2026:10:41:52 +0000] "GET /category/business/ HTTP/1.1" 200 73823 "-" "WP Rocket/Preload"
198.71.59.75 - - [04/Jul/2026:10:41:53 +0000] "GET /category/business/ HTTP/1.1" 200 72414 "-" "WP Rocket/Preload Mozilla/5.0 (iPhone; CPU iPhone OS 9_1 like Mac OS X) AppleWebKit/601.1.46 (KHTML, like Gecko) Version/9.0 Mobile/13B143 Safari/601.1"
216.73.216.240 - - [04/Jul/2026:10:41:53 +0000] "GET /properties/207938-Residential-Lease-Denton-Texas-76205-4-Bedrooms-2-Bathrooms-USD2-300/ HTTP/1.1" 200 41835 "-" "Mozilla/5.0 AppleWebKit/537.36 (KHTML, like Gecko; compatible; ClaudeBot/1.0; +claudebot@anthropic.com)"
216.73.216.240 - - [04/Jul/2026:10:41:53 +0000] "GET /properties/207937-Residential-Lease-Forney-Texas-75126-3-Bedrooms-2-Bathrooms-USD2-350/ HTTP/1.1" 200 42493 "-" "Mozilla/5.0 AppleWebKit/537.36 (KHTML, like Gecko; compatible; ClaudeBot/1.0; +claudebot@anthropic.com)"
198.71.59.75 - - [04/Jul/2026:10:41:54 +0000] "GET /category/uncategorized/ HTTP/1.1" 200 73840 "-" "WP Rocket/Preload"
198.71.59.75 - - [04/Jul/2026:10:41:55 +0000] "GET /category/uncategorized/ HTTP/1.1" 200 73851 "-" "WP Rocket/Preload Mozilla/5.0 (iPhone; CPU iPhone OS 9_1 like Mac OS X) AppleWebKit/601.1.46 (KHTML, like Gecko) Version/9.0 Mobile/13B143 Safari/601.1"
216.73.216.240 - - [04/Jul/2026:10:42:03 +0000] "GET /properties/207930-Residential-Lease-Dallas-Texas-75227-2-Bedrooms-1-Bathroom-USD1-150/ HTTP/1.1" 200 40871 "-" "Mozilla/5.0 AppleWebKit/537.36 (KHTML, like Gecko; compatible; ClaudeBot/1.0; +claudebot@anthropic.com)"
66.249.79.193 - - [04/Jul/2026:10:43:11 +0000] "GET /properties/213845-Residential-Income-Venus-Texas-76084-6-Bedrooms-4-Bathrooms-USD529-900/ HTTP/1.1" 200 43658 "-" "Mozilla/5.0 (Linux; Android 6.0.1; Nexus 5X Build/MMB29P) AppleWebKit/537.36 (KHTML, like Gecko) Chrome/150.0.7871.46 Mobile Safari/537.36 (compatible; Googlebot/2.1; +http://www.google.com/bot.html)"
198.71.59.75 - - [04/Jul/2026:10:43:12 +0000] "GET /category/images/ HTTP/1.1" 200 72872 "-" "WP Rocket/Preload"
198.71.59.75 - - [04/Jul/2026:10:43:13 +0000] "GET /category/images/ HTTP/1.1" 200 72865 "-" "WP Rocket/Preload Mozilla/5.0 (iPhone; CPU iPhone OS 9_1 like Mac OS X) AppleWebKit/601.1.46 (KHTML, like Gecko) Version/9.0 Mobile/13B143 Safari/601.1"
198.71.59.75 - - [04/Jul/2026:10:43:14 +0000] "GET /subject-to-real-estate-pros-and-cons/ HTTP/1.1" 200 85322 "-" "WP Rocket/Preload"
198.71.59.75 - - [04/Jul/2026:10:43:15 +0000] "GET /subject-to-real-estate-pros-and-cons/ HTTP/1.1" 200 85310 "-" "WP Rocket/Preload Mozilla/5.0 (iPhone; CPU iPhone OS 9_1 like Mac OS X) AppleWebKit/601.1.46 (KHTML, like Gecko) Version/9.0 Mobile/13B143 Safari/601.1"
198.71.59.75 - - [04/Jul/2026:10:43:19 +0000] "GET /blog/ HTTP/1.1" 200 78060 "-" "WP Rocket/Preload"
198.71.59.75 - - [04/Jul/2026:10:43:20 +0000] "GET /blog/ HTTP/1.1" 200 78484 "-" "WP Rocket/Preload Mozilla/5.0 (iPhone; CPU iPhone OS 9_1 like Mac OS X) AppleWebKit/601.1.46 (KHTML, like Gecko) Version/9.0 Mobile/13B143 Safari/601.1"
198.71.59.75 - - [04/Jul/2026:10:43:16 +0000] "GET /commercial/ HTTP/1.1" 200 13460 "-" "WP Rocket/Preload"
198.71.59.75 - - [04/Jul/2026:10:43:21 +0000] "GET /sell/ HTTP/1.1" 200 76569 "-" "WP Rocket/Preload"
198.71.59.75 - - [04/Jul/2026:10:43:17 +0000] "GET /commercial/ HTTP/1.1" 200 13460 "-" "WP Rocket/Preload Mozilla/5.0 (iPhone; CPU iPhone OS 9_1 like Mac OS X) AppleWebKit/601.1.46 (KHTML, like Gecko) Version/9.0 Mobile/13B143 Safari/601.1"
198.71.59.75 - - [04/Jul/2026:10:43:22 +0000] "GET /sell/ HTTP/1.1" 200 76584 "-" "WP Rocket/Preload Mozilla/5.0 (iPhone; CPU iPhone OS 9_1 like Mac OS X) AppleWebKit/601.1.46 (KHTML, like Gecko) Version/9.0 Mobile/13B143 Safari/601.1"
198.71.59.75 - - [04/Jul/2026:10:43:23 +0000] "GET /buyers/ HTTP/1.1" 200 75158 "-" "WP Rocket/Preload"
198.71.59.75 - - [04/Jul/2026:10:43:24 +0000] "GET /buyers/ HTTP/1.1" 200 76968 "-" "WP Rocket/Preload Mozilla/5.0 (iPhone; CPU iPhone OS 9_1 like Mac OS X) AppleWebKit/601.1.46 (KHTML, like Gecko) Version/9.0 Mobile/13B143 Safari/601.1"
198.71.59.75 - - [04/Jul/2026:10:43:25 +0000] "GET /happy-thanksgiving-prepare-for-the-housing-recession-ahead/ HTTP/1.1" 200 83790 "-" "WP Rocket/Preload"
198.71.59.75 - - [04/Jul/2026:10:43:26 +0000] "GET /happy-thanksgiving-prepare-for-the-housing-recession-ahead/ HTTP/1.1" 200 84718 "-" "WP Rocket/Preload Mozilla/5.0 (iPhone; CPU iPhone OS 9_1 like Mac OS X) AppleWebKit/601.1.46 (KHTML, like Gecko) Version/9.0 Mobile/13B143 Safari/601.1"
198.71.59.75 - - [04/Jul/2026:10:43:26 +0000] "GET /author/ianmcvaygmail-com/ HTTP/1.1" 200 80043 "-" "WP Rocket/Preload"
198.71.59.75 - - [04/Jul/2026:10:43:27 +0000] "GET /author/ianmcvaygmail-com/ HTTP/1.1" 200 79694 "-" "WP Rocket/Preload Mozilla/5.0 (iPhone; CPU iPhone OS 9_1 like Mac OS X) AppleWebKit/601.1.46 (KHTML, like Gecko) Version/9.0 Mobile/13B143 Safari/601.1"
198.71.59.75 - - [04/Jul/2026:10:43:28 +0000] "GET /ourbusiness/ HTTP/1.1" 200 75979 "-" "WP Rocket/Preload"
198.71.59.75 - - [04/Jul/2026:10:43:29 +0000] "GET /ourbusiness/ HTTP/1.1" 200 75987 "-" "WP Rocket/Preload Mozilla/5.0 (iPhone; CPU iPhone OS 9_1 like Mac OS X) AppleWebKit/601.1.46 (KHTML, like Gecko) Version/9.0 Mobile/13B143 Safari/601.1"
198.71.59.75 - - [04/Jul/2026:10:43:30 +0000] "GET /rent-to-own-homes-by-owner/ HTTP/1.1" 200 86720 "-" "WP Rocket/Preload"
198.71.59.75 - - [04/Jul/2026:10:43:31 +0000] "GET /rent-to-own-homes-by-owner/ HTTP/1.1" 200 86733 "-" "WP Rocket/Preload Mozilla/5.0 (iPhone; CPU iPhone OS 9_1 like Mac OS X) AppleWebKit/601.1.46 (KHTML, like Gecko) Version/9.0 Mobile/13B143 Safari/601.1"
198.71.59.75 - - [04/Jul/2026:10:43:32 +0000] "GET /why-multigenerational-homes-are-becoming-more-common/ HTTP/1.1" 200 88073 "-" "WP Rocket/Preload"
198.71.59.75 - - [04/Jul/2026:10:43:33 +0000] "GET /why-multigenerational-homes-are-becoming-more-common/ HTTP/1.1" 200 87255 "-" "WP Rocket/Preload Mozilla/5.0 (iPhone; CPU iPhone OS 9_1 like Mac OS X) AppleWebKit/601.1.46 (KHTML, like Gecko) Version/9.0 Mobile/13B143 Safari/601.1"
198.71.59.75 - - [04/Jul/2026:10:43:34 +0000] "GET /explore-surprising-factors-affecting-home-appraisal/ HTTP/1.1" 200 89200 "-" "WP Rocket/Preload"
198.71.59.75 - - [04/Jul/2026:10:43:35 +0000] "GET /explore-surprising-factors-affecting-home-appraisal/ HTTP/1.1" 200 89171 "-" "WP Rocket/Preload Mozilla/5.0 (iPhone; CPU iPhone OS 9_1 like Mac OS X) AppleWebKit/601.1.46 (KHTML, like Gecko) Version/9.0 Mobile/13B143 Safari/601.1"
216.73.216.240 - - [04/Jul/2026:10:44:28 +0000] "GET /properties/features/pdf/?pid=207991 HTTP/1.1" 200 10898 "-" "Mozilla/5.0 AppleWebKit/537.36 (KHTML, like Gecko; compatible; ClaudeBot/1.0; +claudebot@anthropic.com)"
198.71.59.75 - - [04/Jul/2026:10:44:29 +0000] "GET /dfw/ HTTP/1.1" 200 73063 "-" "WP Rocket/Preload"
198.71.59.75 - - [04/Jul/2026:10:44:30 +0000] "GET /dfw/ HTTP/1.1" 200 73116 "-" "WP Rocket/Preload Mozilla/5.0 (iPhone; CPU iPhone OS 9_1 like Mac OS X) AppleWebKit/601.1.46 (KHTML, like Gecko) Version/9.0 Mobile/13B143 Safari/601.1"
198.71.59.75 - - [04/Jul/2026:10:44:31 +0000] "GET /dfw/carrollton-homes-for-sale/ HTTP/1.1" 200 13460 "-" "WP Rocket/Preload"
198.71.59.75 - - [04/Jul/2026:10:44:32 +0000] "GET /dfw/carrollton-homes-for-sale/ HTTP/1.1" 200 13460 "-" "WP Rocket/Preload Mozilla/5.0 (iPhone; CPU iPhone OS 9_1 like Mac OS X) AppleWebKit/601.1.46 (KHTML, like Gecko) Version/9.0 Mobile/13B143 Safari/601.1"
198.71.59.75 - - [04/Jul/2026:10:44:34 +0000] "GET /dfw/murphy-homes-for-sale/ HTTP/1.1" 200 13460 "-" "WP Rocket/Preload"
198.71.59.75 - - [04/Jul/2026:10:44:35 +0000] "GET /dfw/murphy-homes-for-sale/ HTTP/1.1" 200 13460 "-" "WP Rocket/Preload Mozilla/5.0 (iPhone; CPU iPhone OS 9_1 like Mac OS X) AppleWebKit/601.1.46 (KHTML, like Gecko) Version/9.0 Mobile/13B143 Safari/601.1"
198.71.59.75 - - [04/Jul/2026:10:44:37 +0000] "GET /black-swan-housing-market-crash/ HTTP/1.1" 200 91217 "-" "WP Rocket/Preload"
198.71.59.75 - - [04/Jul/2026:10:44:38 +0000] "GET /black-swan-housing-market-crash/ HTTP/1.1" 200 90341 "-" "WP Rocket/Preload Mozilla/5.0 (iPhone; CPU iPhone OS 9_1 like Mac OS X) AppleWebKit/601.1.46 (KHTML, like Gecko) Version/9.0 Mobile/13B143 Safari/601.1"
198.71.59.75 - - [04/Jul/2026:10:44:42 +0000] "GET /author/admin/ HTTP/1.1" 200 71232 "-" "WP Rocket/Preload"
198.71.59.75 - - [04/Jul/2026:10:44:43 +0000] "GET /author/admin/ HTTP/1.1" 200 73634 "-" "WP Rocket/Preload Mozilla/5.0 (iPhone; CPU iPhone OS 9_1 like Mac OS X) AppleWebKit/601.1.46 (KHTML, like Gecko) Version/9.0 Mobile/13B143 Safari/601.1"
198.71.59.75 - - [04/Jul/2026:10:44:44 +0000] "GET /affordable-housing/ HTTP/1.1" 200 84804 "-" "WP Rocket/Preload"
198.71.59.75 - - [04/Jul/2026:10:44:45 +0000] "GET /affordable-housing/ HTTP/1.1" 200 84761 "-" "WP Rocket/Preload Mozilla/5.0 (iPhone; CPU iPhone OS 9_1 like Mac OS X) AppleWebKit/601.1.46 (KHTML, like Gecko) Version/9.0 Mobile/13B143 Safari/601.1"
198.71.59.75 - - [04/Jul/2026:10:44:46 +0000] "GET /condo-vs-townhouse-which-is-better/ HTTP/1.1" 200 90498 "-" "WP Rocket/Preload"
198.71.59.75 - - [04/Jul/2026:10:44:47 +0000] "GET /condo-vs-townhouse-which-is-better/ HTTP/1.1" 200 89724 "-" "WP Rocket/Preload Mozilla/5.0 (iPhone; CPU iPhone OS 9_1 like Mac OS X) AppleWebKit/601.1.46 (KHTML, like Gecko) Version/9.0 Mobile/13B143 Safari/601.1"
198.71.59.75 - - [04/Jul/2026:10:44:48 +0000] "GET /test/ HTTP/1.1" 200 73135 "-" "WP Rocket/Preload"
198.71.59.75 - - [04/Jul/2026:10:44:40 +0000] "GET /vacation-rental/ HTTP/1.1" 200 13460 "-" "WP Rocket/Preload Mozilla/5.0 (iPhone; CPU iPhone OS 9_1 like Mac OS X) AppleWebKit/601.1.46 (KHTML, like Gecko) Version/9.0 Mobile/13B143 Safari/601.1"
198.71.59.75 - - [04/Jul/2026:10:44:39 +0000] "GET /vacation-rental/ HTTP/1.1" 200 13460 "-" "WP Rocket/Preload"
198.71.59.75 - - [04/Jul/2026:10:44:49 +0000] "GET /test/ HTTP/1.1" 200 73171 "-" "WP Rocket/Preload Mozilla/5.0 (iPhone; CPU iPhone OS 9_1 like Mac OS X) AppleWebKit/601.1.46 (KHTML, like Gecko) Version/9.0 Mobile/13B143 Safari/601.1"
198.71.59.75 - - [04/Jul/2026:10:44:50 +0000] "GET /for-rent/ HTTP/1.1" 200 13460 "-" "WP Rocket/Preload"
198.71.59.75 - - [04/Jul/2026:10:44:51 +0000] "GET /for-rent/ HTTP/1.1" 200 13460 "-" "WP Rocket/Preload Mozilla/5.0 (iPhone; CPU iPhone OS 9_1 like Mac OS X) AppleWebKit/601.1.46 (KHTML, like Gecko) Version/9.0 Mobile/13B143 Safari/601.1"
92.99.171.159 - - [04/Jul/2026:10:45:27 +0000] "GET /properties/features/pdf/?pid=215119 HTTP/1.1" 200 11325 "-" "Mozilla/5.0 (Windows NT 10.0; Win64; x64) AppleWebKit/537.36 (KHTML, like Gecko) Chrome/80.0.3987.132 Safari/537.36"
198.71.59.75 - - [04/Jul/2026:10:45:30 +0000] "GET /portfolio-item/longboat-key/ HTTP/1.1" 200 78378 "-" "WP Rocket/Preload"
198.71.59.75 - - [04/Jul/2026:10:45:31 +0000] "GET /portfolio-item/longboat-key/ HTTP/1.1" 200 78389 "-" "WP Rocket/Preload Mozilla/5.0 (iPhone; CPU iPhone OS 9_1 like Mac OS X) AppleWebKit/601.1.46 (KHTML, like Gecko) Version/9.0 Mobile/13B143 Safari/601.1"
52.5.142.182 - - [04/Jul/2026:10:45:32 +0000] "GET /?rets_import_cron_job=1&time=1783161931 HTTP/1.1" 200 5425 "-" "Wget/1.14 (linux-gnu)"
198.71.59.75 - - [04/Jul/2026:10:45:32 +0000] "GET /portfolio-item/portfolio-big/ HTTP/1.1" 200 79161 "-" "WP Rocket/Preload"
198.71.59.75 - - [04/Jul/2026:10:45:27 +0000] "GET /properties/ HTTP/1.1" 200 13460 "-" "WP Rocket/Preload"
198.71.59.75 - - [04/Jul/2026:10:45:29 +0000] "GET /properties/ HTTP/1.1" 200 13460 "-" "WP Rocket/Preload Mozilla/5.0 (iPhone; CPU iPhone OS 9_1 like Mac OS X) AppleWebKit/601.1.46 (KHTML, like Gecko) Version/9.0 Mobile/13B143 Safari/601.1"
198.71.59.75 - - [04/Jul/2026:10:45:33 +0000] "GET /portfolio-item/portfolio-big/ HTTP/1.1" 200 79180 "-" "WP Rocket/Preload Mozilla/5.0 (iPhone; CPU iPhone OS 9_1 like Mac OS X) AppleWebKit/601.1.46 (KHTML, like Gecko) Version/9.0 Mobile/13B143 Safari/601.1"
198.71.59.75 - - [04/Jul/2026:10:45:34 +0000] "GET /portfolio-item/sarasota/ HTTP/1.1" 200 78434 "-" "WP Rocket/Preload"
198.71.59.75 - - [04/Jul/2026:10:45:35 +0000] "GET /portfolio-item/sarasota/ HTTP/1.1" 200 77587 "-" "WP Rocket/Preload Mozilla/5.0 (iPhone; CPU iPhone OS 9_1 like Mac OS X) AppleWebKit/601.1.46 (KHTML, like Gecko) Version/9.0 Mobile/13B143 Safari/601.1"
198.71.59.75 - - [04/Jul/2026:10:45:36 +0000] "GET /portfolio-item/vimeo-video/ HTTP/1.1" 200 77261 "-" "WP Rocket/Preload"
198.71.59.75 - - [04/Jul/2026:10:45:37 +0000] "GET /portfolio-item/vimeo-video/ HTTP/1.1" 200 78239 "-" "WP Rocket/Preload Mozilla/5.0 (iPhone; CPU iPhone OS 9_1 like Mac OS X) AppleWebKit/601.1.46 (KHTML, like Gecko) Version/9.0 Mobile/13B143 Safari/601.1"
198.71.59.75 - - [04/Jul/2026:10:45:38 +0000] "GET /portfolio-item/slider-two-third/ HTTP/1.1" 200 76289 "-" "WP Rocket/Preload"
167.249.55.42 - - [04/Jul/2026:10:45:38 +0000] "GET /DFW/southlake-homes-for-sale/ HTTP/1.1" 200 49383 "-" "Mozilla/5.0 (Windows NT 10.0) AppleWebKit/537.36 (KHTML, like Gecko) Brave Chrome/89.0.4389.114 Safari/537.36"
198.71.59.75 - - [04/Jul/2026:10:45:39 +0000] "GET /portfolio-item/slider-two-third/ HTTP/1.1" 200 78343 "-" "WP Rocket/Preload Mozilla/5.0 (iPhone; CPU iPhone OS 9_1 like Mac OS X) AppleWebKit/601.1.46 (KHTML, like Gecko) Version/9.0 Mobile/13B143 Safari/601.1"
198.71.59.75 - - [04/Jul/2026:10:45:40 +0000] "GET /portfolio-item/placida/ HTTP/1.1" 200 78402 "-" "WP Rocket/Preload"
198.71.59.75 - - [04/Jul/2026:10:45:41 +0000] "GET /portfolio-item/placida/ HTTP/1.1" 200 78426 "-" "WP Rocket/Preload Mozilla/5.0 (iPhone; CPU iPhone OS 9_1 like Mac OS X) AppleWebKit/601.1.46 (KHTML, like Gecko) Version/9.0 Mobile/13B143 Safari/601.1"
198.71.59.75 - - [04/Jul/2026:10:45:42 +0000] "GET /portfolio-item/newyork/ HTTP/1.1" 200 78423 "-" "WP Rocket/Preload"
198.71.59.75 - - [04/Jul/2026:10:45:43 +0000] "GET /portfolio-item/newyork/ HTTP/1.1" 200 76673 "-" "WP Rocket/Preload Mozilla/5.0 (iPhone; CPU iPhone OS 9_1 like Mac OS X) AppleWebKit/601.1.46 (KHTML, like Gecko) Version/9.0 Mobile/13B143 Safari/601.1"
198.71.59.75 - - [04/Jul/2026:10:45:44 +0000] "GET /portfolio-item/lakeland/ HTTP/1.1" 200 78446 "-" "WP Rocket/Preload"
198.71.59.75 - - [04/Jul/2026:10:45:45 +0000] "GET /portfolio-item/lakeland/ HTTP/1.1" 200 78452 "-" "WP Rocket/Preload Mozilla/5.0 (iPhone; CPU iPhone OS 9_1 like Mac OS X) AppleWebKit/601.1.46 (KHTML, like Gecko) Version/9.0 Mobile/13B143 Safari/601.1"
198.71.59.75 - - [04/Jul/2026:10:45:46 +0000] "GET /portfolio-item/lorem-ipsum/ HTTP/1.1" 200 77330 "-" "WP Rocket/Preload"
198.71.59.75 - - [04/Jul/2026:10:45:46 +0000] "GET /portfolio-item/lorem-ipsum/ HTTP/1.1" 200 78287 "-" "WP Rocket/Preload Mozilla/5.0 (iPhone; CPU iPhone OS 9_1 like Mac OS X) AppleWebKit/601.1.46 (KHTML, like Gecko) Version/9.0 Mobile/13B143 Safari/601.1"
198.71.59.75 - - [04/Jul/2026:10:45:47 +0000] "GET /portfolio-item/chicago/ HTTP/1.1" 200 78437 "-" "WP Rocket/Preload"
198.71.59.75 - - [04/Jul/2026:10:45:48 +0000] "GET /portfolio-item/chicago/ HTTP/1.1" 200 78439 "-" "WP Rocket/Preload Mozilla/5.0 (iPhone; CPU iPhone OS 9_1 like Mac OS X) AppleWebKit/601.1.46 (KHTML, like Gecko) Version/9.0 Mobile/13B143 Safari/601.1"
198.71.59.75 - - [04/Jul/2026:10:45:49 +0000] "GET /crm/ HTTP/1.1" 200 72440 "-" "WP Rocket/Preload"
198.71.59.75 - - [04/Jul/2026:10:45:50 +0000] "GET /crm/ HTTP/1.1" 200 70977 "-" "WP Rocket/Preload Mozilla/5.0 (iPhone; CPU iPhone OS 9_1 like Mac OS X) AppleWebKit/601.1.46 (KHTML, like Gecko) Version/9.0 Mobile/13B143 Safari/601.1"
216.73.216.240 - - [04/Jul/2026:10:45:52 +0000] "GET /properties/features/pdf/?pid=208014 HTTP/1.1" 200 10849 "-" "Mozilla/5.0 AppleWebKit/537.36 (KHTML, like Gecko; compatible; ClaudeBot/1.0; +claudebot@anthropic.com)"
198.71.59.75 - - [04/Jul/2026:10:45:53 +0000] "GET /crm/crm-form/ HTTP/1.1" 200 73283 "-" "WP Rocket/Preload"
198.71.59.75 - - [04/Jul/2026:10:45:54 +0000] "GET /crm/crm-form/ HTTP/1.1" 200 72478 "-" "WP Rocket/Preload Mozilla/5.0 (iPhone; CPU iPhone OS 9_1 like Mac OS X) AppleWebKit/601.1.46 (KHTML, like Gecko) Version/9.0 Mobile/13B143 Safari/601.1"
198.71.59.75 - - [04/Jul/2026:10:45:55 +0000] "GET /portfolio-types/neighborhoods/ HTTP/1.1" 200 76563 "-" "WP Rocket/Preload"
198.71.59.75 - - [04/Jul/2026:10:45:56 +0000] "GET /portfolio-types/neighborhoods/ HTTP/1.1" 200 77411 "-" "WP Rocket/Preload Mozilla/5.0 (iPhone; CPU iPhone OS 9_1 like Mac OS X) AppleWebKit/601.1.46 (KHTML, like Gecko) Version/9.0 Mobile/13B143 Safari/601.1"
41.242.161.48 - - [04/Jul/2026:10:45:56 +0000] "GET /properties/features/pdf/?pid=223661 HTTP/1.1" 200 11122 "-" "Mozilla/5.0 (Windows NT 6.3; WOW64) AppleWebKit/537.36 (KHTML, like Gecko) Chrome/85.0.4183.121 Safari/537.36"
198.71.59.75 - - [04/Jul/2026:10:45:57 +0000] "GET /complexes/ HTTP/1.1" 200 77509 "-" "WP Rocket/Preload"
198.71.59.75 - - [04/Jul/2026:10:45:57 +0000] "GET /complexes/ HTTP/1.1" 200 75251 "-" "WP Rocket/Preload Mozilla/5.0 (iPhone; CPU iPhone OS 9_1 like Mac OS X) AppleWebKit/601.1.46 (KHTML, like Gecko) Version/9.0 Mobile/13B143 Safari/601.1"
216.73.216.240 - - [04/Jul/2026:10:46:01 +0000] "GET /properties/features/pdf/?pid=208035 HTTP/1.1" 200 10964 "-" "Mozilla/5.0 AppleWebKit/537.36 (KHTML, like Gecko; compatible; ClaudeBot/1.0; +claudebot@anthropic.com)"
198.71.59.75 - - [04/Jul/2026:10:46:01 +0000] "GET /dfw/prosper-homes-for-sale/ HTTP/1.1" 200 13460 "-" "WP Rocket/Preload"
198.71.59.75 - - [04/Jul/2026:10:46:03 +0000] "GET /dfw/prosper-homes-for-sale/ HTTP/1.1" 200 13460 "-" "WP Rocket/Preload Mozilla/5.0 (iPhone; CPU iPhone OS 9_1 like Mac OS X) AppleWebKit/601.1.46 (KHTML, like Gecko) Version/9.0 Mobile/13B143 Safari/601.1"
198.71.59.75 - - [04/Jul/2026:10:45:58 +0000] "GET /dfw/university-park-homes-for-sale/ HTTP/1.1" 200 13460 "-" "WP Rocket/Preload"
198.71.59.75 - - [04/Jul/2026:10:46:00 +0000] "GET /dfw/university-park-homes-for-sale/ HTTP/1.1" 200 13460 "-" "WP Rocket/Preload Mozilla/5.0 (iPhone; CPU iPhone OS 9_1 like Mac OS X) AppleWebKit/601.1.46 (KHTML, like Gecko) Version/9.0 Mobile/13B143 Safari/601.1"
198.71.59.75 - - [04/Jul/2026:10:46:04 +0000] "GET /dfw/little-elm-homes-for-sale/ HTTP/1.1" 200 13460 "-" "WP Rocket/Preload"
198.71.59.75 - - [04/Jul/2026:10:46:06 +0000] "GET /dfw/little-elm-homes-for-sale/ HTTP/1.1" 200 13460 "-" "WP Rocket/Preload Mozilla/5.0 (iPhone; CPU iPhone OS 9_1 like Mac OS X) AppleWebKit/601.1.46 (KHTML, like Gecko) Version/9.0 Mobile/13B143 Safari/601.1"
198.71.59.75 - - [04/Jul/2026:10:46:07 +0000] "GET /dfw/lucas-homes-for-sale/ HTTP/1.1" 200 13460 "-" "WP Rocket/Preload"
198.71.59.75 - - [04/Jul/2026:10:46:09 +0000] "GET /dfw/lucas-homes-for-sale/ HTTP/1.1" 200 13460 "-" "WP Rocket/Preload Mozilla/5.0 (iPhone; CPU iPhone OS 9_1 like Mac OS X) AppleWebKit/601.1.46 (KHTML, like Gecko) Version/9.0 Mobile/13B143 Safari/601.1"
198.71.59.75 - - [04/Jul/2026:10:46:10 +0000] "GET /dfw/southlake-homes-for-sale/ HTTP/1.1" 200 13460 "-" "WP Rocket/Preload"
198.71.59.75 - - [04/Jul/2026:10:46:12 +0000] "GET /dfw/southlake-homes-for-sale/ HTTP/1.1" 200 13460 "-" "WP Rocket/Preload Mozilla/5.0 (iPhone; CPU iPhone OS 9_1 like Mac OS X) AppleWebKit/601.1.46 (KHTML, like Gecko) Version/9.0 Mobile/13B143 Safari/601.1"
198.71.59.75 - - [04/Jul/2026:10:46:13 +0000] "GET /dfw/grapevine-homes-for-sale/ HTTP/1.1" 200 13460 "-" "WP Rocket/Preload"
198.71.59.75 - - [04/Jul/2026:10:46:15 +0000] "GET /dfw/grapevine-homes-for-sale/ HTTP/1.1" 200 13460 "-" "WP Rocket/Preload Mozilla/5.0 (iPhone; CPU iPhone OS 9_1 like Mac OS X) AppleWebKit/601.1.46 (KHTML, like Gecko) Version/9.0 Mobile/13B143 Safari/601.1"
66.249.79.193 - - [04/Jul/2026:10:46:32 +0000] "GET /properties/210986-Residential-Income-Fort-Worth-Texas-76134-2-Bedrooms-2-Bathrooms-USD389-900/ HTTP/1.1" 200 40216 "-" "Mozilla/5.0 (Linux; Android 6.0.1; Nexus 5X Build/MMB29P) AppleWebKit/537.36 (KHTML, like Gecko) Chrome/150.0.7871.46 Mobile Safari/537.36 (compatible; GoogleOther)"
216.73.216.240 - - [04/Jul/2026:10:46:33 +0000] "GET /properties/features/pdf/?pid=208007 HTTP/1.1" 200 11046 "-" "Mozilla/5.0 AppleWebKit/537.36 (KHTML, like Gecko; compatible; ClaudeBot/1.0; +claudebot@anthropic.com)"
216.73.216.240 - - [04/Jul/2026:10:47:02 +0000] "GET /properties/features/pdf/?pid=207951 HTTP/1.1" 200 10914 "-" "Mozilla/5.0 AppleWebKit/537.36 (KHTML, like Gecko; compatible; ClaudeBot/1.0; +claudebot@anthropic.com)"
198.71.59.75 - - [04/Jul/2026:10:47:02 +0000] "GET /dfw/allen-homes-for-sale/ HTTP/1.1" 200 97243 "-" "WP Rocket/Preload"
198.71.59.75 - - [04/Jul/2026:10:47:04 +0000] "GET /dfw/allen-homes-for-sale/ HTTP/1.1" 200 13460 "-" "WP Rocket/Preload Mozilla/5.0 (iPhone; CPU iPhone OS 9_1 like Mac OS X) AppleWebKit/601.1.46 (KHTML, like Gecko) Version/9.0 Mobile/13B143 Safari/601.1"
198.71.59.75 - - [04/Jul/2026:10:47:06 +0000] "GET /dfw/flower-mound-homes-for-sale/ HTTP/1.1" 200 13460 "-" "WP Rocket/Preload"
198.71.59.75 - - [04/Jul/2026:10:47:07 +0000] "GET /dfw/flower-mound-homes-for-sale/ HTTP/1.1" 200 13460 "-" "WP Rocket/Preload Mozilla/5.0 (iPhone; CPU iPhone OS 9_1 like Mac OS X) AppleWebKit/601.1.46 (KHTML, like Gecko) Version/9.0 Mobile/13B143 Safari/601.1"
198.71.59.75 - - [04/Jul/2026:10:47:09 +0000] "GET /dfw/farmers-branch-homes-for-sale/ HTTP/1.1" 200 13460 "-" "WP Rocket/Preload"
198.71.59.75 - - [04/Jul/2026:10:47:10 +0000] "GET /dfw/farmers-branch-homes-for-sale/ HTTP/1.1" 200 13460 "-" "WP Rocket/Preload Mozilla/5.0 (iPhone; CPU iPhone OS 9_1 like Mac OS X) AppleWebKit/601.1.46 (KHTML, like Gecko) Version/9.0 Mobile/13B143 Safari/601.1"
198.71.59.75 - - [04/Jul/2026:10:47:12 +0000] "GET /dfw/sachse-homes-for-sale/ HTTP/1.1" 200 13460 "-" "WP Rocket/Preload"
198.71.59.75 - - [04/Jul/2026:10:47:13 +0000] "GET /dfw/sachse-homes-for-sale/ HTTP/1.1" 200 13460 "-" "WP Rocket/Preload Mozilla/5.0 (iPhone; CPU iPhone OS 9_1 like Mac OS X) AppleWebKit/601.1.46 (KHTML, like Gecko) Version/9.0 Mobile/13B143 Safari/601.1"
198.71.59.75 - - [04/Jul/2026:10:47:15 +0000] "GET /dfw/rockwall-homes-for-sale/ HTTP/1.1" 200 13460 "-" "WP Rocket/Preload"
66.249.79.195 - - [04/Jul/2026:10:47:17 +0000] "POST /properties/210986-Residential-Income-Fort-Worth-Texas-76134-2-Bedrooms-2-Bathrooms-USD389-900/ HTTP/1.1" 200 5602 "https://www.agenttango.com/properties/210986-Residential-Income-Fort-Worth-Texas-76134-2-Bedrooms-2-Bathrooms-USD389-900/" "Mozilla/5.0 (Linux; Android 6.0.1; Nexus 5X Build/MMB29P) AppleWebKit/537.36 (KHTML, like Gecko) Chrome/150.0.7871.46 Mobile Safari/537.36 (compatible; GoogleOther)"
198.71.59.75 - - [04/Jul/2026:10:47:16 +0000] "GET /dfw/rockwall-homes-for-sale/ HTTP/1.1" 200 13460 "-" "WP Rocket/Preload Mozilla/5.0 (iPhone; CPU iPhone OS 9_1 like Mac OS X) AppleWebKit/601.1.46 (KHTML, like Gecko) Version/9.0 Mobile/13B143 Safari/601.1"
198.71.59.75 - - [04/Jul/2026:10:47:18 +0000] "GET /dfw/richardson-homes-for-sale/ HTTP/1.1" 200 13460 "-" "WP Rocket/Preload"
160.177.23.150 - - [04/Jul/2026:10:47:20 +0000] "GET /home/about/ HTTP/1.1" 200 72862 "-" "Mozilla/5.0 (Windows NT 6.1) AppleWebKit/537.36 (KHTML, like Gecko) Chrome/87.0.4280.107 Safari/537.36"
198.71.59.75 - - [04/Jul/2026:10:47:19 +0000] "GET /dfw/richardson-homes-for-sale/ HTTP/1.1" 200 13460 "-" "WP Rocket/Preload Mozilla/5.0 (iPhone; CPU iPhone OS 9_1 like Mac OS X) AppleWebKit/601.1.46 (KHTML, like Gecko) Version/9.0 Mobile/13B143 Safari/601.1"
198.71.59.75 - - [04/Jul/2026:10:47:21 +0000] "GET /dfw/garland-homes-for-sale/ HTTP/1.1" 200 13460 "-" "WP Rocket/Preload"
198.71.59.75 - - [04/Jul/2026:10:47:22 +0000] "GET /dfw/garland-homes-for-sale/ HTTP/1.1" 200 13460 "-" "WP Rocket/Preload Mozilla/5.0 (iPhone; CPU iPhone OS 9_1 like Mac OS X) AppleWebKit/601.1.46 (KHTML, like Gecko) Version/9.0 Mobile/13B143 Safari/601.1"
216.73.216.240 - - [04/Jul/2026:10:47:30 +0000] "GET /properties/features/pdf/?pid=207973 HTTP/1.1" 200 11154 "-" "Mozilla/5.0 AppleWebKit/537.36 (KHTML, like Gecko; compatible; ClaudeBot/1.0; +claudebot@anthropic.com)"
177.10.23.129 - - [04/Jul/2026:10:47:39 +0000] "GET /properties/222796-Residential-Weatherford-Texas-76088-4-Bedrooms-2-Bathrooms-USD699-900/ HTTP/1.1" 200 46802 "-" "Mozilla/5.0 (Macintosh; Intel Mac OS X 11_2_3) AppleWebKit/537.36 (KHTML, like Gecko) Chrome/88.0.4324.192 Safari/537.36"
198.71.59.75 - - [04/Jul/2026:10:47:39 +0000] "GET /dfw/addison-homes-for-sale/ HTTP/1.1" 200 13460 "-" "WP Rocket/Preload"
198.71.59.75 - - [04/Jul/2026:10:47:41 +0000] "GET /dfw/addison-homes-for-sale/ HTTP/1.1" 200 13460 "-" "WP Rocket/Preload Mozilla/5.0 (iPhone; CPU iPhone OS 9_1 like Mac OS X) AppleWebKit/601.1.46 (KHTML, like Gecko) Version/9.0 Mobile/13B143 Safari/601.1"
198.71.59.75 - - [04/Jul/2026:10:47:42 +0000] "GET /dfw/melissa-homes-for-sale/ HTTP/1.1" 200 13460 "-" "WP Rocket/Preload"
198.71.59.75 - - [04/Jul/2026:10:47:44 +0000] "GET /dfw/melissa-homes-for-sale/ HTTP/1.1" 200 13460 "-" "WP Rocket/Preload Mozilla/5.0 (iPhone; CPU iPhone OS 9_1 like Mac OS X) AppleWebKit/601.1.46 (KHTML, like Gecko) Version/9.0 Mobile/13B143 Safari/601.1"
198.71.59.75 - - [04/Jul/2026:10:47:45 +0000] "GET /dfw/lewisville-homes-for-sale/ HTTP/1.1" 200 13460 "-" "WP Rocket/Preload"
198.71.59.75 - - [04/Jul/2026:10:47:47 +0000] "GET /dfw/lewisville-homes-for-sale/ HTTP/1.1" 200 13460 "-" "WP Rocket/Preload Mozilla/5.0 (iPhone; CPU iPhone OS 9_1 like Mac OS X) AppleWebKit/601.1.46 (KHTML, like Gecko) Version/9.0 Mobile/13B143 Safari/601.1"
198.71.59.75 - - [04/Jul/2026:10:47:48 +0000] "GET /hoa-homeowners-rules-that-may-make-you-change-your-mind/ HTTP/1.1" 200 87102 "-" "WP Rocket/Preload"
198.71.59.75 - - [04/Jul/2026:10:47:49 +0000] "GET /hoa-homeowners-rules-that-may-make-you-change-your-mind/ HTTP/1.1" 200 87638 "-" "WP Rocket/Preload Mozilla/5.0 (iPhone; CPU iPhone OS 9_1 like Mac OS X) AppleWebKit/601.1.46 (KHTML, like Gecko) Version/9.0 Mobile/13B143 Safari/601.1"
198.71.59.75 - - [04/Jul/2026:10:47:53 +0000] "GET /fair-home-offers-in-this-current-housing-market/ HTTP/1.1" 200 86347 "-" "WP Rocket/Preload"
198.71.59.75 - - [04/Jul/2026:10:47:54 +0000] "GET /fair-home-offers-in-this-current-housing-market/ HTTP/1.1" 200 86136 "-" "WP Rocket/Preload Mozilla/5.0 (iPhone; CPU iPhone OS 9_1 like Mac OS X) AppleWebKit/601.1.46 (KHTML, like Gecko) Version/9.0 Mobile/13B143 Safari/601.1"
198.71.59.75 - - [04/Jul/2026:10:47:52 +0000] "GET /for-sale/ HTTP/1.1" 200 13460 "-" "WP Rocket/Preload Mozilla/5.0 (iPhone; CPU iPhone OS 9_1 like Mac OS X) AppleWebKit/601.1.46 (KHTML, like Gecko) Version/9.0 Mobile/13B143 Safari/601.1"
198.71.59.75 - - [04/Jul/2026:10:47:50 +0000] "GET /for-sale/ HTTP/1.1" 200 13460 "-" "WP Rocket/Preload"
104.28.198.134 - - [04/Jul/2026:10:48:25 +0000] "GET /properties/221985-Residential-Richardson-Texas-75081-2-Bedrooms-1-Bathroom-USD289-900/ HTTP/1.1" 200 44512 "-" "Mozilla/5.0 (Macintosh; Intel Mac OS X 10_13_6) AppleWebKit/537.36 (KHTML, like Gecko) Chrome/89.0.4389.114 Safari/537.36"
5.133.192.167 - - [04/Jul/2026:10:48:26 +0000] "GET / HTTP/1.1" 200 106600 "-" "Mozilla/5.0 (Windows NT 10.0; Win64; x64) AppleWebKit/537.36 (KHTML, like Gecko) Chrome/105.0.0.0 Safari/537.36"
105.163.158.206 - - [04/Jul/2026:10:49:02 +0000] "GET /properties/20753-Residential-Celina-Texas-75009-3-Bedrooms-3-Bathrooms-USD495-000/ HTTP/1.1" 200 45906 "-" "Mozilla/5.0 (Macintosh; Intel Mac OS X 11_2_1) AppleWebKit/537.36 (KHTML, like Gecko) Brave Chrome/88.0.4324.182 Safari/537.36"
66.249.79.194 - - [04/Jul/2026:10:49:09 +0000] "GET /properties/211126-Residential-Income-Dallas-Texas-75208-2-Bedrooms-2-Bathrooms-USD349-900/ HTTP/1.1" 200 42995 "-" "Mozilla/5.0 (Linux; Android 6.0.1; Nexus 5X Build/MMB29P) AppleWebKit/537.36 (KHTML, like Gecko) Chrome/150.0.7871.46 Mobile Safari/537.36 (compatible; GoogleOther)"
66.249.79.194 - - [04/Jul/2026:10:49:14 +0000] "POST /properties/211126-Residential-Income-Dallas-Texas-75208-2-Bedrooms-2-Bathrooms-USD349-900/ HTTP/1.1" 200 5602 "https://www.agenttango.com/properties/211126-Residential-Income-Dallas-Texas-75208-2-Bedrooms-2-Bathrooms-USD349-900/" "Mozilla/5.0 (Linux; Android 6.0.1; Nexus 5X Build/MMB29P) AppleWebKit/537.36 (KHTML, like Gecko) Chrome/150.0.7871.46 Mobile Safari/537.36 (compatible; GoogleOther)"
217.165.78.97 - - [04/Jul/2026:10:49:26 +0000] "GET /properties/161484-Residential-University-Park-Texas-75205-5-Bedrooms-5-Bathrooms-USD8-995-000/ HTTP/1.1" 200 45537 "-" "Mozilla/5.0 (Macintosh; Intel Mac OS X 10_11_0) AppleWebKit/537.36 (KHTML, like Gecko) Chrome/65.0.3325.93 Safari/537.36"
216.73.216.240 - - [04/Jul/2026:10:49:37 +0000] "GET /properties/features/pdf/?pid=208062 HTTP/1.1" 200 11032 "-" "Mozilla/5.0 AppleWebKit/537.36 (KHTML, like Gecko; compatible; ClaudeBot/1.0; +claudebot@anthropic.com)"
52.5.142.182 - - [04/Jul/2026:10:50:32 +0000] "GET /?rets_import_cron_job=1&time=1783162231 HTTP/1.1" 200 5425 "-" "Wget/1.14 (linux-gnu)"
216.73.216.240 - - [04/Jul/2026:10:50:40 +0000] "GET /properties/features/pdf/?pid=207988 HTTP/1.1" 200 10985 "-" "Mozilla/5.0 AppleWebKit/537.36 (KHTML, like Gecko; compatible; ClaudeBot/1.0; +claudebot@anthropic.com)"
111.225.214.142 - - [04/Jul/2026:10:50:40 +0000] "GET /DFW/plano-homes-for-sale/?wplpage=5 HTTP/1.1" 200 54810 "-" "Mozilla/5.0 (Windows NT 10.0; WOW64) AppleWebKit/537.36 (KHTML, like Gecko) Chrome/48.0.2564.116 Safari/537.36"
116.179.33.149 - - [04/Jul/2026:10:50:48 +0000] "GET /wp-content/boost-cache/static/c36f13ad03.min.js HTTP/1.1" 200 5512 "https://www.agenttango.com/DFW/plano-homes-for-sale/?wplpage=5" "Mozilla/5.0 (Windows NT 10.0; Win64; x64) AppleWebKit/537.36 (KHTML, like Gecko) Chrome/99.0.4844.51 Safari/537.36"
116.179.33.141 - - [04/Jul/2026:10:50:48 +0000] "GET /wp-content/plugins/wp-google-maps/lib/text.js?ver=7.0 HTTP/1.1" 200 5510 "https://www.agenttango.com/DFW/plano-homes-for-sale/?wplpage=5" "Mozilla/5.0 (Windows NT 10.0; Win64; x64) AppleWebKit/537.36 (KHTML, like Gecko) Chrome/99.0.4844.51 Safari/537.36"
116.179.33.19 - - [04/Jul/2026:10:50:48 +0000] "GET /wp-content/boost-cache/static/eb4d10f95b.min.js HTTP/1.1" 200 5512 "https://www.agenttango.com/DFW/plano-homes-for-sale/?wplpage=5" "Mozilla/5.0 (Windows NT 10.0; Win64; x64) AppleWebKit/537.36 (KHTML, like Gecko) Chrome/99.0.4844.51 Safari/537.36"
116.179.33.10 - - [04/Jul/2026:10:50:48 +0000] "GET /wp-content/boost-cache/static/e20ec94d12.min.js HTTP/1.1" 200 5512 "https://www.agenttango.com/DFW/plano-homes-for-sale/?wplpage=5" "Mozilla/5.0 (Windows NT 10.0; Win64; x64) AppleWebKit/537.36 (KHTML, like Gecko) Chrome/99.0.4844.51 Safari/537.36"
116.179.33.140 - - [04/Jul/2026:10:50:48 +0000] "GET /wp-content/boost-cache/static/fadaf1638b.min.js HTTP/1.1" 200 5512 "https://www.agenttango.com/DFW/plano-homes-for-sale/?wplpage=5" "Mozilla/5.0 (Windows NT 10.0; Win64; x64) AppleWebKit/537.36 (KHTML, like Gecko) Chrome/99.0.4844.51 Safari/537.36"
116.179.33.77 - - [04/Jul/2026:10:50:48 +0000] "GET /wp-content/boost-cache/static/28858fdadb.min.js HTTP/1.1" 200 52744 "https://www.agenttango.com/DFW/plano-homes-for-sale/?wplpage=5" "Mozilla/5.0 (Windows NT 10.0; Win64; x64) AppleWebKit/537.36 (KHTML, like Gecko) Chrome/99.0.4844.51 Safari/537.36"
116.179.33.82 - - [04/Jul/2026:10:50:49 +0000] "GET /wp-content/boost-cache/static/d54b63aac4.min.js HTTP/1.1" 200 5512 "https://www.agenttango.com/DFW/plano-homes-for-sale/?wplpage=5" "Mozilla/5.0 (Windows NT 10.0; Win64; x64) AppleWebKit/537.36 (KHTML, like Gecko) Chrome/99.0.4844.51 Safari/537.36"
116.179.33.201 - - [04/Jul/2026:10:50:55 +0000] "GET /wp-content/plugins/real-estate-listing-realtyna-wpl-pro/assets/js/js_inline.html HTTP/1.1" 200 5539 "https://www.agenttango.com/DFW/plano-homes-for-sale/?wplpage=5" "Mozilla/5.0 (Windows NT 10.0; Win64; x64) AppleWebKit/537.36 (KHTML, like Gecko) Chrome/99.0.4844.51 Safari/537.36"
116.179.33.205 - - [04/Jul/2026:10:50:55 +0000] "POST /DFW/plano-homes-for-sale/?wplpage=5 HTTP/1.1" 200 5602 "https://www.agenttango.com/DFW/plano-homes-for-sale/?wplpage=5" "Mozilla/5.0 (Windows NT 10.0; Win64; x64) AppleWebKit/537.36 (KHTML, like Gecko) Chrome/99.0.4844.51 Safari/537.36"
197.200.38.147 - - [04/Jul/2026:10:50:59 +0000] "GET /properties/164983-Residential-Richardson-Texas-75081-5-Bedrooms-4-Bathrooms-USD789-000/ HTTP/1.1" 200 46135 "-" "Mozilla/5.0 (Windows NT 10.0; Win64; x64) AppleWebKit/537.36 (KHTML, like Gecko) Chrome/89.0.4389.58 Safari/537.36"
123.245.84.16 - - [04/Jul/2026:10:51:20 +0000] "GET / HTTP/1.1" 200 569747 "-" "Go-http-client/1.1"
197.32.75.141 - - [04/Jul/2026:10:51:23 +0000] "GET /properties/features/pdf/?pid=205571 HTTP/1.1" 200 10996 "-" "Mozilla/5.0 (Macintosh; Intel Mac OS X 10_11_3) AppleWebKit/537.36 (KHTML, like Gecko) Chrome/65.0.3325.6 Safari/537.36"
216.73.216.240 - - [04/Jul/2026:10:51:30 +0000] "GET /properties/features/pdf/?pid=208039 HTTP/1.1" 200 10954 "-" "Mozilla/5.0 AppleWebKit/537.36 (KHTML, like Gecko; compatible; ClaudeBot/1.0; +claudebot@anthropic.com)"
52.167.144.169 - - [04/Jul/2026:10:52:23 +0000] "GET /dfw/allen-homes-for-sale/ HTTP/1.1" 200 96857 "-" "Mozilla/5.0 AppleWebKit/537.36 (KHTML, like Gecko; compatible; bingbot/2.0; +http://www.bing.com/bingbot.htm) Chrome/116.0.1938.76 Safari/537.36"
185.39.196.57 - - [04/Jul/2026:10:52:38 +0000] "GET /properties/202679-Residential-Richardson-Texas-75082-4-Bedrooms-3-Bathrooms-USD779-000/ HTTP/1.1" 200 46872 "-" "Mozilla/5.0 (Windows NT 5.1; WOW64) AppleWebKit/537.36 (KHTML, like Gecko) Chrome/75.0.3770.100 ADG/11.0.2566 AOLBUILD/11.0.2566 Safari/537.36"
216.73.216.240 - - [04/Jul/2026:10:52:43 +0000] "GET /properties/features/pdf/?pid=208067 HTTP/1.1" 200 11086 "-" "Mozilla/5.0 AppleWebKit/537.36 (KHTML, like Gecko; compatible; ClaudeBot/1.0; +claudebot@anthropic.com)"
102.42.148.17 - - [04/Jul/2026:10:53:04 +0000] "GET /properties/224955-Residential-Income-Fort-Worth-Texas-76109-7-Bedrooms-4-Bathrooms-USD1-499-000/ HTTP/1.1" 200 46745 "-" "Mozilla/5.0 (Windows NT 10.0; Win64; x64) AppleWebKit/537.36 (KHTML, like Gecko) Chrome/92.0.4515.107 Safari/537.36"
154.255.57.164 - - [04/Jul/2026:10:53:22 +0000] "GET /properties/215834-Residential-University-Park-Texas-75205-3-Bedrooms-3-Bathrooms-USD1-395-000/ HTTP/1.1" 200 46664 "-" "Mozilla/5.0 (Macintosh; Intel Mac OS X 10_13_6) AppleWebKit/537.36 (KHTML, like Gecko) Chrome/80.0.3987.132 Safari/537.36"
154.254.54.35 - - [04/Jul/2026:10:53:24 +0000] "GET /properties/features/pdf/?pid=211468 HTTP/1.1" 200 11203 "-" "Mozilla/5.0 (Windows NT 6.1; WOW64) AppleWebKit/537.36 (KHTML, like Gecko) Chrome/29.0.1547.62 Safari/537.36"
178.153.47.252 - - [04/Jul/2026:10:53:59 +0000] "GET /properties/features/pdf/?pid=223775 HTTP/1.1" 200 11038 "-" "Mozilla/5.0 (Windows NT 10.0; Win64; x64) AppleWebKit/537.36 (KHTML, like Gecko) Chrome/80.0.3987.132 Safari/537.36"
54.39.6.248 - - [04/Jul/2026:10:54:04 +0000] "GET /sitemap_index.xml HTTP/1.1" 200 6046 "-" "Mozilla/5.0 (compatible; AhrefsBot/7.0; +http://ahrefs.com/robot/)"
142.44.233.240 - - [04/Jul/2026:10:54:06 +0000] "GET /post-sitemap.xml HTTP/1.1" 200 7279 "-" "Mozilla/5.0 (compatible; AhrefsBot/7.0; +http://ahrefs.com/robot/)"
54.39.0.204 - - [04/Jul/2026:10:54:07 +0000] "GET /page-sitemap.xml HTTP/1.1" 200 7156 "-" "Mozilla/5.0 (compatible; AhrefsBot/7.0; +http://ahrefs.com/robot/)"
142.44.233.169 - - [04/Jul/2026:10:54:08 +0000] "GET /portfolio-sitemap.xml HTTP/1.1" 200 6194 "-" "Mozilla/5.0 (compatible; AhrefsBot/7.0; +http://ahrefs.com/robot/)"
167.114.139.182 - - [04/Jul/2026:10:54:10 +0000] "GET /category-sitemap.xml HTTP/1.1" 200 6087 "-" "Mozilla/5.0 (compatible; AhrefsBot/7.0; +http://ahrefs.com/robot/)"
54.39.203.93 - - [04/Jul/2026:10:54:11 +0000] "GET /portfolio-types-sitemap.xml HTTP/1.1" 200 6049 "-" "Mozilla/5.0 (compatible; AhrefsBot/7.0; +http://ahrefs.com/robot/)"
54.39.203.7 - - [04/Jul/2026:10:54:13 +0000] "GET /author-sitemap.xml HTTP/1.1" 200 6044 "-" "Mozilla/5.0 (compatible; AhrefsBot/7.0; +http://ahrefs.com/robot/)"
216.73.216.240 - - [04/Jul/2026:10:54:20 +0000] "GET /robots.txt HTTP/1.1" 200 5871 "-" "Mozilla/5.0 AppleWebKit/537.36 (KHTML, like Gecko; compatible; ClaudeBot/1.0; +claudebot@anthropic.com)"
216.73.216.240 - - [04/Jul/2026:10:54:20 +0000] "GET /properties/features/pdf/?pid=208033 HTTP/1.1" 200 10948 "-" "Mozilla/5.0 AppleWebKit/537.36 (KHTML, like Gecko; compatible; ClaudeBot/1.0; +claudebot@anthropic.com)"
14.191.38.243 - - [04/Jul/2026:10:54:26 +0000] "GET /properties/194389-Residential-Plano-Texas-75075-1-Bedroom-1-Bathroom-USD215-000/ HTTP/1.1" 200 44742 "-" "Mozilla/5.0 (Windows NT 6.1; Win64; x64) AppleWebKit/537.36 (KHTML, like Gecko) Chrome/80.0.3987.132 Safari/537.36"
216.73.216.240 - - [04/Jul/2026:10:54:44 +0000] "GET /properties/features/pdf/?pid=208020 HTTP/1.1" 200 11049 "-" "Mozilla/5.0 AppleWebKit/537.36 (KHTML, like Gecko; compatible; ClaudeBot/1.0; +claudebot@anthropic.com)"
52.5.142.182 - - [04/Jul/2026:10:55:32 +0000] "GET /?rets_import_cron_job=1&time=1783162532 HTTP/1.1" 200 5425 "-" "Wget/1.14 (linux-gnu)"
38.56.200.213 - - [04/Jul/2026:10:56:35 +0000] "GET /properties/features/pdf/?pid=200391 HTTP/1.1" 200 11174 "-" "Mozilla/5.0 (Macintosh; Intel Mac OS X 10_15_6) AppleWebKit/537.36 (KHTML, like Gecko) Brave Chrome/84.0.4147.125 Safari/537.36"
103.191.122.18 - - [04/Jul/2026:10:58:03 +0000] "GET /properties/features/pdf/?pid=172145 HTTP/1.1" 200 11175 "-" "Mozilla/5.0 (Macintosh; Intel Mac OS X 10_13_4) AppleWebKit/537.36 (KHTML, like Gecko) Chrome/66.0.3359.139 Safari/537.36"
177.125.130.48 - - [04/Jul/2026:10:58:30 +0000] "GET /properties/221605-Residential-Weatherford-Texas-76085-4-Bedrooms-2-Bathrooms-USD330-000/ HTTP/1.1" 200 45416 "-" "Mozilla/5.0 (Macintosh; Intel Mac OS X 10_15_7) AppleWebKit/537.36 (KHTML, like Gecko) Chrome/86.0.4240.193 Safari/537.36"
66.249.79.194 - - [04/Jul/2026:10:59:03 +0000] "GET /properties/features/pdf/?pid=215957 HTTP/1.1" 200 10916 "-" "Mozilla/5.0 (Linux; Android 6.0.1; Nexus 5X Build/MMB29P) AppleWebKit/537.36 (KHTML, like Gecko) Chrome/150.0.7871.46 Mobile Safari/537.36 (compatible; GoogleOther)"
80.233.52.44 - - [04/Jul/2026:10:59:07 +0000] "GET /properties/features/pdf/?pid=223223 HTTP/1.1" 200 11274 "-" "Mozilla/5.0 (Windows NT 5.1) AppleWebKit/537.36 (KHTML, like Gecko) Chrome/34.0.1866.237 Safari/537.36"
52.5.142.182 - - [04/Jul/2026:11:00:28 +0000] "GET /?rets_purge_cron_job=1&time=1783162827 HTTP/1.1" 200 5425 "-" "Wget/1.14 (linux-gnu)"
52.5.142.182 - - [04/Jul/2026:11:00:32 +0000] "GET /?rets_import_cron_job=1&time=1783162832 HTTP/1.1" 200 5425 "-" "Wget/1.14 (linux-gnu)"
171.249.224.137 - - [04/Jul/2026:11:01:31 +0000] "GET /properties/features/pdf/?pid=223805 HTTP/1.1" 200 10897 "-" "Mozilla/5.0 (Macintosh; Intel Mac OS X 10_12_0) AppleWebKit/537.36 (KHTML, like Gecko) Chrome/65.0.3325.5 Safari/537.36"
202.59.209.75 - - [04/Jul/2026:11:01:37 +0000] "GET /properties/121664-Residential-Azle-Texas-76020-4-Bedrooms-3-Bathrooms-USD499-900/ HTTP/1.1" 200 47123 "-" "Mozilla/5.0 (Macintosh; Intel Mac OS X 10_15_3) AppleWebKit/537.36 (KHTML, like Gecko) Chrome/79.0.3945.130 Safari/537.36\tChrome 79.0"
216.73.216.240 - - [04/Jul/2026:11:02:07 +0000] "GET /properties/225022-%240/ HTTP/1.1" 200 38964 "-" "Mozilla/5.0 AppleWebKit/537.36 (KHTML, like Gecko; compatible; ClaudeBot/1.0; +claudebot@anthropic.com)"
216.73.216.240 - - [04/Jul/2026:11:02:08 +0000] "GET /properties/features/pdf/?pid=69880 HTTP/1.1" 200 10972 "-" "Mozilla/5.0 AppleWebKit/537.36 (KHTML, like Gecko; compatible; ClaudeBot/1.0; +claudebot@anthropic.com)"
216.73.216.240 - - [04/Jul/2026:11:02:12 +0000] "GET /properties/features/pdf/?pid=55883 HTTP/1.1" 200 11103 "-" "Mozilla/5.0 AppleWebKit/537.36 (KHTML, like Gecko; compatible; ClaudeBot/1.0; +claudebot@anthropic.com)"
216.73.216.240 - - [04/Jul/2026:11:02:13 +0000] "GET /properties/features/pdf/?pid=76258 HTTP/1.1" 200 10874 "-" "Mozilla/5.0 AppleWebKit/537.36 (KHTML, like Gecko; compatible; ClaudeBot/1.0; +claudebot@anthropic.com)"
39.58.214.27 - - [04/Jul/2026:11:02:27 +0000] "GET /properties/207242-Residential-Melissa-Texas-75454-3-Bedrooms-2-Bathrooms-USD405-000/ HTTP/1.1" 200 45864 "-" "Mozilla/5.0 (Macintosh; Intel Mac OS X 10_13_6) AppleWebKit/537.36 (KHTML, like Gecko) Brave Chrome/85.0.4183.83 Safari/537.36"
216.73.216.240 - - [04/Jul/2026:11:02:30 +0000] "GET /properties/features/pdf/?pid=74358 HTTP/1.1" 200 10877 "-" "Mozilla/5.0 AppleWebKit/537.36 (KHTML, like Gecko; compatible; ClaudeBot/1.0; +claudebot@anthropic.com)"
216.73.216.240 - - [04/Jul/2026:11:02:31 +0000] "GET /properties/features/pdf/?pid=78438 HTTP/1.1" 200 10962 "-" "Mozilla/5.0 AppleWebKit/537.36 (KHTML, like Gecko; compatible; ClaudeBot/1.0; +claudebot@anthropic.com)"
216.73.216.240 - - [04/Jul/2026:11:02:35 +0000] "GET /properties/features/pdf/?pid=70442 HTTP/1.1" 200 10928 "-" "Mozilla/5.0 AppleWebKit/537.36 (KHTML, like Gecko; compatible; ClaudeBot/1.0; +claudebot@anthropic.com)"
216.73.216.240 - - [04/Jul/2026:11:02:35 +0000] "GET /properties/features/pdf/?pid=77863 HTTP/1.1" 200 10894 "-" "Mozilla/5.0 AppleWebKit/537.36 (KHTML, like Gecko; compatible; ClaudeBot/1.0; +claudebot@anthropic.com)"
41.142.225.235 - - [04/Jul/2026:11:02:37 +0000] "GET /properties/features/pdf/?pid=221332 HTTP/1.1" 200 11066 "-" "Mozilla/5.0 (Windows NT 6.1) AppleWebKit/537.36 (KHTML, like Gecko) Chrome/77.0.3865.90 Safari/537.36"
177.244.108.124 - - [04/Jul/2026:11:02:41 +0000] "GET /properties/features/pdf/?pid=123689 HTTP/1.1" 200 11123 "-" "Mozilla/5.0 (Windows NT 10.0; Win64; x64) AppleWebKit/537.36 (KHTML, like Gecko) Chrome/85.0.4183.48 Safari/537.36"
216.73.216.240 - - [04/Jul/2026:11:02:51 +0000] "GET /properties/225021-%240/ HTTP/1.1" 200 38962 "-" "Mozilla/5.0 AppleWebKit/537.36 (KHTML, like Gecko; compatible; ClaudeBot/1.0; +claudebot@anthropic.com)"
216.73.216.240 - - [04/Jul/2026:11:02:51 +0000] "GET /properties/?wplpage=685 HTTP/1.1" 200 38601 "-" "Mozilla/5.0 AppleWebKit/537.36 (KHTML, like Gecko; compatible; ClaudeBot/1.0; +claudebot@anthropic.com)"
212.58.102.127 - - [04/Jul/2026:11:03:16 +0000] "GET /properties/features/pdf/?pid=222011 HTTP/1.1" 200 10931 "-" "Mozilla/5.0 (Windows NT 10.0; WOW64) AppleWebKit/537.36 (KHTML, like Gecko) Chrome/80.0.3987.132 Safari/537.36"
216.73.216.240 - - [04/Jul/2026:11:03:30 +0000] "GET /properties/features/pdf/?pid=71603 HTTP/1.1" 200 10935 "-" "Mozilla/5.0 AppleWebKit/537.36 (KHTML, like Gecko; compatible; ClaudeBot/1.0; +claudebot@anthropic.com)"
216.73.216.240 - - [04/Jul/2026:11:03:30 +0000] "GET /properties/features/pdf/?pid=74900 HTTP/1.1" 200 10928 "-" "Mozilla/5.0 AppleWebKit/537.36 (KHTML, like Gecko; compatible; ClaudeBot/1.0; +claudebot@anthropic.com)"
216.73.216.240 - - [04/Jul/2026:11:03:31 +0000] "GET /properties/features/pdf/?pid=71603 HTTP/1.1" 200 10877 "-" "Mozilla/5.0 AppleWebKit/537.36 (KHTML, like Gecko; compatible; ClaudeBot/1.0; +claudebot@anthropic.com)"
66.249.79.193 - - [04/Jul/2026:11:03:33 +0000] "GET /properties/211126-Residential-Income-Dallas-Texas-75208-2-Bedrooms-2-Bathrooms-USD349-900/ HTTP/1.1" 200 42995 "-" "Mozilla/5.0 (Linux; Android 6.0.1; Nexus 5X Build/MMB29P) AppleWebKit/537.36 (KHTML, like Gecko) Chrome/150.0.7871.46 Mobile Safari/537.36 (compatible; Googlebot/2.1; +http://www.google.com/bot.html)"
103.170.173.91 - - [04/Jul/2026:11:03:37 +0000] "GET /properties/168885-Residential-Dallas-Texas-75232-4-Bedrooms-2-Bathrooms-USD464-900/ HTTP/1.1" 200 46305 "-" "Mozilla/5.0 (Macintosh; Intel Mac OS X 11_2_3) AppleWebKit/537.36 (KHTML, like Gecko) Chrome/89.0.4389.90 Safari/537.36"
216.73.216.240 - - [04/Jul/2026:11:03:39 +0000] "GET /properties/features/pdf/?pid=71337 HTTP/1.1" 200 10922 "-" "Mozilla/5.0 AppleWebKit/537.36 (KHTML, like Gecko; compatible; ClaudeBot/1.0; +claudebot@anthropic.com)"
216.73.216.240 - - [04/Jul/2026:11:03:39 +0000] "GET /properties/features/pdf/?pid=74824 HTTP/1.1" 200 11050 "-" "Mozilla/5.0 AppleWebKit/537.36 (KHTML, like Gecko; compatible; ClaudeBot/1.0; +claudebot@anthropic.com)"
216.73.216.240 - - [04/Jul/2026:11:03:58 +0000] "GET /wp-content/uploads/WPL/qrcode/qr_4e85ef255fef1d32ae18068491cf91b3.png HTTP/1.1" 200 6032 "-" "Mozilla/5.0 AppleWebKit/537.36 (KHTML, like Gecko; compatible; ClaudeBot/1.0; +claudebot@anthropic.com)"
216.73.216.240 - - [04/Jul/2026:11:03:58 +0000] "GET /properties/features/pdf/?pid=71343 HTTP/1.1" 200 10889 "-" "Mozilla/5.0 AppleWebKit/537.36 (KHTML, like Gecko; compatible; ClaudeBot/1.0; +claudebot@anthropic.com)"
66.249.79.194 - - [04/Jul/2026:11:04:09 +0000] "GET /properties/211333-Residential-Income-Cleburne-Texas-76033-10-Bedrooms-7-Bathrooms-USD725-000/ HTTP/1.1" 200 41464 "-" "Mozilla/5.0 (Linux; Android 6.0.1; Nexus 5X Build/MMB29P) AppleWebKit/537.36 (KHTML, like Gecko) Chrome/150.0.7871.46 Mobile Safari/537.36 (compatible; GoogleOther)"
66.249.79.195 - - [04/Jul/2026:11:04:12 +0000] "GET /properties/features/pdf/?pid=218228 HTTP/1.1" 200 10990 "-" "Mozilla/5.0 (Linux; Android 6.0.1; Nexus 5X Build/MMB29P) AppleWebKit/537.36 (KHTML, like Gecko) Chrome/150.0.7871.46 Mobile Safari/537.36 (compatible; GoogleOther)"
66.249.79.193 - - [04/Jul/2026:11:04:13 +0000] "POST /properties/211333-Residential-Income-Cleburne-Texas-76033-10-Bedrooms-7-Bathrooms-USD725-000/ HTTP/1.1" 200 5602 "https://www.agenttango.com/properties/211333-Residential-Income-Cleburne-Texas-76033-10-Bedrooms-7-Bathrooms-USD725-000/" "Mozilla/5.0 (Linux; Android 6.0.1; Nexus 5X Build/MMB29P) AppleWebKit/537.36 (KHTML, like Gecko) Chrome/150.0.7871.46 Mobile Safari/537.36 (compatible; GoogleOther)"
216.73.216.240 - - [04/Jul/2026:11:04:19 +0000] "GET /wp-content/uploads/WPL/qrcode/qr_fa820d6e06f2c0ef99c637f6a4521f9e.png HTTP/1.1" 200 6036 "-" "Mozilla/5.0 AppleWebKit/537.36 (KHTML, like Gecko; compatible; ClaudeBot/1.0; +claudebot@anthropic.com)"
216.73.216.240 - - [04/Jul/2026:11:04:19 +0000] "GET /wp-content/uploads/WPL/qrcode/qr_355352ea74b6599548e574beb7285e92.png HTTP/1.1" 200 6030 "-" "Mozilla/5.0 AppleWebKit/537.36 (KHTML, like Gecko; compatible; ClaudeBot/1.0; +claudebot@anthropic.com)"
216.73.216.240 - - [04/Jul/2026:11:04:20 +0000] "GET /wp-content/uploads/WPL/qrcode/qr_310e505513feb09ecfe82acc0c02b844.png HTTP/1.1" 200 6033 "-" "Mozilla/5.0 AppleWebKit/537.36 (KHTML, like Gecko; compatible; ClaudeBot/1.0; +claudebot@anthropic.com)"
216.73.216.240 - - [04/Jul/2026:11:04:20 +0000] "GET /wp-content/uploads/WPL/qrcode/qr_7518e1caaa1d7aa0128e2756bd4b53f9.png HTTP/1.1" 200 6021 "-" "Mozilla/5.0 AppleWebKit/537.36 (KHTML, like Gecko; compatible; ClaudeBot/1.0; +claudebot@anthropic.com)"
14.177.51.129 - - [04/Jul/2026:11:04:33 +0000] "GET /properties/207779-Residential-Grand-Prairie-Texas-75052-4-Bedrooms-2-Bathrooms-USD380-000/ HTTP/1.1" 200 46109 "-" "Mozilla/5.0 (Windows NT 10.0; Win64; x64) AppleWebKit/537.36 (KHTML, like Gecko) Chrome/89.0.4389.58 Safari/537.36"
103.143.35.211 - - [04/Jul/2026:11:04:41 +0000] "GET /properties/ianmcvay@gmail.com/?wplpage=2 HTTP/1.1" 200 43302 "-" "Mozilla/5.0 (Macintosh; Intel Mac OS X 10_15_7) AppleWebKit/537.36 (KHTML, like Gecko) Chrome/99.0.4844.84 Safari/537.36"
216.73.216.240 - - [04/Jul/2026:11:04:47 +0000] "GET /wp-content/uploads/WPL/qrcode/qr_78df8270a6a9985abfdb80198ce277ac.png HTTP/1.1" 200 6041 "-" "Mozilla/5.0 AppleWebKit/537.36 (KHTML, like Gecko; compatible; ClaudeBot/1.0; +claudebot@anthropic.com)"
216.73.216.240 - - [04/Jul/2026:11:04:48 +0000] "GET /wp-content/uploads/WPL/qrcode/qr_309d5d473f85e0d04023ff0ed7ac4882.png HTTP/1.1" 200 6043 "-" "Mozilla/5.0 AppleWebKit/537.36 (KHTML, like Gecko; compatible; ClaudeBot/1.0; +claudebot@anthropic.com)"
