52.81.121.119 - - [04/Jul/2026:13:51:34 +0000] "GET /wp-content/plugins/real-estate-listing-realtyna-wpl-pro/assets/js/js_inline.html HTTP/1.1" 200 5539 "https://www.agenttango.com/properties/150684-Land-De-Leon-Texas-76435-USD398-000/" "Mozilla/5.0 (Linux; Android 5.0; SM-G900P Build/LRX21T) AppleWebKit/537.36 (KHTML, like Gecko) Chrome/50.0.2492.1773 Mobile Safari/537.36"
52.81.121.119 - - [04/Jul/2026:13:51:34 +0000] "POST /properties/150684-Land-De-Leon-Texas-76435-USD398-000/ HTTP/1.1" 200 5602 "https://www.agenttango.com/properties/150684-Land-De-Leon-Texas-76435-USD398-000/" "Mozilla/5.0 (Linux; Android 5.0; SM-G900P Build/LRX21T) AppleWebKit/537.36 (KHTML, like Gecko) Chrome/50.0.2492.1773 Mobile Safari/537.36"
189.113.68.89 - - [04/Jul/2026:13:54:38 +0000] "GET /frisco-homes-for-sale/ HTTP/1.1" 301 5719 "-" "Mozilla/5.0 (Windows NT 10.0; WOW64) AppleWebKit/537.36 (KHTML, like Gecko) Chrome/94.0.4606.81 Safari/537.36"
189.113.68.89 - - [04/Jul/2026:13:54:39 +0000] "GET /dfw/frisco-homes-for-sale/ HTTP/1.1" 200 97082 "-" "Mozilla/5.0 (Windows NT 10.0; WOW64) AppleWebKit/537.36 (KHTML, like Gecko) Chrome/94.0.4606.81 Safari/537.36"
216.73.216.240 - - [04/Jul/2026:13:54:42 +0000] "GET /robots.txt HTTP/1.1" 200 5871 "-" "Mozilla/5.0 AppleWebKit/537.36 (KHTML, like Gecko; compatible; ClaudeBot/1.0; +claudebot@anthropic.com)"
38.3.229.175 - - [04/Jul/2026:13:54:52 +0000] "GET /properties/features/pdf/?pid=211018 HTTP/1.1" 200 10757 "-" "Mozilla/5.0 (Macintosh; Intel Mac OS X 10_13_3) AppleWebKit/537.36 (KHTML, like Gecko) Chrome/66.0.3359.1 Safari/537.36"
188.133.10.67 - - [04/Jul/2026:13:55:12 +0000] "GET /properties/214508-Residential-Plano-Texas-75074-3-Bedrooms-3-Bathrooms-USD547-560/ HTTP/1.1" 200 44839 "-" "Mozilla/5.0 (Windows NT 10.0; Win64; x64) AppleWebKit/537.36 (KHTML, like Gecko) Chrome/99.0.4844.84 Safari/537.36"
52.5.142.182 - - [04/Jul/2026:13:55:32 +0000] "GET /?rets_import_cron_job=1&time=1783173332 HTTP/1.1" 200 5425 "-" "Wget/1.14 (linux-gnu)"
190.225.239.46 - - [04/Jul/2026:13:57:14 +0000] "GET /properties/192774-Residential-Richardson-Texas-75082-5-Bedrooms-5-Bathrooms-USD950-000/ HTTP/1.1" 200 46267 "-" "Mozilla/5.0 (Windows NT 6.1; Win64; x64) AppleWebKit/537.36 (KHTML, like Gecko) Brave Chrome/88.0.4324.152 Safari/537.36"
216.234.223.23 - - [04/Jul/2026:13:57:22 +0000] "GET /properties/features/pdf/?pid=199192 HTTP/1.1" 200 10869 "-" "Mozilla/5.0 (Macintosh; Intel Mac OS X 11_2_3) AppleWebKit/537.36 (KHTML, like Gecko) Brave Chrome/88.0.4324.96 Safari/537.36"
216.73.216.240 - - [04/Jul/2026:13:57:49 +0000] "GET /properties/features/pdf/?pid=224998 HTTP/1.1" 200 10998 "-" "Mozilla/5.0 AppleWebKit/537.36 (KHTML, like Gecko; compatible; ClaudeBot/1.0; +claudebot@anthropic.com)"
216.73.216.240 - - [04/Jul/2026:13:57:49 +0000] "GET /properties/features/pdf/?pid=224996 HTTP/1.1" 200 10719 "-" "Mozilla/5.0 AppleWebKit/537.36 (KHTML, like Gecko; compatible; ClaudeBot/1.0; +claudebot@anthropic.com)"
216.73.216.240 - - [04/Jul/2026:13:57:49 +0000] "GET /properties/features/pdf/?pid=224983 HTTP/1.1" 200 10950 "-" "Mozilla/5.0 AppleWebKit/537.36 (KHTML, like Gecko; compatible; ClaudeBot/1.0; +claudebot@anthropic.com)"
216.73.216.240 - - [04/Jul/2026:13:57:49 +0000] "GET /properties/features/pdf/?pid=224981 HTTP/1.1" 200 10684 "-" "Mozilla/5.0 AppleWebKit/537.36 (KHTML, like Gecko; compatible; ClaudeBot/1.0; +claudebot@anthropic.com)"
216.73.216.240 - - [04/Jul/2026:13:57:50 +0000] "GET /properties/features/pdf/?pid=224989 HTTP/1.1" 200 11024 "-" "Mozilla/5.0 AppleWebKit/537.36 (KHTML, like Gecko; compatible; ClaudeBot/1.0; +claudebot@anthropic.com)"
216.73.216.240 - - [04/Jul/2026:13:57:50 +0000] "GET /properties/features/pdf/?pid=224997 HTTP/1.1" 200 10772 "-" "Mozilla/5.0 AppleWebKit/537.36 (KHTML, like Gecko; compatible; ClaudeBot/1.0; +claudebot@anthropic.com)"
216.73.216.240 - - [04/Jul/2026:13:57:50 +0000] "GET /properties/features/pdf/?pid=225000 HTTP/1.1" 200 10667 "-" "Mozilla/5.0 AppleWebKit/537.36 (KHTML, like Gecko; compatible; ClaudeBot/1.0; +claudebot@anthropic.com)"
216.73.216.240 - - [04/Jul/2026:13:57:50 +0000] "GET /properties/features/pdf/?pid=224994 HTTP/1.1" 200 10724 "-" "Mozilla/5.0 AppleWebKit/537.36 (KHTML, like Gecko; compatible; ClaudeBot/1.0; +claudebot@anthropic.com)"
216.73.216.240 - - [04/Jul/2026:13:57:50 +0000] "GET /properties/features/pdf/?pid=224982 HTTP/1.1" 200 10974 "-" "Mozilla/5.0 AppleWebKit/537.36 (KHTML, like Gecko; compatible; ClaudeBot/1.0; +claudebot@anthropic.com)"
216.73.216.240 - - [04/Jul/2026:13:57:50 +0000] "GET /properties/features/pdf/?pid=224992 HTTP/1.1" 200 10629 "-" "Mozilla/5.0 AppleWebKit/537.36 (KHTML, like Gecko; compatible; ClaudeBot/1.0; +claudebot@anthropic.com)"
216.73.216.240 - - [04/Jul/2026:13:57:50 +0000] "GET /properties/features/pdf/?pid=224980 HTTP/1.1" 200 10621 "-" "Mozilla/5.0 AppleWebKit/537.36 (KHTML, like Gecko; compatible; ClaudeBot/1.0; +claudebot@anthropic.com)"
177.172.28.37 - - [04/Jul/2026:13:58:11 +0000] "GET /properties/224901-Residential-Lease-Little-Elm-Texas-75068-3-Bedrooms-2-Bathrooms-USD2-500/ HTTP/1.1" 200 46221 "-" "Mozilla/5.0 (Macintosh; Intel Mac OS X 10_13_6) AppleWebKit/537.36 (KHTML, like Gecko) Brave Chrome/90.0.4430.72 Safari/537.36"
14.237.235.170 - - [04/Jul/2026:13:59:20 +0000] "GET /properties/129951-Residential-Irving-Texas-75062-4-Bedrooms-2-Bathrooms-USD735-000/ HTTP/1.1" 200 45779 "-" "Mozilla/5.0 (Windows NT 10.0; Win64; x64) AppleWebKit/537.36 (KHTML, like Gecko) Chrome/80.0.3987.132 Safari/537.36"
41.132.60.130 - - [04/Jul/2026:13:59:30 +0000] "GET /properties/features/pdf/?pid=224957 HTTP/1.1" 200 11004 "-" "Mozilla/5.0 (X11; Linux x86_64) AppleWebKit/537.36 (KHTML, like Gecko) Chrome/41.0.2227.0 Safari/537.36"
38.172.182.25 - - [04/Jul/2026:13:59:40 +0000] "GET /properties/features/pdf/?pid=207979 HTTP/1.1" 200 11029 "-" "Mozilla/5.0 (Windows NT 6.1) AppleWebKit/537.36 (KHTML, like Gecko) Chrome/98.0.4758.81 Safari/537.36"
52.5.142.182 - - [04/Jul/2026:14:00:29 +0000] "GET /?rets_import_cron_job=1&time=1783173628 HTTP/1.1" 200 5425 "-" "Wget/1.14 (linux-gnu)"
52.5.142.182 - - [04/Jul/2026:14:00:29 +0000] "GET /?rets_purge_cron_job=1&time=1783173628 HTTP/1.1" 200 5425 "-" "Wget/1.14 (linux-gnu)"
98.159.111.235 - - [04/Jul/2026:14:00:31 +0000] "GET / HTTP/1.1" 200 569769 "-" "Embarcadero URI Client/1.0"
202.165.237.139 - - [04/Jul/2026:14:01:06 +0000] "GET /DFW/university-park-homes-for-sale/?wplpage=4 HTTP/1.1" 200 45597 "-" "Mozilla/5.0 (Macintosh; Intel Mac OS X 10_9_3) AppleWebKit/537.36 (KHTML, like Gecko) Chrome/35.0.1916.47 Safari/537.36"
81.26.202.239 - - [04/Jul/2026:14:02:01 +0000] "GET /properties/features/pdf/?pid=181251 HTTP/1.1" 200 10987 "-" "Mozilla/5.0 (Macintosh; Intel Mac OS X 10_13_6) AppleWebKit/537.36 (KHTML, like Gecko) Brave Chrome/80.0.3987.162 Safari/537.36"
113.181.60.151 - - [04/Jul/2026:14:02:01 +0000] "GET /properties/150295-Residential-Plano-Texas-75074-2-Bedrooms-1-Bathroom-USD349-000/ HTTP/1.1" 200 43844 "-" "Mozilla/5.0 (Windows NT 6.1) AppleWebKit/537.36 (KHTML, like Gecko) Brave Chrome/78.0.3904.108 Safari/537.36"
186.151.20.79 - - [04/Jul/2026:14:02:33 +0000] "GET /properties/168647-Residential-Prosper-Texas-75078-5-Bedrooms-4-Bathrooms-USD929-900/ HTTP/1.1" 200 46717 "-" "Mozilla/5.0 (Macintosh; Intel Mac OS X 10_12_6) AppleWebKit/537.36 (KHTML, like Gecko) Chrome/75.0.3770.100 Safari/537.36"
216.73.216.240 - - [04/Jul/2026:14:03:26 +0000] "GET /wp-content/uploads/WPL/qrcode/qr_bf3872e787501852cd77f71e9be49a71.png HTTP/1.1" 200 6023 "-" "Mozilla/5.0 AppleWebKit/537.36 (KHTML, like Gecko; compatible; ClaudeBot/1.0; +claudebot@anthropic.com)"
216.73.216.240 - - [04/Jul/2026:14:03:29 +0000] "GET /properties/174706-Residential-Weatherford-Texas-76087-3-Bedrooms-3-Bathrooms-USD1-075-000/ HTTP/1.1" 200 43914 "-" "Mozilla/5.0 AppleWebKit/537.36 (KHTML, like Gecko; compatible; ClaudeBot/1.0; +claudebot@anthropic.com)"
216.73.216.240 - - [04/Jul/2026:14:03:29 +0000] "GET /properties/208163-Residential-Aledo-Texas-76008-4-Bedrooms-3-Bathrooms-USD518-000/ HTTP/1.1" 200 43812 "-" "Mozilla/5.0 AppleWebKit/537.36 (KHTML, like Gecko; compatible; ClaudeBot/1.0; +claudebot@anthropic.com)"
216.73.216.240 - - [04/Jul/2026:14:03:29 +0000] "GET /properties/210807-Residential-Granbury-Texas-76049-3-Bedrooms-2-Bathrooms-USD295-000/ HTTP/1.1" 200 40515 "-" "Mozilla/5.0 AppleWebKit/537.36 (KHTML, like Gecko; compatible; ClaudeBot/1.0; +claudebot@anthropic.com)"
216.73.216.240 - - [04/Jul/2026:14:03:29 +0000] "GET /properties/216838-Residential-Weatherford-Texas-76085-4-Bedrooms-3-Bathrooms-USD979-999/ HTTP/1.1" 200 43477 "-" "Mozilla/5.0 AppleWebKit/537.36 (KHTML, like Gecko; compatible; ClaudeBot/1.0; +claudebot@anthropic.com)"
216.73.216.240 - - [04/Jul/2026:14:03:29 +0000] "GET /properties/191965-Residential-Weatherford-Texas-76085-3-Bedrooms-2-Bathrooms-USD240-900/ HTTP/1.1" 200 43673 "-" "Mozilla/5.0 AppleWebKit/537.36 (KHTML, like Gecko; compatible; ClaudeBot/1.0; +claudebot@anthropic.com)"
216.73.216.240 - - [04/Jul/2026:14:03:29 +0000] "GET /properties/167465-Residential-Weatherford-Texas-76086-3-Bedrooms-2-Bathrooms-USD339-000/ HTTP/1.1" 200 43032 "-" "Mozilla/5.0 AppleWebKit/537.36 (KHTML, like Gecko; compatible; ClaudeBot/1.0; +claudebot@anthropic.com)"
216.73.216.240 - - [04/Jul/2026:14:03:29 +0000] "GET /properties/208841-Residential-Weatherford-Texas-76087-4-Bedrooms-3-Bathrooms-USD600-000/ HTTP/1.1" 200 43916 "-" "Mozilla/5.0 AppleWebKit/537.36 (KHTML, like Gecko; compatible; ClaudeBot/1.0; +claudebot@anthropic.com)"
216.73.216.240 - - [04/Jul/2026:14:03:29 +0000] "GET /properties/209204-Residential-Perrin-Texas-76486-3-Bedrooms-3-Bathrooms-USD1-095-000/ HTTP/1.1" 200 44220 "-" "Mozilla/5.0 AppleWebKit/537.36 (KHTML, like Gecko; compatible; ClaudeBot/1.0; +claudebot@anthropic.com)"
216.73.216.240 - - [04/Jul/2026:14:03:30 +0000] "GET /properties/215783-Residential-Weatherford-Texas-76085-4-Bedrooms-3-Bathrooms-USD794-000/ HTTP/1.1" 200 43752 "-" "Mozilla/5.0 AppleWebKit/537.36 (KHTML, like Gecko; compatible; ClaudeBot/1.0; +claudebot@anthropic.com)"
216.73.216.240 - - [04/Jul/2026:14:03:30 +0000] "GET /properties/207963-Residential-Fort-Worth-Texas-76008-4-Bedrooms-3-Bathrooms-USD644-900/ HTTP/1.1" 200 42525 "-" "Mozilla/5.0 AppleWebKit/537.36 (KHTML, like Gecko; compatible; ClaudeBot/1.0; +claudebot@anthropic.com)"
216.73.216.240 - - [04/Jul/2026:14:03:30 +0000] "GET /properties/208077-Residential-Aledo-Texas-76008-5-Bedrooms-4-Bathrooms-USD869-900/ HTTP/1.1" 200 42823 "-" "Mozilla/5.0 AppleWebKit/537.36 (KHTML, like Gecko; compatible; ClaudeBot/1.0; +claudebot@anthropic.com)"
216.73.216.240 - - [04/Jul/2026:14:03:30 +0000] "GET /properties/207890-Residential-Fort-Worth-Texas-76008-3-Bedrooms-2-Bathrooms-USD449-900/ HTTP/1.1" 200 42022 "-" "Mozilla/5.0 AppleWebKit/537.36 (KHTML, like Gecko; compatible; ClaudeBot/1.0; +claudebot@anthropic.com)"
216.73.216.240 - - [04/Jul/2026:14:03:30 +0000] "GET /properties/72556-Residential-Weatherford-Texas-76086-3-Bedrooms-2-Bathrooms-USD382-500/ HTTP/1.1" 200 43432 "-" "Mozilla/5.0 AppleWebKit/537.36 (KHTML, like Gecko; compatible; ClaudeBot/1.0; +claudebot@anthropic.com)"
216.73.216.240 - - [04/Jul/2026:14:03:30 +0000] "GET /properties/142382-Residential-Weatherford-Texas-76087-3-Bedrooms-2-Bathrooms-USD267-897/ HTTP/1.1" 200 43241 "-" "Mozilla/5.0 AppleWebKit/537.36 (KHTML, like Gecko; compatible; ClaudeBot/1.0; +claudebot@anthropic.com)"
216.73.216.240 - - [04/Jul/2026:14:03:30 +0000] "GET /properties/222267-Residential-Weatherford-Texas-76085-3-Bedrooms-2-Bathrooms-USD285-000/ HTTP/1.1" 200 41073 "-" "Mozilla/5.0 AppleWebKit/537.36 (KHTML, like Gecko; compatible; ClaudeBot/1.0; +claudebot@anthropic.com)"
216.73.216.240 - - [04/Jul/2026:14:03:30 +0000] "GET /properties/198429-Residential-Weatherford-Texas-76085-3-Bedrooms-2-Bathrooms-USD653-905/ HTTP/1.1" 200 43498 "-" "Mozilla/5.0 AppleWebKit/537.36 (KHTML, like Gecko; compatible; ClaudeBot/1.0; +claudebot@anthropic.com)"
216.73.216.240 - - [04/Jul/2026:14:03:31 +0000] "GET /properties/160415-Residential-Weatherford-Texas-76088-5-Bedrooms-4-Bathrooms-USD725-000/ HTTP/1.1" 200 43580 "-" "Mozilla/5.0 AppleWebKit/537.36 (KHTML, like Gecko; compatible; ClaudeBot/1.0; +claudebot@anthropic.com)"
216.73.216.240 - - [04/Jul/2026:14:03:31 +0000] "GET /properties/123643-Residential-Weatherford-Texas-76087-4-Bedrooms-2-Bathrooms-USD349-000/ HTTP/1.1" 200 42938 "-" "Mozilla/5.0 AppleWebKit/537.36 (KHTML, like Gecko; compatible; ClaudeBot/1.0; +claudebot@anthropic.com)"
216.73.216.240 - - [04/Jul/2026:14:03:31 +0000] "GET /properties/114715-Residential-Weatherford-Texas-76088-4-Bedrooms-2-Bathrooms-USD575-000/ HTTP/1.1" 200 44213 "-" "Mozilla/5.0 AppleWebKit/537.36 (KHTML, like Gecko; compatible; ClaudeBot/1.0; +claudebot@anthropic.com)"
216.73.216.240 - - [04/Jul/2026:14:03:31 +0000] "GET /properties/159461-Residential-Azle-Texas-76020-4-Bedrooms-2-Bathrooms-USD470-000/ HTTP/1.1" 200 42666 "-" "Mozilla/5.0 AppleWebKit/537.36 (KHTML, like Gecko; compatible; ClaudeBot/1.0; +claudebot@anthropic.com)"
216.73.216.240 - - [04/Jul/2026:14:03:31 +0000] "GET /properties/211758-Residential-Azle-Texas-76020-3-Bedrooms-2-Bathrooms-USD623-000/ HTTP/1.1" 200 43554 "-" "Mozilla/5.0 AppleWebKit/537.36 (KHTML, like Gecko; compatible; ClaudeBot/1.0; +claudebot@anthropic.com)"
216.73.216.240 - - [04/Jul/2026:14:03:31 +0000] "GET /properties/220583-Residential-Springtown-Texas-76082-4-Bedrooms-2-Bathrooms-USD425-000/ HTTP/1.1" 200 43438 "-" "Mozilla/5.0 AppleWebKit/537.36 (KHTML, like Gecko; compatible; ClaudeBot/1.0; +claudebot@anthropic.com)"
216.73.216.240 - - [04/Jul/2026:14:03:31 +0000] "GET /properties/111452-Residential-Springtown-Texas-76082-4-Bedrooms-2-Bathrooms-USD394-900/ HTTP/1.1" 200 43418 "-" "Mozilla/5.0 AppleWebKit/537.36 (KHTML, like Gecko; compatible; ClaudeBot/1.0; +claudebot@anthropic.com)"
216.73.216.240 - - [04/Jul/2026:14:03:31 +0000] "GET /properties/213967-Residential-Azle-Texas-76020-4-Bedrooms-2-Bathrooms-USD568-900/ HTTP/1.1" 200 43563 "-" "Mozilla/5.0 AppleWebKit/537.36 (KHTML, like Gecko; compatible; ClaudeBot/1.0; +claudebot@anthropic.com)"
216.73.216.240 - - [04/Jul/2026:14:03:32 +0000] "GET /properties/features/pdf/?pid=121170 HTTP/1.1" 200 10839 "-" "Mozilla/5.0 AppleWebKit/537.36 (KHTML, like Gecko; compatible; ClaudeBot/1.0; +claudebot@anthropic.com)"
216.73.216.240 - - [04/Jul/2026:14:03:33 +0000] "GET /properties/features/pdf/?pid=216999 HTTP/1.1" 200 11094 "-" "Mozilla/5.0 AppleWebKit/537.36 (KHTML, like Gecko; compatible; ClaudeBot/1.0; +claudebot@anthropic.com)"
216.73.216.240 - - [04/Jul/2026:14:03:32 +0000] "GET /properties/features/pdf/?pid=208854 HTTP/1.1" 200 10943 "-" "Mozilla/5.0 AppleWebKit/537.36 (KHTML, like Gecko; compatible; ClaudeBot/1.0; +claudebot@anthropic.com)"
216.73.216.240 - - [04/Jul/2026:14:03:33 +0000] "GET /properties/features/pdf/?pid=208856 HTTP/1.1" 200 10934 "-" "Mozilla/5.0 AppleWebKit/537.36 (KHTML, like Gecko; compatible; ClaudeBot/1.0; +claudebot@anthropic.com)"
216.73.216.240 - - [04/Jul/2026:14:03:33 +0000] "GET /properties/features/pdf/?pid=126212 HTTP/1.1" 200 10781 "-" "Mozilla/5.0 AppleWebKit/537.36 (KHTML, like Gecko; compatible; ClaudeBot/1.0; +claudebot@anthropic.com)"
216.73.216.240 - - [04/Jul/2026:14:03:33 +0000] "GET /properties/features/pdf/?pid=208882 HTTP/1.1" 200 10887 "-" "Mozilla/5.0 AppleWebKit/537.36 (KHTML, like Gecko; compatible; ClaudeBot/1.0; +claudebot@anthropic.com)"
216.73.216.240 - - [04/Jul/2026:14:03:33 +0000] "GET /properties/features/pdf/?pid=198428 HTTP/1.1" 200 10891 "-" "Mozilla/5.0 AppleWebKit/537.36 (KHTML, like Gecko; compatible; ClaudeBot/1.0; +claudebot@anthropic.com)"
216.73.216.240 - - [04/Jul/2026:14:03:33 +0000] "GET /properties/features/pdf/?pid=215594 HTTP/1.1" 200 11021 "-" "Mozilla/5.0 AppleWebKit/537.36 (KHTML, like Gecko; compatible; ClaudeBot/1.0; +claudebot@anthropic.com)"
216.73.216.240 - - [04/Jul/2026:14:03:33 +0000] "GET /properties/features/pdf/?pid=213226 HTTP/1.1" 200 11079 "-" "Mozilla/5.0 AppleWebKit/537.36 (KHTML, like Gecko; compatible; ClaudeBot/1.0; +claudebot@anthropic.com)"
216.73.216.240 - - [04/Jul/2026:14:03:33 +0000] "GET /properties/features/pdf/?pid=208886 HTTP/1.1" 200 10939 "-" "Mozilla/5.0 AppleWebKit/537.36 (KHTML, like Gecko; compatible; ClaudeBot/1.0; +claudebot@anthropic.com)"
216.73.216.240 - - [04/Jul/2026:14:03:33 +0000] "GET /properties/features/pdf/?pid=169825 HTTP/1.1" 200 11013 "-" "Mozilla/5.0 AppleWebKit/537.36 (KHTML, like Gecko; compatible; ClaudeBot/1.0; +claudebot@anthropic.com)"
216.73.216.240 - - [04/Jul/2026:14:03:34 +0000] "GET /properties/features/pdf/?pid=129629 HTTP/1.1" 200 11040 "-" "Mozilla/5.0 AppleWebKit/537.36 (KHTML, like Gecko; compatible; ClaudeBot/1.0; +claudebot@anthropic.com)"
216.73.216.240 - - [04/Jul/2026:14:03:34 +0000] "GET /properties/features/pdf/?pid=208634 HTTP/1.1" 200 10989 "-" "Mozilla/5.0 AppleWebKit/537.36 (KHTML, like Gecko; compatible; ClaudeBot/1.0; +claudebot@anthropic.com)"
216.73.216.240 - - [04/Jul/2026:14:03:34 +0000] "GET /properties/features/pdf/?pid=159165 HTTP/1.1" 200 10780 "-" "Mozilla/5.0 AppleWebKit/537.36 (KHTML, like Gecko; compatible; ClaudeBot/1.0; +claudebot@anthropic.com)"
216.73.216.240 - - [04/Jul/2026:14:03:34 +0000] "GET /properties/features/pdf/?pid=135144 HTTP/1.1" 200 11031 "-" "Mozilla/5.0 AppleWebKit/537.36 (KHTML, like Gecko; compatible; ClaudeBot/1.0; +claudebot@anthropic.com)"
47.128.119.16 - - [04/Jul/2026:14:03:34 +0000] "GET /properties/203997-Residential-Fort-Worth-Texas-76131-5-Bedrooms-4-Bathrooms-USD549-999/ HTTP/1.1" 200 40888 "-" "Mozilla/5.0 (Linux; Android 5.0) AppleWebKit/537.36 (KHTML, like Gecko) Mobile Safari/537.36 (compatible; TikTokSpider; ttspider-feedback@tiktok.com)"
216.73.216.240 - - [04/Jul/2026:14:03:34 +0000] "GET /properties/features/pdf/?pid=56442 HTTP/1.1" 200 11025 "-" "Mozilla/5.0 AppleWebKit/537.36 (KHTML, like Gecko; compatible; ClaudeBot/1.0; +claudebot@anthropic.com)"
216.73.216.240 - - [04/Jul/2026:14:03:34 +0000] "GET /properties/features/pdf/?pid=159707 HTTP/1.1" 200 10921 "-" "Mozilla/5.0 AppleWebKit/537.36 (KHTML, like Gecko; compatible; ClaudeBot/1.0; +claudebot@anthropic.com)"
216.73.216.240 - - [04/Jul/2026:14:03:35 +0000] "GET /properties/features/pdf/?pid=211132 HTTP/1.1" 200 10936 "-" "Mozilla/5.0 AppleWebKit/537.36 (KHTML, like Gecko; compatible; ClaudeBot/1.0; +claudebot@anthropic.com)"
216.73.216.240 - - [04/Jul/2026:14:03:35 +0000] "GET /properties/features/pdf/?pid=213150 HTTP/1.1" 200 10979 "-" "Mozilla/5.0 AppleWebKit/537.36 (KHTML, like Gecko; compatible; ClaudeBot/1.0; +claudebot@anthropic.com)"
216.73.216.240 - - [04/Jul/2026:14:03:35 +0000] "GET /properties/features/pdf/?pid=208963 HTTP/1.1" 200 10933 "-" "Mozilla/5.0 AppleWebKit/537.36 (KHTML, like Gecko; compatible; ClaudeBot/1.0; +claudebot@anthropic.com)"
216.73.216.240 - - [04/Jul/2026:14:03:35 +0000] "GET /properties/features/pdf/?pid=208708 HTTP/1.1" 200 11097 "-" "Mozilla/5.0 AppleWebKit/537.36 (KHTML, like Gecko; compatible; ClaudeBot/1.0; +claudebot@anthropic.com)"
216.73.216.240 - - [04/Jul/2026:14:03:35 +0000] "GET /properties/features/pdf/?pid=209706 HTTP/1.1" 200 10823 "-" "Mozilla/5.0 AppleWebKit/537.36 (KHTML, like Gecko; compatible; ClaudeBot/1.0; +claudebot@anthropic.com)"
216.73.216.240 - - [04/Jul/2026:14:03:35 +0000] "GET /properties/features/pdf/?pid=63135 HTTP/1.1" 200 10868 "-" "Mozilla/5.0 AppleWebKit/537.36 (KHTML, like Gecko; compatible; ClaudeBot/1.0; +claudebot@anthropic.com)"
216.73.216.240 - - [04/Jul/2026:14:03:36 +0000] "GET /properties/features/pdf/?pid=201779 HTTP/1.1" 200 10985 "-" "Mozilla/5.0 AppleWebKit/537.36 (KHTML, like Gecko; compatible; ClaudeBot/1.0; +claudebot@anthropic.com)"
216.73.216.240 - - [04/Jul/2026:14:03:36 +0000] "GET /properties/features/pdf/?pid=137409 HTTP/1.1" 200 10865 "-" "Mozilla/5.0 AppleWebKit/537.36 (KHTML, like Gecko; compatible; ClaudeBot/1.0; +claudebot@anthropic.com)"
216.73.216.240 - - [04/Jul/2026:14:03:35 +0000] "GET /properties/features/pdf/?pid=62838 HTTP/1.1" 200 10871 "-" "Mozilla/5.0 AppleWebKit/537.36 (KHTML, like Gecko; compatible; ClaudeBot/1.0; +claudebot@anthropic.com)"
216.73.216.240 - - [04/Jul/2026:14:03:32 +0000] "GET /dfw/parker-homes-for-sale/?wplpage=80 HTTP/1.1" 200 42746 "-" "Mozilla/5.0 AppleWebKit/537.36 (KHTML, like Gecko; compatible; ClaudeBot/1.0; +claudebot@anthropic.com)"
216.73.216.240 - - [04/Jul/2026:14:03:32 +0000] "GET /dfw/parker-homes-for-sale/?wplpage=19 HTTP/1.1" 200 42636 "-" "Mozilla/5.0 AppleWebKit/537.36 (KHTML, like Gecko; compatible; ClaudeBot/1.0; +claudebot@anthropic.com)"
190.111.122.66 - - [04/Jul/2026:14:03:58 +0000] "GET /properties/features/pdf/?pid=181468 HTTP/1.1" 200 11057 "-" "Mozilla/5.0 (Macintosh; Intel Mac OS X 10_15_3) AppleWebKit/537.36 (KHTML, like Gecko) Chrome/79.0.3945.130 Safari/537.36\tChrome 79.0"
200.93.161.194 - - [04/Jul/2026:14:04:05 +0000] "GET /properties/54354-Residential-Godley-Texas-76044-4-Bedrooms-3-Bathrooms-USD474-900/ HTTP/1.1" 200 46205 "-" "Mozilla/5.0 (Macintosh; Intel Mac OS X 10_12_6) AppleWebKit/537.36 (KHTML, like Gecko) Chrome/96.0.4664.110 Safari/537.36"
66.249.79.194 - - [04/Jul/2026:14:04:11 +0000] "GET /properties/features/pdf/?pid=212447 HTTP/1.1" 200 10933 "-" "Mozilla/5.0 (Linux; Android 6.0.1; Nexus 5X Build/MMB29P) AppleWebKit/537.36 (KHTML, like Gecko) Chrome/150.0.7871.46 Mobile Safari/537.36 (compatible; GoogleOther)"
113.187.95.142 - - [04/Jul/2026:14:04:47 +0000] "GET /properties/features/pdf/?pid=211464 HTTP/1.1" 200 11126 "-" "Mozilla/5.0 (Macintosh; Intel Mac OS X 10_12_6) AppleWebKit/537.36 (KHTML, like Gecko) Brave Chrome/80.0.3987.116 Safari/537.36"
129.205.240.48 - - [04/Jul/2026:14:04:53 +0000] "GET /properties/features/pdf/?pid=159237 HTTP/1.1" 200 11193 "-" "Mozilla/5.0 (Windows NT 10.0; Win64; x64) AppleWebKit/537.36 (KHTML, like Gecko) Chrome/85.0.4183.121 Safari/537.36"
37.239.52.131 - - [04/Jul/2026:14:04:57 +0000] "GET /properties/features/pdf/?pid=219460 HTTP/1.1" 200 10938 "-" "Mozilla/5.0 (Windows NT 6.1) AppleWebKit/537.36 (KHTML, like Gecko) Chrome/69.0.3497.100 Safari/537.36"
52.5.142.182 - - [04/Jul/2026:14:05:32 +0000] "GET /?rets_import_cron_job=1&time=1783173931 HTTP/1.1" 200 5425 "-" "Wget/1.14 (linux-gnu)"
37.239.80.149 - - [04/Jul/2026:14:06:22 +0000] "GET /properties/features/pdf/?pid=107765 HTTP/1.1" 200 11047 "-" "Mozilla/5.0 (Macintosh; Intel Mac OS X 10_16_0) AppleWebKit/537.36 (KHTML, like Gecko) Brave Chrome/80.0.3987.116 Safari/537.36"
66.249.79.194 - - [04/Jul/2026:14:06:32 +0000] "GET /properties/214305-Residential-Income-Fort-Worth-Texas-76110-16-Bedrooms-8-Bathrooms-USD2-700-000/ HTTP/1.1" 200 41781 "-" "Mozilla/5.0 (Linux; Android 6.0.1; Nexus 5X Build/MMB29P) AppleWebKit/537.36 (KHTML, like Gecko) Chrome/150.0.7871.46 Mobile Safari/537.36 (compatible; GoogleOther)"
66.249.79.193 - - [04/Jul/2026:14:06:48 +0000] "GET /properties/213973-Residential-Income-Bossier-City-Louisiana-71111-4-Bedrooms-4-Bathrooms-USD135-000/ HTTP/1.1" 200 41543 "-" "Mozilla/5.0 (Linux; Android 6.0.1; Nexus 5X Build/MMB29P) AppleWebKit/537.36 (KHTML, like Gecko) Chrome/150.0.7871.46 Mobile Safari/537.36 (compatible; Googlebot/2.1; +http://www.google.com/bot.html)"
179.37.111.224 - - [04/Jul/2026:14:06:58 +0000] "GET /properties/213160-Residential-Plano-Texas-75023-4-Bedrooms-3-Bathrooms-USD800-000/ HTTP/1.1" 200 47370 "-" "Mozilla/5.0 (Macintosh; Intel Mac OS X 10_13_6) AppleWebKit/537.36 (KHTML, like Gecko) Chrome/99.0.3538.77 Safari/537.36"
66.249.79.194 - - [04/Jul/2026:14:07:10 +0000] "POST /properties/214305-Residential-Income-Fort-Worth-Texas-76110-16-Bedrooms-8-Bathrooms-USD2-700-000/ HTTP/1.1" 200 5602 "https://www.agenttango.com/properties/214305-Residential-Income-Fort-Worth-Texas-76110-16-Bedrooms-8-Bathrooms-USD2-700-000/" "Mozilla/5.0 (Linux; Android 6.0.1; Nexus 5X Build/MMB29P) AppleWebKit/537.36 (KHTML, like Gecko) Chrome/150.0.7871.46 Mobile Safari/537.36 (compatible; GoogleOther)"
202.166.167.2 - - [04/Jul/2026:14:07:33 +0000] "GET /properties/193263-Residential-Plano-Texas-75093-3-Bedrooms-3-Bathrooms-USD850-000/ HTTP/1.1" 200 47210 "-" "Mozilla/5.0 (Macintosh; Intel Mac OS X 11_2_3) AppleWebKit/537.36 (KHTML, like Gecko) Chrome/88.0.4324.192 Safari/537.36"
107.151.249.20 - - [04/Jul/2026:14:09:05 +0000] "POST / HTTP/1.1" 200 13460 "-" "Go-http-client/2.0"
143.105.133.17 - - [04/Jul/2026:14:10:02 +0000] "GET /properties/features/pdf/?pid=223089 HTTP/1.1" 200 11053 "-" "Mozilla/5.0 (Macintosh; Intel Mac OS X 10_13_6) AppleWebKit/537.36 (KHTML, like Gecko) Chrome/81.0.4044.43 Safari/537.36"
52.5.142.182 - - [04/Jul/2026:14:10:32 +0000] "GET /?rets_import_cron_job=1&time=1783174232 HTTP/1.1" 200 5425 "-" "Wget/1.14 (linux-gnu)"
207.46.13.124 - - [04/Jul/2026:14:12:19 +0000] "GET /properties/features/pdf?pid=141673 HTTP/1.1" 301 5708 "-" "Mozilla/5.0 AppleWebKit/537.36 (KHTML, like Gecko; compatible; bingbot/2.0; +http://www.bing.com/bingbot.htm) Chrome/116.0.1938.76 Safari/537.36"
52.167.144.57 - - [04/Jul/2026:14:12:29 +0000] "GET /robots.txt HTTP/1.1" 200 5871 "-" "Mozilla/5.0 AppleWebKit/537.36 (KHTML, like Gecko; compatible; bingbot/2.0; +http://www.bing.com/bingbot.htm) Chrome/116.0.1938.76 Safari/537.36"
154.249.152.242 - - [04/Jul/2026:14:12:44 +0000] "GET /properties/160546-Residential-Highland-Park-Texas-75205-7-Bedrooms-7-Bathrooms-USD8-490-000/ HTTP/1.1" 200 46726 "-" "Mozilla/5.0 (Windows NT 10.0; Win64; x64) AppleWebKit/537.36 (KHTML, like Gecko) Chrome/92.0.4515.159 Safari/537.36"
40.77.167.123 - - [04/Jul/2026:14:12:54 +0000] "GET /properties/features/pdf?pid=119248 HTTP/1.1" 301 5708 "-" "Mozilla/5.0 AppleWebKit/537.36 (KHTML, like Gecko; compatible; bingbot/2.0; +http://www.bing.com/bingbot.htm) Chrome/116.0.1938.76 Safari/537.36"
103.151.46.31 - - [04/Jul/2026:14:12:58 +0000] "GET /properties/187570-Residential-Addison-Texas-75254-3-Bedrooms-3-Bathrooms-USD944-500/ HTTP/1.1" 200 47433 "-" "Mozilla/5.0 (Windows NT 10.0; WOW64) AppleWebKit/537.36 (KHTML, like Gecko) Chrome/85.0.4183.83 Safari/537.36"
200.8.108.225 - - [04/Jul/2026:14:12:58 +0000] "GET /properties/188447-Residential-Carrollton-Texas-75006-3-Bedrooms-2-Bathrooms-USD471-000/ HTTP/1.1" 200 46589 "-" "Mozilla/5.0 (Windows NT 6.1; WOW64) AppleWebKit/537.36 (KHTML, like Gecko) Chrome/74.0.3729.131 Safari/537.36"
20.89.249.9 - - [04/Jul/2026:14:13:35 +0000] "GET //wp-includes/assets/ HTTP/1.1" 403 6283 "-" "-"
20.89.249.9 - - [04/Jul/2026:14:13:40 +0000] "GET //wp-includes/sitemaps/ HTTP/1.1" 403 6283 "-" "-"
40.77.167.123 - - [04/Jul/2026:14:14:22 +0000] "GET /properties/features/pdf?pid=143360 HTTP/1.1" 301 5708 "-" "Mozilla/5.0 AppleWebKit/537.36 (KHTML, like Gecko; compatible; bingbot/2.0; +http://www.bing.com/bingbot.htm) Chrome/116.0.1938.76 Safari/537.36"
20.89.249.9 - - [04/Jul/2026:14:14:34 +0000] "GET //wp-includes/css/dist/ HTTP/1.1" 403 6283 "-" "-"
20.89.249.9 - - [04/Jul/2026:14:14:44 +0000] "GET //wp-admin/js/widgets/ HTTP/1.1" 403 6283 "-" "-"
20.89.249.9 - - [04/Jul/2026:14:15:00 +0000] "GET //firewall.php7 HTTP/1.1" 301 5648 "-" "-"
20.89.249.9 - - [04/Jul/2026:14:15:00 +0000] "GET /firewall.php7 HTTP/1.1" 404 126870 "-" "-"
116.90.101.128 - - [04/Jul/2026:14:15:14 +0000] "GET /properties/53058-Residential-Forney-Texas-75126-4-Bedrooms-3-Bathrooms-USD580-950/ HTTP/1.1" 200 45987 "-" "Mozilla/5.0 (Macintosh; Intel Mac OS X 10_15_4) AppleWebKit/537.36 (KHTML, like Gecko) Brave Chrome/81.0.4044.122 Safari/537.36"
20.89.249.9 - - [04/Jul/2026:14:15:17 +0000] "GET //assets/css/dist/ HTTP/1.1" 301 5651 "-" "-"
20.89.249.9 - - [04/Jul/2026:14:15:18 +0000] "GET /assets/css/dist/ HTTP/1.1" 404 126874 "-" "-"
52.5.142.182 - - [04/Jul/2026:14:15:32 +0000] "GET /?rets_import_cron_job=1&time=1783174532 HTTP/1.1" 200 5425 "-" "Wget/1.14 (linux-gnu)"
20.89.249.9 - - [04/Jul/2026:14:15:44 +0000] "GET /wp-admin/js/dist/ HTTP/1.1" 404 126875 "-" "-"
20.89.249.9 - - [04/Jul/2026:14:15:49 +0000] "GET //wp-includes/js/jquery/ HTTP/1.1" 403 6283 "-" "-"
20.89.249.9 - - [04/Jul/2026:14:16:07 +0000] "GET //wp-includes/js/dist/ HTTP/1.1" 403 6283 "-" "-"
182.185.155.129 - - [04/Jul/2026:14:16:12 +0000] "GET /dfw/southlake-homes-for-sale/ HTTP/1.1" 200 98393 "-" "Mozilla/5.0 (Windows NT 6.2; WOW64) AppleWebKit/537.36 (KHTML, like Gecko) Chrome/27.0.1500.55 Safari/537.36"
84.54.94.109 - - [04/Jul/2026:14:16:17 +0000] "GET /properties/features/pdf/?pid=137365 HTTP/1.1" 200 11010 "-" "Mozilla/5.0 (Macintosh; Intel Mac OS X 10_13_6) AppleWebKit/537.36 (KHTML, like Gecko) Chrome/94.0.4606.81 Safari/537.36"
20.89.249.9 - - [04/Jul/2026:14:16:35 +0000] "GET //wp-includes/l10n/ HTTP/1.1" 403 6283 "-" "-"
20.89.249.9 - - [04/Jul/2026:14:16:43 +0000] "GET /contact/ HTTP/1.1" 301 5645 "-" "-"
20.89.249.9 - - [04/Jul/2026:14:16:43 +0000] "GET /contactus/ HTTP/1.1" 200 347122 "-" "-"
20.89.249.9 - - [04/Jul/2026:14:16:45 +0000] "GET /templates/beez/ HTTP/1.1" 404 126872 "-" "-"
190.104.234.115 - - [04/Jul/2026:14:16:48 +0000] "GET /neighborhood/dfw/flower-mound-homes-for-sale/ HTTP/1.1" 404 126961 "-" "Mozilla/5.0 (Windows NT 10.0; Win64; x64) AppleWebKit/537.36 (KHTML, like Gecko) Chrome/98.0.4758.81 Safari/537.36"
20.89.249.9 - - [04/Jul/2026:14:16:51 +0000] "GET //wp-content/plugins/erinyani/ HTTP/1.1" 301 5663 "-" "-"
20.89.249.9 - - [04/Jul/2026:14:16:51 +0000] "GET /wp-content/plugins/erinyani/ HTTP/1.1" 404 126886 "-" "-"
178.153.189.98 - - [04/Jul/2026:14:16:52 +0000] "GET /properties/features/pdf/?pid=175496 HTTP/1.1" 200 11022 "-" "Mozilla/5.0 (Windows NT 6.1) AppleWebKit/537.36 (KHTML, like Gecko) Chrome/95.0.4638.69 Safari/537.36"
216.73.216.240 - - [04/Jul/2026:14:17:33 +0000] "GET /?wplpage=298 HTTP/1.1" 200 50108 "-" "Mozilla/5.0 AppleWebKit/537.36 (KHTML, like Gecko; compatible; ClaudeBot/1.0; +claudebot@anthropic.com)"
45.175.97.88 - - [04/Jul/2026:14:17:41 +0000] "GET /properties/features/pdf/?pid=210478 HTTP/1.1" 200 11139 "-" "Mozilla/5.0 (Windows NT 6.1) AppleWebKit/537.36 (KHTML, like Gecko) Chrome/80.0.3987.132 Safari/537.36"
66.249.79.195 - - [04/Jul/2026:14:17:45 +0000] "POST /properties/217855-Residential-Income-Dallas-Texas-75225-8-Bedrooms-8-Bathrooms-USD1-450-000/ HTTP/1.1" 200 5602 "https://www.agenttango.com/properties/217855-Residential-Income-Dallas-Texas-75225-8-Bedrooms-8-Bathrooms-USD1-450-000/" "Mozilla/5.0 (Linux; Android 6.0.1; Nexus 5X Build/MMB29P) AppleWebKit/537.36 (KHTML, like Gecko) Chrome/150.0.7871.46 Mobile Safari/537.36 (compatible; Googlebot/2.1; +http://www.google.com/bot.html)"
82.215.108.246 - - [04/Jul/2026:14:18:30 +0000] "GET /properties/features/pdf/?pid=211991 HTTP/1.1" 200 11160 "-" "Mozilla/5.0 (Windows NT 10.0; Win64; x64) AppleWebKit/537.36 (KHTML, like Gecko) Chrome/93.0.4564.0 Safari/537.36"
116.98.0.214 - - [04/Jul/2026:14:18:31 +0000] "GET /properties/217020-Residential-Fairview-Texas-75069-3-Bedrooms-3-Bathrooms-USD710-000/ HTTP/1.1" 200 47807 "-" "Mozilla/5.0 (Windows NT 6.2; WOW64) AppleWebKit/537.36 (KHTML, like Gecko) Chrome/75.0.3770.100 ADG/11.0.2510 AOLBUILD/11.0.2510 Safari/537.36"
49.51.233.95 - - [04/Jul/2026:14:18:51 +0000] "GET / HTTP/1.1" 200 110374 "http://agenttango.com" "Mozilla/5.0 (iPhone; CPU iPhone OS 13_2_3 like Mac OS X) AppleWebKit/605.1.15 (KHTML, like Gecko) Version/13.0.3 Mobile/15E148 Safari/604.1"
66.249.79.195 - - [04/Jul/2026:14:19:03 +0000] "GET /properties/features/pdf/?pid=215462 HTTP/1.1" 200 10882 "-" "Mozilla/5.0 (Linux; Android 6.0.1; Nexus 5X Build/MMB29P) AppleWebKit/537.36 (KHTML, like Gecko) Chrome/150.0.7871.46 Mobile Safari/537.36 (compatible; GoogleOther)"
52.5.142.182 - - [04/Jul/2026:14:20:32 +0000] "GET /?rets_import_cron_job=1&time=1783174831 HTTP/1.1" 200 5425 "-" "Wget/1.14 (linux-gnu)"
84.54.44.19 - - [04/Jul/2026:14:20:59 +0000] "GET /author/ianmcvaygmail-com/ HTTP/1.1" 200 386517 "https://www.agenttango.com/author/ianmcvaygmail-com/" "Mozilla/5.0 (Windows NT 10.0; Win64; x64) AppleWebKit/537.36 (KHTML, like Gecko) Chrome/131.0.0.0 Safari/537.36"
84.54.44.19 - - [04/Jul/2026:14:21:00 +0000] "GET /blog/ HTTP/1.1" 200 377791 "https://www.agenttango.com/blog/" "Mozilla/5.0 (Windows NT 10.0; Win64; x64) AppleWebKit/537.36 (KHTML, like Gecko) Chrome/131.0.0.0 Safari/537.36"
84.54.44.19 - - [04/Jul/2026:14:21:02 +0000] "GET /contactus HTTP/1.1" 301 5683 "https://www.agenttango.com/contactus" "Mozilla/5.0 (Windows NT 10.0; Win64; x64) AppleWebKit/537.36 (KHTML, like Gecko) Chrome/131.0.0.0 Safari/537.36"
84.54.44.19 - - [04/Jul/2026:14:21:03 +0000] "GET /contactus/ HTTP/1.1" 200 347122 "https://www.agenttango.com/contactus/" "Mozilla/5.0 (Windows NT 10.0; Win64; x64) AppleWebKit/537.36 (KHTML, like Gecko) Chrome/131.0.0.0 Safari/537.36"
109.78.148.232 - - [04/Jul/2026:14:21:46 +0000] "GET /neighborhood/dfw/flower-mound-homes-for-sale/ HTTP/1.1" 404 126961 "-" "Mozilla/5.0 (Macintosh; Intel Mac OS X 11_2_2) AppleWebKit/537.36 (KHTML, like Gecko) Brave Chrome/88.0.4324.146 Safari/537.36"
190.120.244.71 - - [04/Jul/2026:14:23:21 +0000] "GET /properties/221405-Residential-Weatherford-Texas-76086-3-Bedrooms-2-Bathrooms-USD399-500/ HTTP/1.1" 200 46108 "-" "Mozilla/5.0 (Macintosh; Intel Mac OS X 10_13_6) AppleWebKit/537.36 (KHTML, like Gecko) Chrome/80.0.3987.132 Safari/537.36"
103.111.164.18 - - [04/Jul/2026:14:24:10 +0000] "GET /properties/features/pdf/?pid=215793 HTTP/1.1" 200 11108 "-" "Mozilla/5.0 (X11; Linux x86_64) AppleWebKit/537.36 (KHTML, like Gecko) Chrome/33.0.1750.517 Safari/537.36"
216.73.216.240 - - [04/Jul/2026:14:24:14 +0000] "GET /properties/features/pdf/?pid=207694 HTTP/1.1" 200 11033 "-" "Mozilla/5.0 AppleWebKit/537.36 (KHTML, like Gecko; compatible; ClaudeBot/1.0; +claudebot@anthropic.com)"
216.73.216.240 - - [04/Jul/2026:14:24:14 +0000] "GET /properties/features/pdf/?pid=207757 HTTP/1.1" 200 10967 "-" "Mozilla/5.0 AppleWebKit/537.36 (KHTML, like Gecko; compatible; ClaudeBot/1.0; +claudebot@anthropic.com)"
216.73.216.240 - - [04/Jul/2026:14:24:14 +0000] "GET /properties/features/pdf/?pid=207690 HTTP/1.1" 200 10847 "-" "Mozilla/5.0 AppleWebKit/537.36 (KHTML, like Gecko; compatible; ClaudeBot/1.0; +claudebot@anthropic.com)"
216.73.216.240 - - [04/Jul/2026:14:24:14 +0000] "GET /properties/features/pdf/?pid=207693 HTTP/1.1" 200 10942 "-" "Mozilla/5.0 AppleWebKit/537.36 (KHTML, like Gecko; compatible; ClaudeBot/1.0; +claudebot@anthropic.com)"
216.73.216.240 - - [04/Jul/2026:14:24:15 +0000] "GET /properties/features/pdf/?pid=207697 HTTP/1.1" 200 10934 "-" "Mozilla/5.0 AppleWebKit/537.36 (KHTML, like Gecko; compatible; ClaudeBot/1.0; +claudebot@anthropic.com)"
216.73.216.240 - - [04/Jul/2026:14:24:22 +0000] "GET /properties/207645-Residential-Lease-Dallas-Texas-75204-2-Bedrooms-1-Bathroom-USD2-350/ HTTP/1.1" 200 41332 "-" "Mozilla/5.0 AppleWebKit/537.36 (KHTML, like Gecko; compatible; ClaudeBot/1.0; +claudebot@anthropic.com)"
216.73.216.240 - - [04/Jul/2026:14:24:22 +0000] "GET /properties/207677-Residential-Lease-Denton-Texas-76209-4-Bedrooms-2-Bathrooms-USD2-400/ HTTP/1.1" 200 42486 "-" "Mozilla/5.0 AppleWebKit/537.36 (KHTML, like Gecko; compatible; ClaudeBot/1.0; +claudebot@anthropic.com)"
216.73.216.240 - - [04/Jul/2026:14:24:22 +0000] "GET /properties/features/pdf/?pid=207717 HTTP/1.1" 200 10875 "-" "Mozilla/5.0 AppleWebKit/537.36 (KHTML, like Gecko; compatible; ClaudeBot/1.0; +claudebot@anthropic.com)"
216.73.216.240 - - [04/Jul/2026:14:24:22 +0000] "GET /properties/features/pdf/?pid=207737 HTTP/1.1" 200 11038 "-" "Mozilla/5.0 AppleWebKit/537.36 (KHTML, like Gecko; compatible; ClaudeBot/1.0; +claudebot@anthropic.com)"
216.73.216.240 - - [04/Jul/2026:14:24:22 +0000] "GET /properties/features/pdf/?pid=207733 HTTP/1.1" 200 10973 "-" "Mozilla/5.0 AppleWebKit/537.36 (KHTML, like Gecko; compatible; ClaudeBot/1.0; +claudebot@anthropic.com)"
216.73.216.240 - - [04/Jul/2026:14:24:23 +0000] "GET /properties/features/pdf/?pid=207745 HTTP/1.1" 200 10930 "-" "Mozilla/5.0 AppleWebKit/537.36 (KHTML, like Gecko; compatible; ClaudeBot/1.0; +claudebot@anthropic.com)"
216.73.216.240 - - [04/Jul/2026:14:24:23 +0000] "GET /properties/features/pdf/?pid=207687 HTTP/1.1" 200 10883 "-" "Mozilla/5.0 AppleWebKit/537.36 (KHTML, like Gecko; compatible; ClaudeBot/1.0; +claudebot@anthropic.com)"
216.73.216.240 - - [04/Jul/2026:14:24:23 +0000] "GET /properties/features/pdf/?pid=207744 HTTP/1.1" 200 10877 "-" "Mozilla/5.0 AppleWebKit/537.36 (KHTML, like Gecko; compatible; ClaudeBot/1.0; +claudebot@anthropic.com)"
216.73.216.240 - - [04/Jul/2026:14:24:23 +0000] "GET /properties/features/pdf/?pid=207691 HTTP/1.1" 200 10985 "-" "Mozilla/5.0 AppleWebKit/537.36 (KHTML, like Gecko; compatible; ClaudeBot/1.0; +claudebot@anthropic.com)"
216.73.216.240 - - [04/Jul/2026:14:24:22 +0000] "GET /properties/?wplpage=250 HTTP/1.1" 200 39316 "-" "Mozilla/5.0 AppleWebKit/537.36 (KHTML, like Gecko; compatible; ClaudeBot/1.0; +claudebot@anthropic.com)"
111.92.134.104 - - [04/Jul/2026:14:24:35 +0000] "GET /?wplpage=11 HTTP/1.1" 200 53216 "-" "Mozilla/5.0 (Macintosh; Intel Mac OS X 11_2_3) AppleWebKit/537.36 (KHTML, like Gecko) Brave Chrome/89.0.4389.114 Safari/537.36"
216.73.216.240 - - [04/Jul/2026:14:24:45 +0000] "GET /properties/207681-Residential-Lease-Sherman-Texas-75090-3-Bedrooms-2-Bathrooms-USD1-750/ HTTP/1.1" 200 42670 "-" "Mozilla/5.0 AppleWebKit/537.36 (KHTML, like Gecko; compatible; ClaudeBot/1.0; +claudebot@anthropic.com)"
216.73.216.240 - - [04/Jul/2026:14:24:45 +0000] "GET /properties/207658-Residential-Lease-Waxahachie-Texas-75165-3-Bedrooms-2-Bathrooms-USD3-250/ HTTP/1.1" 200 42203 "-" "Mozilla/5.0 AppleWebKit/537.36 (KHTML, like Gecko; compatible; ClaudeBot/1.0; +claudebot@anthropic.com)"
216.73.216.240 - - [04/Jul/2026:14:24:46 +0000] "GET /properties/207673-Residential-Lease-Little-Elm-Texas-75036-3-Bedrooms-2-Bathrooms-USD2-350/ HTTP/1.1" 200 41972 "-" "Mozilla/5.0 AppleWebKit/537.36 (KHTML, like Gecko; compatible; ClaudeBot/1.0; +claudebot@anthropic.com)"
216.73.216.240 - - [04/Jul/2026:14:24:46 +0000] "GET /properties/207683-Residential-Lease-Greenville-Texas-75401-3-Bedrooms-2-Bathrooms-USD1-700/ HTTP/1.1" 200 41970 "-" "Mozilla/5.0 AppleWebKit/537.36 (KHTML, like Gecko; compatible; ClaudeBot/1.0; +claudebot@anthropic.com)"
216.73.216.240 - - [04/Jul/2026:14:24:46 +0000] "GET /properties/207680-Residential-Lease-Burleson-Texas-76028-3-Bedrooms-2-Bathrooms-USD1-900/ HTTP/1.1" 200 42038 "-" "Mozilla/5.0 AppleWebKit/537.36 (KHTML, like Gecko; compatible; ClaudeBot/1.0; +claudebot@anthropic.com)"
216.73.216.240 - - [04/Jul/2026:14:24:46 +0000] "GET /properties/207649-Residential-Lease-Fort-Worth-Texas-76179-5-Bedrooms-3-Bathrooms-USD3-950/ HTTP/1.1" 200 41840 "-" "Mozilla/5.0 AppleWebKit/537.36 (KHTML, like Gecko; compatible; ClaudeBot/1.0; +claudebot@anthropic.com)"
216.73.216.240 - - [04/Jul/2026:14:24:46 +0000] "GET /properties/207679-Residential-Lease-Mansfield-Texas-76063-2-Bedrooms-1-Bathroom-USD1-300/ HTTP/1.1" 200 41343 "-" "Mozilla/5.0 AppleWebKit/537.36 (KHTML, like Gecko; compatible; ClaudeBot/1.0; +claudebot@anthropic.com)"
216.73.216.240 - - [04/Jul/2026:14:24:46 +0000] "GET /properties/207650-Residential-Lease-Fort-Worth-Texas-76131-3-Bedrooms-2-Bathrooms-USD2-050/ HTTP/1.1" 200 41765 "-" "Mozilla/5.0 AppleWebKit/537.36 (KHTML, like Gecko; compatible; ClaudeBot/1.0; +claudebot@anthropic.com)"
216.73.216.240 - - [04/Jul/2026:14:24:46 +0000] "GET /properties/207660-Residential-Lease-Oak-Point-Texas-75068-4-Bedrooms-3-Bathrooms-USD3-700/ HTTP/1.1" 200 43440 "-" "Mozilla/5.0 AppleWebKit/537.36 (KHTML, like Gecko; compatible; ClaudeBot/1.0; +claudebot@anthropic.com)"
216.73.216.240 - - [04/Jul/2026:14:24:46 +0000] "GET /properties/207682-Residential-Lease-Dallas-Texas-75219-1-Bedroom-1-Bathroom-USD1-800/ HTTP/1.1" 200 41664 "-" "Mozilla/5.0 AppleWebKit/537.36 (KHTML, like Gecko; compatible; ClaudeBot/1.0; +claudebot@anthropic.com)"
154.218.243.4 - - [04/Jul/2026:14:24:58 +0000] "GET /properties/223569-Residential-Fort-Worth-Texas-76052-3-Bedrooms-2-Bathrooms-USD279-900/ HTTP/1.1" 200 46108 "-" "Mozilla/5.0 (Macintosh; Intel Mac OS X 10_13_6) AppleWebKit/537.36 (KHTML, like Gecko) Chrome/100.0.4896.75 Safari/537.36"
52.5.142.182 - - [04/Jul/2026:14:25:32 +0000] "GET /?rets_import_cron_job=1&time=1783175132 HTTP/1.1" 200 5425 "-" "Wget/1.14 (linux-gnu)"
216.73.216.240 - - [04/Jul/2026:14:25:29 +0000] "GET /properties/?wplpage=688 HTTP/1.1" 200 40209 "-" "Mozilla/5.0 AppleWebKit/537.36 (KHTML, like Gecko; compatible; ClaudeBot/1.0; +claudebot@anthropic.com)"
41.209.14.66 - - [04/Jul/2026:14:25:36 +0000] "GET /wylie-homes-for-sale/ HTTP/1.1" 200 95964 "-" "Mozilla/5.0 (Windows NT 6.1; Win64; x64) AppleWebKit/537.36 (KHTML, like Gecko) Chrome/66.0.3359.117 Safari/537.36"
178.20.47.39 - - [04/Jul/2026:14:25:42 +0000] "GET /author/ianmcvaygmail-com/ HTTP/1.1" 200 386517 "https://www.agenttango.com/author/ianmcvaygmail-com/" "Mozilla/5.0 (Windows NT 10.0; Win64; x64) AppleWebKit/537.36 (KHTML, like Gecko) Chrome/130.0.0.0 Safari/537.36 CCleaner/130.0.0.0"
178.20.47.39 - - [04/Jul/2026:14:25:43 +0000] "GET /blog/ HTTP/1.1" 200 377776 "https://www.agenttango.com/blog/" "Mozilla/5.0 (Windows NT 10.0; Win64; x64) AppleWebKit/537.36 (KHTML, like Gecko) Chrome/130.0.0.0 Safari/537.36 CCleaner/130.0.0.0"
178.20.47.39 - - [04/Jul/2026:14:25:45 +0000] "GET /contactus HTTP/1.1" 301 5683 "https://www.agenttango.com/contactus" "Mozilla/5.0 (Windows NT 10.0; Win64; x64) AppleWebKit/537.36 (KHTML, like Gecko) Chrome/130.0.0.0 Safari/537.36 CCleaner/130.0.0.0"
178.20.47.39 - - [04/Jul/2026:14:25:45 +0000] "GET /contactus/ HTTP/1.1" 200 347107 "https://www.agenttango.com/contactus/" "Mozilla/5.0 (Windows NT 10.0; Win64; x64) AppleWebKit/537.36 (KHTML, like Gecko) Chrome/130.0.0.0 Safari/537.36 CCleaner/130.0.0.0"
113.191.51.227 - - [04/Jul/2026:14:26:11 +0000] "GET /properties/206550-Residential-Richardson-Texas-75080-4-Bedrooms-3-Bathrooms-USD825-000/ HTTP/1.1" 200 46533 "-" "Mozilla/5.0 (Windows NT 10.0; Win64; x64) AppleWebKit/537.36 (KHTML, like Gecko) Chrome/84.0.4147.135 Safari/537.36"
66.249.79.194 - - [04/Jul/2026:14:27:12 +0000] "GET /properties/214305-Residential-Income-Fort-Worth-Texas-76110-16-Bedrooms-8-Bathrooms-USD2-700-000/ HTTP/1.1" 200 41781 "-" "Mozilla/5.0 (Linux; Android 6.0.1; Nexus 5X Build/MMB29P) AppleWebKit/537.36 (KHTML, like Gecko) Chrome/150.0.7871.46 Mobile Safari/537.36 (compatible; Googlebot/2.1; +http://www.google.com/bot.html)"
216.73.216.240 - - [04/Jul/2026:14:28:56 +0000] "GET /wp-content/uploads/WPL/qrcode/qr_e9d9b1646465377f4ee37c13cad69cfe.png HTTP/1.1" 200 6033 "-" "Mozilla/5.0 AppleWebKit/537.36 (KHTML, like Gecko; compatible; ClaudeBot/1.0; +claudebot@anthropic.com)"
216.73.216.240 - - [04/Jul/2026:14:29:10 +0000] "GET /wp-content/uploads/WPL/qrcode/qr_23a2ebefc222b5a42353106a898e8370.png HTTP/1.1" 200 6033 "-" "Mozilla/5.0 AppleWebKit/537.36 (KHTML, like Gecko; compatible; ClaudeBot/1.0; +claudebot@anthropic.com)"
83.244.9.144 - - [04/Jul/2026:14:29:34 +0000] "GET /properties/features/pdf/?pid=192706 HTTP/1.1" 200 11099 "-" "Mozilla/5.0 (Windows NT 6.1; Win64; x64) AppleWebKit/537.36 (KHTML, like Gecko) Chrome/84.0.4147.125 Safari/537.36"
216.73.216.240 - - [04/Jul/2026:14:29:42 +0000] "GET /wp-content/uploads/WPL/qrcode/qr_2ac6a87d7f634eb0b05aa15872567cd3.png HTTP/1.1" 200 6023 "-" "Mozilla/5.0 AppleWebKit/537.36 (KHTML, like Gecko; compatible; ClaudeBot/1.0; +claudebot@anthropic.com)"
216.73.216.240 - - [04/Jul/2026:14:29:44 +0000] "GET /properties/224968-Residential-Sherman-Texas-75092-4-Bedrooms-3-Bathrooms-USD596-000/ HTTP/1.1" 200 42691 "-" "Mozilla/5.0 AppleWebKit/537.36 (KHTML, like Gecko; compatible; ClaudeBot/1.0; +claudebot@anthropic.com)"
216.73.216.240 - - [04/Jul/2026:14:29:44 +0000] "GET /properties/224977-Residential-The-Colony-Texas-75056-2-Bedrooms-2-Bathrooms-USD300-000/ HTTP/1.1" 200 41630 "-" "Mozilla/5.0 AppleWebKit/537.36 (KHTML, like Gecko; compatible; ClaudeBot/1.0; +claudebot@anthropic.com)"
216.73.216.240 - - [04/Jul/2026:14:29:44 +0000] "GET /properties/224966-Residential-Dallas-Texas-75244-5-Bedrooms-7-Bathrooms-USD3-868-000/ HTTP/1.1" 200 41252 "-" "Mozilla/5.0 AppleWebKit/537.36 (KHTML, like Gecko; compatible; ClaudeBot/1.0; +claudebot@anthropic.com)"
216.73.216.240 - - [04/Jul/2026:14:29:44 +0000] "GET /properties/224974-Residential-Arlington-Texas-76010-4-Bedrooms-2-Bathrooms-USD289-500/ HTTP/1.1" 200 42581 "-" "Mozilla/5.0 AppleWebKit/537.36 (KHTML, like Gecko; compatible; ClaudeBot/1.0; +claudebot@anthropic.com)"
216.73.216.240 - - [04/Jul/2026:14:29:45 +0000] "GET /properties/224973-Residential-Wills-Point-Texas-75169-5-Bedrooms-3-Bathrooms-USD939-900/ HTTP/1.1" 200 43746 "-" "Mozilla/5.0 AppleWebKit/537.36 (KHTML, like Gecko; compatible; ClaudeBot/1.0; +claudebot@anthropic.com)"
216.73.216.240 - - [04/Jul/2026:14:29:45 +0000] "GET /properties/224972-Residential-Mesquite-Texas-75181-4-Bedrooms-3-Bathrooms-USD628-739/ HTTP/1.1" 200 41653 "-" "Mozilla/5.0 AppleWebKit/537.36 (KHTML, like Gecko; compatible; ClaudeBot/1.0; +claudebot@anthropic.com)"
216.73.216.240 - - [04/Jul/2026:14:29:44 +0000] "GET /properties/224964-Residential-Van-Texas-75790-1-Bedroom-1-Bathroom-USD179-000/ HTTP/1.1" 200 41955 "-" "Mozilla/5.0 AppleWebKit/537.36 (KHTML, like Gecko; compatible; ClaudeBot/1.0; +claudebot@anthropic.com)"
216.73.216.240 - - [04/Jul/2026:14:29:45 +0000] "GET /properties/224976-Residential-Fort-Worth-Texas-76123-5-Bedrooms-2-Bathrooms-USD375-000/ HTTP/1.1" 200 41833 "-" "Mozilla/5.0 AppleWebKit/537.36 (KHTML, like Gecko; compatible; ClaudeBot/1.0; +claudebot@anthropic.com)"
216.73.216.240 - - [04/Jul/2026:14:29:45 +0000] "GET /properties/224971-Residential-Mesquite-Texas-75181-4-Bedrooms-3-Bathrooms-USD567-111/ HTTP/1.1" 200 41664 "-" "Mozilla/5.0 AppleWebKit/537.36 (KHTML, like Gecko; compatible; ClaudeBot/1.0; +claudebot@anthropic.com)"
216.73.216.240 - - [04/Jul/2026:14:29:45 +0000] "GET /properties/224963-Land-Fairview-Texas-75069-USD1-422-750/ HTTP/1.1" 200 40498 "-" "Mozilla/5.0 AppleWebKit/537.36 (KHTML, like Gecko; compatible; ClaudeBot/1.0; +claudebot@anthropic.com)"
216.73.216.240 - - [04/Jul/2026:14:29:52 +0000] "GET /properties/224965-Land-Dallas-Texas-75218-USD685-000/ HTTP/1.1" 200 40974 "-" "Mozilla/5.0 AppleWebKit/537.36 (KHTML, like Gecko; compatible; ClaudeBot/1.0; +claudebot@anthropic.com)"
196.229.220.72 - - [04/Jul/2026:14:30:18 +0000] "GET /properties/features/pdf/?pid=52799 HTTP/1.1" 200 10772 "-" "Mozilla/5.0 (Windows NT 6.3; Win64; x64) AppleWebKit/537.36 (KHTML, like Gecko) Chrome/100.0.3478.83 Safari/537.36"
52.5.142.182 - - [04/Jul/2026:14:30:28 +0000] "GET /?rets_import_cron_job=1&time=1783175427 HTTP/1.1" 200 5425 "-" "Wget/1.14 (linux-gnu)"
52.5.142.182 - - [04/Jul/2026:14:30:29 +0000] "GET /?rets_purge_cron_job=1&time=1783175428 HTTP/1.1" 200 5425 "-" "Wget/1.14 (linux-gnu)"
41.225.155.226 - - [04/Jul/2026:14:31:53 +0000] "GET /properties/features/pdf/?pid=218925 HTTP/1.1" 200 10895 "-" "Mozilla/5.0 (Windows NT 10.0; Win64; x64) AppleWebKit/537.36 (KHTML, like Gecko) Chrome/86.0.4240.198 Safari/537.36"
17.241.227.140 - - [04/Jul/2026:14:31:59 +0000] "GET /robots.txt HTTP/1.1" 200 5871 "-" "Mozilla/5.0 (Macintosh; Intel Mac OS X 10_15_7) AppleWebKit/605.1.15 (KHTML, like Gecko) Version/17.4 Safari/605.1.15 (Applebot/0.1; +http://www.apple.com/go/applebot)"
17.241.227.140 - - [04/Jul/2026:14:32:00 +0000] "GET /hoa-homeowners-rules-that-may-make-you-change-your-mind/ HTTP/1.1" 200 86717 "-" "Mozilla/5.0 (Macintosh; Intel Mac OS X 10_15_7) AppleWebKit/605.1.15 (KHTML, like Gecko) Version/17.4 Safari/605.1.15 (Applebot/0.1; +http://www.apple.com/go/applebot)"
14.169.128.235 - - [04/Jul/2026:14:32:36 +0000] "GET /properties/219627-Residential-Income-Dallas-Texas-75215-2-Bedrooms-2-Bathrooms-USD249-000/ HTTP/1.1" 200 43000 "-" "Mozilla/5.0 (Windows NT 10.0; Win64; x64) AppleWebKit/537.36 (KHTML, like Gecko) Brave Chrome/86.0.4240.99 Safari/537.36"
190.204.78.82 - - [04/Jul/2026:14:32:45 +0000] "GET /properties/192165-Residential-Richardson-Texas-75081-2-Bedrooms-2-Bathrooms-USD390-000/ HTTP/1.1" 200 45814 "-" "Mozilla/5.0 (Windows NT 6.1; Win64; x64) AppleWebKit/537.36 (KHTML, like Gecko) Chrome/95.0.4638.69 Safari/537.36"
37.239.171.35 - - [04/Jul/2026:14:33:20 +0000] "GET /properties/209474-Residential-Richardson-Texas-75080-3-Bedrooms-2-Bathrooms-USD650-000/ HTTP/1.1" 200 43167 "-" "Mozilla/5.0 (X11; OpenBSD i386) AppleWebKit/537.36 (KHTML, like Gecko) Chrome/36.0.1985.125 Safari/537.36"
66.249.79.194 - - [04/Jul/2026:14:34:11 +0000] "GET /properties/features/pdf/?pid=211126 HTTP/1.1" 200 10965 "-" "Mozilla/5.0 (Linux; Android 6.0.1; Nexus 5X Build/MMB29P) AppleWebKit/537.36 (KHTML, like Gecko) Chrome/150.0.7871.46 Mobile Safari/537.36 (compatible; GoogleOther)"
66.249.79.193 - - [04/Jul/2026:14:34:23 +0000] "POST /properties/212447-Residential-Income-Fort-Worth-Texas-76106-6-Bedrooms-4-Bathrooms-USD530-000/ HTTP/1.1" 200 5602 "https://www.agenttango.com/properties/212447-Residential-Income-Fort-Worth-Texas-76106-6-Bedrooms-4-Bathrooms-USD530-000/" "Mozilla/5.0 (Linux; Android 6.0.1; Nexus 5X Build/MMB29P) AppleWebKit/537.36 (KHTML, like Gecko) Chrome/150.0.7871.46 Mobile Safari/537.36 (compatible; Googlebot/2.1; +http://www.google.com/bot.html)"
52.5.142.182 - - [04/Jul/2026:14:35:33 +0000] "GET /?rets_import_cron_job=1&time=1783175732 HTTP/1.1" 200 5425 "-" "Wget/1.14 (linux-gnu)"
14.177.128.20 - - [04/Jul/2026:14:36:13 +0000] "GET /properties/features/pdf/?pid=221638 HTTP/1.1" 200 10883 "-" "Mozilla/5.0 (Windows NT 10.0; Win64; x64) AppleWebKit/537.36 (KHTML, like Gecko) Brave Chrome/80.0.3987.162 Safari/537.36"
41.82.168.2 - - [04/Jul/2026:14:36:27 +0000] "GET /properties/features/pdf/?pid=212035 HTTP/1.1" 200 11330 "-" "Mozilla/5.0 (Windows NT 10.0; WOW64) AppleWebKit/537.36 (KHTML, like Gecko) Chrome/107.0.0.0 Safari/537.36"
