216.73.216.240 - - [04/Jul/2026:12:27:16 +0000] "GET /properties/features/pdf/?pid=207883 HTTP/1.1" 200 10973 "-" "Mozilla/5.0 AppleWebKit/537.36 (KHTML, like Gecko; compatible; ClaudeBot/1.0; +claudebot@anthropic.com)"
217.113.194.19 - - [04/Jul/2026:12:27:17 +0000] "GET /properties/features/pdf/?pid=224514 HTTP/1.1" 200 11165 "-" "Mozilla/5.0 (compatible; Barkrowler/0.9; +https://babbar.tech/crawler)"
41.226.230.171 - - [04/Jul/2026:12:27:22 +0000] "GET /properties/222404-Residential-Richardson-Texas-75080-2-Bedrooms-2-Bathrooms-USD385-000/ HTTP/1.1" 200 46184 "-" "Mozilla/5.0 (Windows NT 6.3; Win64; x64) AppleWebKit/537.36 (KHTML, like Gecko) Chrome/80.0.3987.136 Safari/537.36"
105.245.99.240 - - [04/Jul/2026:12:27:24 +0000] "GET /properties/features/pdf/?pid=209103 HTTP/1.1" 200 11061 "-" "Mozilla/5.0 (Macintosh; Intel Mac OS X 10_15_7) AppleWebKit/537.36 (KHTML, like Gecko) Chrome/99.0.4844.84 Safari/537.36"
216.73.216.240 - - [04/Jul/2026:12:27:24 +0000] "GET /properties/features/pdf/?pid=207803 HTTP/1.1" 200 11019 "-" "Mozilla/5.0 AppleWebKit/537.36 (KHTML, like Gecko; compatible; ClaudeBot/1.0; +claudebot@anthropic.com)"
216.73.216.240 - - [04/Jul/2026:12:27:27 +0000] "GET /properties/features/pdf/?pid=207863 HTTP/1.1" 200 11012 "-" "Mozilla/5.0 AppleWebKit/537.36 (KHTML, like Gecko; compatible; ClaudeBot/1.0; +claudebot@anthropic.com)"
216.73.216.240 - - [04/Jul/2026:12:27:28 +0000] "GET /properties/features/pdf/?pid=207885 HTTP/1.1" 200 10937 "-" "Mozilla/5.0 AppleWebKit/537.36 (KHTML, like Gecko; compatible; ClaudeBot/1.0; +claudebot@anthropic.com)"
216.73.216.240 - - [04/Jul/2026:12:27:24 +0000] "GET /properties/?wplpage=248 HTTP/1.1" 200 39861 "-" "Mozilla/5.0 AppleWebKit/537.36 (KHTML, like Gecko; compatible; ClaudeBot/1.0; +claudebot@anthropic.com)"
52.5.142.182 - - [04/Jul/2026:12:27:31 +0000] "GET /?rets_cron_job=1&rets_cron_job_type=offline&time=1783168051 HTTP/1.1" 200 5425 "-" "Wget/1.14 (linux-gnu)"
217.113.194.18 - - [04/Jul/2026:12:27:32 +0000] "GET /properties/features/pdf/?pid=224934 HTTP/1.1" 200 10931 "-" "Mozilla/5.0 (compatible; Barkrowler/0.9; +https://babbar.tech/crawler)"
52.167.144.220 - - [04/Jul/2026:12:27:43 +0000] "GET /properties/102009-Residential-Terrell-75160-4-Bedrooms-2-Bathrooms-USD285-000/ HTTP/1.1" 200 34213 "-" "Mozilla/5.0 AppleWebKit/537.36 (KHTML, like Gecko; compatible; bingbot/2.0; +http://www.bing.com/bingbot.htm) Chrome/116.0.1938.76 Safari/537.36"
217.113.194.16 - - [04/Jul/2026:12:27:48 +0000] "GET /properties/features/pdf/?pid=222761 HTTP/1.1" 200 10908 "-" "Mozilla/5.0 (compatible; Barkrowler/0.9; +https://babbar.tech/crawler)"
51.195.183.201 - - [04/Jul/2026:12:28:02 +0000] "GET /robots.txt HTTP/1.1" 200 5871 "-" "Mozilla/5.0 (compatible; AhrefsBot/7.0; +http://ahrefs.com/robot/)"
217.113.194.13 - - [04/Jul/2026:12:28:03 +0000] "GET /properties/features/pdf/?pid=224889 HTTP/1.1" 200 10916 "-" "Mozilla/5.0 (compatible; Barkrowler/0.9; +https://babbar.tech/crawler)"
54.39.136.58 - - [04/Jul/2026:12:28:04 +0000] "GET /sitemap_index.xml HTTP/1.1" 200 6046 "-" "Mozilla/5.0 (compatible; AhrefsBot/7.0; +http://ahrefs.com/robot/)"
167.114.139.246 - - [04/Jul/2026:12:28:05 +0000] "GET /post-sitemap.xml HTTP/1.1" 200 7279 "-" "Mozilla/5.0 (compatible; AhrefsBot/7.0; +http://ahrefs.com/robot/)"
15.235.27.70 - - [04/Jul/2026:12:28:07 +0000] "GET /page-sitemap.xml HTTP/1.1" 200 7156 "-" "Mozilla/5.0 (compatible; AhrefsBot/7.0; +http://ahrefs.com/robot/)"
54.39.210.86 - - [04/Jul/2026:12:28:08 +0000] "GET /portfolio-sitemap.xml HTTP/1.1" 200 6194 "-" "Mozilla/5.0 (compatible; AhrefsBot/7.0; +http://ahrefs.com/robot/)"
54.39.89.235 - - [04/Jul/2026:12:28:10 +0000] "GET /category-sitemap.xml HTTP/1.1" 200 6087 "-" "Mozilla/5.0 (compatible; AhrefsBot/7.0; +http://ahrefs.com/robot/)"
216.73.216.240 - - [04/Jul/2026:12:28:11 +0000] "GET /properties/features/pdf/?pid=207858 HTTP/1.1" 200 10888 "-" "Mozilla/5.0 AppleWebKit/537.36 (KHTML, like Gecko; compatible; ClaudeBot/1.0; +claudebot@anthropic.com)"
15.235.98.123 - - [04/Jul/2026:12:28:11 +0000] "GET /portfolio-types-sitemap.xml HTTP/1.1" 200 6049 "-" "Mozilla/5.0 (compatible; AhrefsBot/7.0; +http://ahrefs.com/robot/)"
216.73.216.240 - - [04/Jul/2026:12:28:11 +0000] "GET /properties/features/pdf/?pid=207829 HTTP/1.1" 200 11008 "-" "Mozilla/5.0 AppleWebKit/537.36 (KHTML, like Gecko; compatible; ClaudeBot/1.0; +claudebot@anthropic.com)"
15.235.98.58 - - [04/Jul/2026:12:28:13 +0000] "GET /author-sitemap.xml HTTP/1.1" 200 6044 "-" "Mozilla/5.0 (compatible; AhrefsBot/7.0; +http://ahrefs.com/robot/)"
45.187.234.34 - - [04/Jul/2026:12:28:17 +0000] "GET /properties/224566-Residential-Income-Dallas-Texas-75227-2-Bedrooms-2-Bathrooms-USD239-900/ HTTP/1.1" 200 44172 "-" "Mozilla/5.0 (Macintosh; Intel Mac OS X 10_13_6) AppleWebKit/537.36 (KHTML, like Gecko) Chrome/89.0.4389.114 Safari/537.36"
216.73.216.240 - - [04/Jul/2026:12:28:18 +0000] "GET /properties/features/pdf/?pid=207823 HTTP/1.1" 200 11104 "-" "Mozilla/5.0 AppleWebKit/537.36 (KHTML, like Gecko; compatible; ClaudeBot/1.0; +claudebot@anthropic.com)"
217.113.194.14 - - [04/Jul/2026:12:28:19 +0000] "GET /properties/features/pdf/?pid=224298 HTTP/1.1" 200 11071 "-" "Mozilla/5.0 (compatible; Barkrowler/0.9; +https://babbar.tech/crawler)"
52.5.142.182 - - [04/Jul/2026:12:28:32 +0000] "GET /?rets_cron_job=1&rets_cron_job_type=offline&time=1783168111 HTTP/1.1" 200 5425 "-" "Wget/1.14 (linux-gnu)"
207.46.13.155 - - [04/Jul/2026:12:28:33 +0000] "GET /properties/features/pdf?pid=103115 HTTP/1.1" 301 5708 "-" "Mozilla/5.0 AppleWebKit/537.36 (KHTML, like Gecko; compatible; bingbot/2.0; +http://www.bing.com/bingbot.htm) Chrome/116.0.1938.76 Safari/537.36"
217.113.194.204 - - [04/Jul/2026:12:28:35 +0000] "GET /properties/features/pdf/?pid=224659 HTTP/1.1" 200 10902 "-" "Mozilla/5.0 (compatible; Barkrowler/0.9; +https://babbar.tech/crawler)"
216.73.216.240 - - [04/Jul/2026:12:28:37 +0000] "GET /properties/features/pdf/?pid=207839 HTTP/1.1" 200 10831 "-" "Mozilla/5.0 AppleWebKit/537.36 (KHTML, like Gecko; compatible; ClaudeBot/1.0; +claudebot@anthropic.com)"
217.113.194.12 - - [04/Jul/2026:12:28:50 +0000] "GET /properties/features/pdf/?pid=222706 HTTP/1.1" 200 10908 "-" "Mozilla/5.0 (compatible; Barkrowler/0.9; +https://babbar.tech/crawler)"
216.73.216.240 - - [04/Jul/2026:12:28:59 +0000] "GET /properties/features/pdf/?pid=207813 HTTP/1.1" 200 11081 "-" "Mozilla/5.0 AppleWebKit/537.36 (KHTML, like Gecko; compatible; ClaudeBot/1.0; +claudebot@anthropic.com)"
217.113.194.19 - - [04/Jul/2026:12:29:06 +0000] "GET /properties/features/pdf/?pid=224485 HTTP/1.1" 200 10850 "-" "Mozilla/5.0 (compatible; Barkrowler/0.9; +https://babbar.tech/crawler)"
123.16.147.38 - - [04/Jul/2026:12:29:09 +0000] "GET /properties/194011-Residential-Prosper-Texas-75078-6-Bedrooms-5-Bathrooms-USD1-600-000/ HTTP/1.1" 200 44071 "-" "Mozilla/5.0 (Windows NT 6.2; WOW64) AppleWebKit/537.36 (KHTML, like Gecko) Chrome/27.0.1453.93 Safari/537.36"
217.113.194.204 - - [04/Jul/2026:12:29:22 +0000] "GET /properties/features/pdf/?pid=224247 HTTP/1.1" 200 10985 "-" "Mozilla/5.0 (compatible; Barkrowler/0.9; +https://babbar.tech/crawler)"
216.73.216.240 - - [04/Jul/2026:12:29:25 +0000] "GET /properties/features/pdf/?pid=207814 HTTP/1.1" 200 10980 "-" "Mozilla/5.0 AppleWebKit/537.36 (KHTML, like Gecko; compatible; ClaudeBot/1.0; +claudebot@anthropic.com)"
52.5.142.182 - - [04/Jul/2026:12:29:32 +0000] "GET /?rets_cron_job=1&rets_cron_job_type=offline&time=1783168171 HTTP/1.1" 200 5425 "-" "Wget/1.14 (linux-gnu)"
217.113.194.18 - - [04/Jul/2026:12:29:37 +0000] "GET /properties/features/pdf/?pid=224842 HTTP/1.1" 200 10940 "-" "Mozilla/5.0 (compatible; Barkrowler/0.9; +https://babbar.tech/crawler)"
217.113.194.20 - - [04/Jul/2026:12:29:53 +0000] "GET /properties/features/pdf/?pid=224831 HTTP/1.1" 200 11086 "-" "Mozilla/5.0 (compatible; Barkrowler/0.9; +https://babbar.tech/crawler)"
216.73.216.240 - - [04/Jul/2026:12:30:03 +0000] "GET /properties/features/pdf/?pid=207881 HTTP/1.1" 200 10875 "-" "Mozilla/5.0 AppleWebKit/537.36 (KHTML, like Gecko; compatible; ClaudeBot/1.0; +claudebot@anthropic.com)"
217.113.194.13 - - [04/Jul/2026:12:30:09 +0000] "GET /properties/features/pdf/?pid=223943 HTTP/1.1" 200 10760 "-" "Mozilla/5.0 (compatible; Barkrowler/0.9; +https://babbar.tech/crawler)"
216.73.216.240 - - [04/Jul/2026:12:30:18 +0000] "GET /properties/207786-Residential-Lease-Dallas-Texas-75206-2-Bedrooms-2-Bathrooms-USD2-000/ HTTP/1.1" 200 42828 "-" "Mozilla/5.0 AppleWebKit/537.36 (KHTML, like Gecko; compatible; ClaudeBot/1.0; +claudebot@anthropic.com)"
217.113.194.12 - - [04/Jul/2026:12:30:24 +0000] "GET /properties/features/pdf/?pid=224958 HTTP/1.1" 200 10928 "-" "Mozilla/5.0 (compatible; Barkrowler/0.9; +https://babbar.tech/crawler)"
216.73.216.240 - - [04/Jul/2026:12:30:25 +0000] "GET /properties/207771-Residential-Lease-Dallas-Texas-75254-2-Bedrooms-1-Bathroom-USD1-700/ HTTP/1.1" 200 41486 "-" "Mozilla/5.0 AppleWebKit/537.36 (KHTML, like Gecko; compatible; ClaudeBot/1.0; +claudebot@anthropic.com)"
52.5.142.182 - - [04/Jul/2026:12:30:29 +0000] "GET /?rets_purge_cron_job=1&time=1783168227 HTTP/1.1" 200 5425 "-" "Wget/1.14 (linux-gnu)"
52.5.142.182 - - [04/Jul/2026:12:30:29 +0000] "GET /?rets_import_cron_job=1&time=1783168228 HTTP/1.1" 200 5425 "-" "Wget/1.14 (linux-gnu)"
52.5.142.182 - - [04/Jul/2026:12:30:32 +0000] "GET /?rets_cron_job=1&rets_cron_job_type=offline&time=1783168232 HTTP/1.1" 200 5425 "-" "Wget/1.14 (linux-gnu)"
216.73.216.240 - - [04/Jul/2026:12:30:38 +0000] "GET /properties/207784-Residential-Lease-Dallas-Texas-75240-3-Bedrooms-2-Bathrooms-USD2-060/ HTTP/1.1" 200 40870 "-" "Mozilla/5.0 AppleWebKit/537.36 (KHTML, like Gecko; compatible; ClaudeBot/1.0; +claudebot@anthropic.com)"
217.113.194.18 - - [04/Jul/2026:12:30:40 +0000] "GET /properties/features/pdf/?pid=223874 HTTP/1.1" 200 11205 "-" "Mozilla/5.0 (compatible; Barkrowler/0.9; +https://babbar.tech/crawler)"
216.73.216.240 - - [04/Jul/2026:12:30:49 +0000] "GET /properties/207794-Residential-Lease-Dallas-Texas-75219-2-Bedrooms-2-Bathrooms-USD4-000/ HTTP/1.1" 200 43019 "-" "Mozilla/5.0 AppleWebKit/537.36 (KHTML, like Gecko; compatible; ClaudeBot/1.0; +claudebot@anthropic.com)"
217.113.194.14 - - [04/Jul/2026:12:30:56 +0000] "GET /properties/features/pdf/?pid=224473 HTTP/1.1" 200 11162 "-" "Mozilla/5.0 (compatible; Barkrowler/0.9; +https://babbar.tech/crawler)"
66.249.79.194 - - [04/Jul/2026:12:30:56 +0000] "GET /?wplpage=14 HTTP/1.1" 200 50296 "-" "Mozilla/5.0 (Linux; Android 6.0.1; Nexus 5X Build/MMB29P) AppleWebKit/537.36 (KHTML, like Gecko) Chrome/150.0.7871.46 Mobile Safari/537.36 (compatible; Googlebot/2.1; +http://www.google.com/bot.html)"
217.113.194.13 - - [04/Jul/2026:12:31:11 +0000] "GET /properties/features/pdf/?pid=224557 HTTP/1.1" 200 10990 "-" "Mozilla/5.0 (compatible; Barkrowler/0.9; +https://babbar.tech/crawler)"
217.113.194.14 - - [04/Jul/2026:12:31:27 +0000] "GET /properties/features/pdf/?pid=224550 HTTP/1.1" 200 11103 "-" "Mozilla/5.0 (compatible; Barkrowler/0.9; +https://babbar.tech/crawler)"
52.5.142.182 - - [04/Jul/2026:12:31:31 +0000] "GET /?rets_cron_job=1&rets_cron_job_type=offline&time=1783168291 HTTP/1.1" 200 5425 "-" "Wget/1.14 (linux-gnu)"
216.73.216.240 - - [04/Jul/2026:12:31:38 +0000] "GET /properties/207767-Residential-Lease-Roanoke-Texas-76262-2-Bedrooms-2-Bathrooms-USD2-250/ HTTP/1.1" 200 43017 "-" "Mozilla/5.0 AppleWebKit/537.36 (KHTML, like Gecko; compatible; ClaudeBot/1.0; +claudebot@anthropic.com)"
105.155.178.72 - - [04/Jul/2026:12:31:38 +0000] "GET /properties/features/pdf/?pid=173054 HTTP/1.1" 200 11080 "-" "Mozilla/5.0 (Windows NT 10.0) AppleWebKit/537.36 (KHTML, like Gecko) Brave Chrome/78.0.3904.108 Safari/537.36"
217.113.194.18 - - [04/Jul/2026:12:31:42 +0000] "GET /properties/features/pdf/?pid=222740 HTTP/1.1" 200 10947 "-" "Mozilla/5.0 (compatible; Barkrowler/0.9; +https://babbar.tech/crawler)"
216.73.216.240 - - [04/Jul/2026:12:31:47 +0000] "GET /properties/207772-Residential-Lease-Fort-Worth-Texas-76107-3-Bedrooms-2-Bathrooms-USD2-195/ HTTP/1.1" 200 40418 "-" "Mozilla/5.0 AppleWebKit/537.36 (KHTML, like Gecko; compatible; ClaudeBot/1.0; +claudebot@anthropic.com)"
5.134.247.186 - - [04/Jul/2026:12:31:53 +0000] "GET /properties/220691-Residential-Azle-Texas-76020-4-Bedrooms-3-Bathrooms-USD674-900/ HTTP/1.1" 200 44092 "-" "Mozilla/5.0 (Windows NT 10.0; WOW64) AppleWebKit/537.36 (KHTML, like Gecko) Chrome/75.0.3770.100 ADG/11.0.2566 AOLBUILD/11.0.2566 Safari/537.36"
217.113.194.18 - - [04/Jul/2026:12:31:58 +0000] "GET /properties/features/pdf/?pid=220235 HTTP/1.1" 200 10948 "-" "Mozilla/5.0 (compatible; Barkrowler/0.9; +https://babbar.tech/crawler)"
103.115.20.20 - - [04/Jul/2026:12:32:11 +0000] "GET /properties/features/pdf/?pid=223619 HTTP/1.1" 200 11136 "-" "Mozilla/5.0 (Windows NT 6.3; WOW64) AppleWebKit/537.36 (KHTML, like Gecko) Chrome/87.0.4280.66 Safari/537.36"
216.73.216.240 - - [04/Jul/2026:12:32:13 +0000] "GET /properties/207777-Residential-Lease-Roanoke-Texas-76262-3-Bedrooms-2-Bathrooms-USD2-575/ HTTP/1.1" 200 42992 "-" "Mozilla/5.0 AppleWebKit/537.36 (KHTML, like Gecko; compatible; ClaudeBot/1.0; +claudebot@anthropic.com)"
217.113.194.204 - - [04/Jul/2026:12:32:14 +0000] "GET /properties/features/pdf/?pid=221957 HTTP/1.1" 200 11127 "-" "Mozilla/5.0 (compatible; Barkrowler/0.9; +https://babbar.tech/crawler)"
216.73.216.240 - - [04/Jul/2026:12:32:24 +0000] "GET /properties/207802-Residential-Lease-Abilene-Texas-79602-3-Bedrooms-1-Bathroom-USD1-150/ HTTP/1.1" 200 40944 "-" "Mozilla/5.0 AppleWebKit/537.36 (KHTML, like Gecko; compatible; ClaudeBot/1.0; +claudebot@anthropic.com)"
217.113.194.206 - - [04/Jul/2026:12:32:29 +0000] "GET /properties/features/pdf/?pid=224543 HTTP/1.1" 200 10904 "-" "Mozilla/5.0 (compatible; Barkrowler/0.9; +https://babbar.tech/crawler)"
216.73.216.240 - - [04/Jul/2026:12:32:30 +0000] "GET /properties/207765-Residential-Lease-Venus-Texas-76084-4-Bedrooms-2-Bathrooms-USD3-495/ HTTP/1.1" 200 42836 "-" "Mozilla/5.0 AppleWebKit/537.36 (KHTML, like Gecko; compatible; ClaudeBot/1.0; +claudebot@anthropic.com)"
52.5.142.182 - - [04/Jul/2026:12:32:31 +0000] "GET /?rets_cron_job=1&rets_cron_job_type=offline&time=1783168351 HTTP/1.1" 200 5425 "-" "Wget/1.14 (linux-gnu)"
216.73.216.240 - - [04/Jul/2026:12:32:40 +0000] "GET /properties/207788-Residential-Lease-Dallas-Texas-75230-5-Bedrooms-6-Bathrooms-USD29-900/ HTTP/1.1" 200 44071 "-" "Mozilla/5.0 AppleWebKit/537.36 (KHTML, like Gecko; compatible; ClaudeBot/1.0; +claudebot@anthropic.com)"
217.113.194.206 - - [04/Jul/2026:12:32:45 +0000] "GET /properties/features/pdf/?pid=224544 HTTP/1.1" 200 11072 "-" "Mozilla/5.0 (compatible; Barkrowler/0.9; +https://babbar.tech/crawler)"
216.73.216.240 - - [04/Jul/2026:12:32:58 +0000] "GET /properties/207790-Residential-Lease-McKinney-Texas-75072-3-Bedrooms-2-Bathrooms-USD2-100/ HTTP/1.1" 200 40231 "-" "Mozilla/5.0 AppleWebKit/537.36 (KHTML, like Gecko; compatible; ClaudeBot/1.0; +claudebot@anthropic.com)"
217.113.194.20 - - [04/Jul/2026:12:33:01 +0000] "GET /properties/features/pdf/?pid=224803 HTTP/1.1" 200 11142 "-" "Mozilla/5.0 (compatible; Barkrowler/0.9; +https://babbar.tech/crawler)"
217.113.194.20 - - [04/Jul/2026:12:33:16 +0000] "GET /properties/features/pdf/?pid=223700 HTTP/1.1" 200 11045 "-" "Mozilla/5.0 (compatible; Barkrowler/0.9; +https://babbar.tech/crawler)"
191.6.124.52 - - [04/Jul/2026:12:33:19 +0000] "GET /properties/206465-Residential-Plano-Texas-75074-4-Bedrooms-2-Bathrooms-USD349-990/ HTTP/1.1" 200 44408 "-" "Mozilla/5.0 (Macintosh; Intel Mac OS X 10_13_6) AppleWebKit/537.36 (KHTML, like Gecko) Chrome/99.0.3538.77 Safari/537.36"
52.5.142.182 - - [04/Jul/2026:12:33:32 +0000] "GET /?rets_cron_job=1&rets_cron_job_type=offline&time=1783168412 HTTP/1.1" 200 5425 "-" "Wget/1.14 (linux-gnu)"
217.113.194.13 - - [04/Jul/2026:12:33:32 +0000] "GET /properties/features/pdf/?pid=224589 HTTP/1.1" 200 11171 "-" "Mozilla/5.0 (compatible; Barkrowler/0.9; +https://babbar.tech/crawler)"
216.73.216.240 - - [04/Jul/2026:12:33:33 +0000] "GET /properties/207787-Residential-Lease-Rockwall-Texas-75087-3-Bedrooms-2-Bathrooms-USD3-350/ HTTP/1.1" 200 43468 "-" "Mozilla/5.0 AppleWebKit/537.36 (KHTML, like Gecko; compatible; ClaudeBot/1.0; +claudebot@anthropic.com)"
217.113.194.16 - - [04/Jul/2026:12:33:48 +0000] "GET /properties/features/pdf/?pid=224588 HTTP/1.1" 200 10917 "-" "Mozilla/5.0 (compatible; Barkrowler/0.9; +https://babbar.tech/crawler)"
66.249.79.194 - - [04/Jul/2026:12:33:52 +0000] "GET /wp-content/plugins/wp-google-map-plugin/assets/js/wpgmp_frontend.js?ver=4.9.5 HTTP/1.1" 200 5532 "https://www.agenttango.com/?wplpage=14" "Mozilla/5.0 (Linux; Android 6.0.1; Nexus 5X Build/MMB29P) AppleWebKit/537.36 (KHTML, like Gecko) Chrome/150.0.7871.46 Mobile Safari/537.36 (compatible; Googlebot/2.1; +http://www.google.com/bot.html)"
66.249.79.193 - - [04/Jul/2026:12:33:53 +0000] "POST /?wplpage=14 HTTP/1.1" 200 5602 "https://www.agenttango.com/?wplpage=14" "Mozilla/5.0 (Linux; Android 6.0.1; Nexus 5X Build/MMB29P) AppleWebKit/537.36 (KHTML, like Gecko) Chrome/150.0.7871.46 Mobile Safari/537.36 (compatible; Googlebot/2.1; +http://www.google.com/bot.html)"
1.179.45.251 - - [04/Jul/2026:12:33:59 +0000] "GET /properties/features/pdf/?pid=216791 HTTP/1.1" 200 10988 "-" "Mozilla/5.0 (Macintosh; Intel Mac OS X 10_14_4) AppleWebKit/537.36 (KHTML, like Gecko) Chrome/87.0.4280.88 Safari/537.36"
217.113.194.21 - - [04/Jul/2026:12:34:03 +0000] "GET /properties/features/pdf/?pid=221434 HTTP/1.1" 200 11001 "-" "Mozilla/5.0 (compatible; Barkrowler/0.9; +https://babbar.tech/crawler)"
2.132.234.152 - - [04/Jul/2026:12:34:07 +0000] "GET /properties/198276-Residential-Grand-Prairie-Texas-75054-4-Bedrooms-3-Bathrooms-USD510-000/ HTTP/1.1" 200 46537 "-" "Mozilla/5.0 (Macintosh; Intel Mac OS X 10_13_6) AppleWebKit/537.36 (KHTML, like Gecko) Chrome/89.0.4389.114 Safari/537.36"
66.249.79.195 - - [04/Jul/2026:12:34:11 +0000] "GET /properties/features/pdf/?pid=211423 HTTP/1.1" 200 11183 "-" "Mozilla/5.0 (Linux; Android 6.0.1; Nexus 5X Build/MMB29P) AppleWebKit/537.36 (KHTML, like Gecko) Chrome/150.0.7871.46 Mobile Safari/537.36 (compatible; GoogleOther)"
217.113.194.12 - - [04/Jul/2026:12:34:19 +0000] "GET /properties/features/pdf/?pid=221527 HTTP/1.1" 200 10920 "-" "Mozilla/5.0 (compatible; Barkrowler/0.9; +https://babbar.tech/crawler)"
212.58.118.24 - - [04/Jul/2026:12:34:28 +0000] "GET /properties/218365-Residential-Allen-Texas-75013-4-Bedrooms-2-Bathrooms-USD715-000/ HTTP/1.1" 200 46695 "-" "Mozilla/5.0 (Macintosh; Intel Mac OS X 10_14) AppleWebKit/537.36 (KHTML, like Gecko) Chrome/95.0.4582.189 Safari/537.36"
52.5.142.182 - - [04/Jul/2026:12:34:32 +0000] "GET /?rets_cron_job=1&rets_cron_job_type=offline&time=1783168472 HTTP/1.1" 200 5425 "-" "Wget/1.14 (linux-gnu)"
217.113.194.15 - - [04/Jul/2026:12:34:35 +0000] "GET /properties/features/pdf/?pid=221985 HTTP/1.1" 200 11100 "-" "Mozilla/5.0 (compatible; Barkrowler/0.9; +https://babbar.tech/crawler)"
49.126.214.252 - - [04/Jul/2026:12:34:36 +0000] "GET /properties/features/pdf/?pid=224564 HTTP/1.1" 200 10981 "-" "Mozilla/5.0 (Windows NT 10.0; Win64; x64) AppleWebKit/537.36 (KHTML, like Gecko) Chrome/88.0.4500.0 Iron Safari/537.36"
217.113.194.19 - - [04/Jul/2026:12:34:50 +0000] "GET /properties/features/pdf/?pid=224750 HTTP/1.1" 200 11050 "-" "Mozilla/5.0 (compatible; Barkrowler/0.9; +https://babbar.tech/crawler)"
217.113.194.15 - - [04/Jul/2026:12:35:06 +0000] "GET /properties/features/pdf/?pid=224758 HTTP/1.1" 200 11033 "-" "Mozilla/5.0 (compatible; Barkrowler/0.9; +https://babbar.tech/crawler)"
217.113.194.18 - - [04/Jul/2026:12:35:22 +0000] "GET /properties/features/pdf/?pid=222586 HTTP/1.1" 200 10996 "-" "Mozilla/5.0 (compatible; Barkrowler/0.9; +https://babbar.tech/crawler)"
52.5.142.182 - - [04/Jul/2026:12:35:32 +0000] "GET /?rets_import_cron_job=1&time=1783168531 HTTP/1.1" 200 5425 "-" "Wget/1.14 (linux-gnu)"
52.5.142.182 - - [04/Jul/2026:12:35:32 +0000] "GET /?rets_cron_job=1&rets_cron_job_type=offline&time=1783168531 HTTP/1.1" 200 5425 "-" "Wget/1.14 (linux-gnu)"
217.113.194.21 - - [04/Jul/2026:12:35:37 +0000] "GET /properties/features/pdf/?pid=224457 HTTP/1.1" 200 11141 "-" "Mozilla/5.0 (compatible; Barkrowler/0.9; +https://babbar.tech/crawler)"
179.189.33.118 - - [04/Jul/2026:12:35:45 +0000] "GET /properties/219284-Residential-Lewisville-Texas-75057-3-Bedrooms-3-Bathrooms-USD399-900/ HTTP/1.1" 200 46744 "-" "Mozilla/5.0 (Macintosh; Intel Mac OS X 10_15_3) AppleWebKit/537.36 (KHTML, like Gecko) Chrome/87.0.4280.88 Safari/537.36"
217.113.194.206 - - [04/Jul/2026:12:35:53 +0000] "GET /properties/features/pdf/?pid=221814 HTTP/1.1" 200 11097 "-" "Mozilla/5.0 (compatible; Barkrowler/0.9; +https://babbar.tech/crawler)"
217.113.194.205 - - [04/Jul/2026:12:36:09 +0000] "GET /properties/features/pdf/?pid=223051 HTTP/1.1" 200 11035 "-" "Mozilla/5.0 (compatible; Barkrowler/0.9; +https://babbar.tech/crawler)"
217.113.194.15 - - [04/Jul/2026:12:36:24 +0000] "GET /properties/features/pdf/?pid=224153 HTTP/1.1" 200 11180 "-" "Mozilla/5.0 (compatible; Barkrowler/0.9; +https://babbar.tech/crawler)"
52.5.142.182 - - [04/Jul/2026:12:36:31 +0000] "GET /?rets_cron_job=1&rets_cron_job_type=offline&time=1783168591 HTTP/1.1" 200 5425 "-" "Wget/1.14 (linux-gnu)"
217.113.194.18 - - [04/Jul/2026:12:36:40 +0000] "GET /properties/features/pdf/?pid=224497 HTTP/1.1" 200 11061 "-" "Mozilla/5.0 (compatible; Barkrowler/0.9; +https://babbar.tech/crawler)"
217.113.194.17 - - [04/Jul/2026:12:36:56 +0000] "GET /properties/features/pdf/?pid=224492 HTTP/1.1" 200 11058 "-" "Mozilla/5.0 (compatible; Barkrowler/0.9; +https://babbar.tech/crawler)"
217.113.194.12 - - [04/Jul/2026:12:37:11 +0000] "GET /properties/features/pdf/?pid=224495 HTTP/1.1" 200 10983 "-" "Mozilla/5.0 (compatible; Barkrowler/0.9; +https://babbar.tech/crawler)"
209.35.187.103 - - [04/Jul/2026:12:37:16 +0000] "GET /properties/features/pdf/?pid=52133 HTTP/1.1" 200 10705 "-" "Mozilla/5.0 (Windows NT 10.0; WOW64) AppleWebKit/537.36 (KHTML, like Gecko) Chrome/69.0.3497.100 Safari/537.36"
217.113.194.19 - - [04/Jul/2026:12:37:27 +0000] "GET /properties/features/pdf/?pid=224490 HTTP/1.1" 200 10918 "-" "Mozilla/5.0 (compatible; Barkrowler/0.9; +https://babbar.tech/crawler)"
52.5.142.182 - - [04/Jul/2026:12:37:32 +0000] "GET /?rets_cron_job=1&rets_cron_job_type=offline&time=1783168652 HTTP/1.1" 200 5425 "-" "Wget/1.14 (linux-gnu)"
217.113.194.14 - - [04/Jul/2026:12:37:43 +0000] "GET /properties/features/pdf/?pid=220630 HTTP/1.1" 200 11024 "-" "Mozilla/5.0 (compatible; Barkrowler/0.9; +https://babbar.tech/crawler)"
188.66.255.88 - - [04/Jul/2026:12:37:45 +0000] "GET /properties/180365-Residential-Prosper-Texas-75078-4-Bedrooms-4-Bathrooms-USD845-708/ HTTP/1.1" 200 44589 "-" "Mozilla/5.0 (Windows NT 6.2; WOW64) AppleWebKit/537.15 (KHTML, like Gecko) Chrome/24.0.1295.0 Safari/537.15"
217.113.194.20 - - [04/Jul/2026:12:37:58 +0000] "GET /properties/features/pdf/?pid=224030 HTTP/1.1" 200 11141 "-" "Mozilla/5.0 (compatible; Barkrowler/0.9; +https://babbar.tech/crawler)"
217.113.194.18 - - [04/Jul/2026:12:38:14 +0000] "GET /properties/features/pdf/?pid=223325 HTTP/1.1" 200 11039 "-" "Mozilla/5.0 (compatible; Barkrowler/0.9; +https://babbar.tech/crawler)"
217.113.194.19 - - [04/Jul/2026:12:38:30 +0000] "GET /properties/features/pdf/?pid=222597 HTTP/1.1" 200 10889 "-" "Mozilla/5.0 (compatible; Barkrowler/0.9; +https://babbar.tech/crawler)"
52.5.142.182 - - [04/Jul/2026:12:38:32 +0000] "GET /?rets_cron_job=1&rets_cron_job_type=offline&time=1783168712 HTTP/1.1" 200 5425 "-" "Wget/1.14 (linux-gnu)"
217.113.194.14 - - [04/Jul/2026:12:38:45 +0000] "GET /properties/features/pdf/?pid=222537 HTTP/1.1" 200 10933 "-" "Mozilla/5.0 (compatible; Barkrowler/0.9; +https://babbar.tech/crawler)"
217.113.194.19 - - [04/Jul/2026:12:39:01 +0000] "GET /properties/features/pdf/?pid=220257 HTTP/1.1" 200 10908 "-" "Mozilla/5.0 (compatible; Barkrowler/0.9; +https://babbar.tech/crawler)"
66.249.79.193 - - [04/Jul/2026:12:39:03 +0000] "GET /robots.txt HTTP/1.1" 200 5871 "-" "Mozilla/5.0 (compatible; Googlebot/2.1; +http://www.google.com/bot.html)"
66.249.79.194 - - [04/Jul/2026:12:39:03 +0000] "GET /properties/features/pdf/?pid=216034 HTTP/1.1" 200 10909 "-" "Mozilla/5.0 (Linux; Android 6.0.1; Nexus 5X Build/MMB29P) AppleWebKit/537.36 (KHTML, like Gecko) Chrome/150.0.7871.46 Mobile Safari/537.36 (compatible; GoogleOther)"
190.5.36.134 - - [04/Jul/2026:12:39:15 +0000] "GET /properties/206672-Residential-Richardson-Texas-75081-4-Bedrooms-2-Bathrooms-USD586-000/ HTTP/1.1" 200 46502 "-" "Mozilla/5.0 (Macintosh; Intel Mac OS X 10_14_6) AppleWebKit/537.36 (KHTML, like Gecko) Brave Chrome/89.0.4389.72 Safari/537.36"
217.113.194.20 - - [04/Jul/2026:12:39:17 +0000] "GET /properties/features/pdf/?pid=222601 HTTP/1.1" 200 11036 "-" "Mozilla/5.0 (compatible; Barkrowler/0.9; +https://babbar.tech/crawler)"
196.120.4.247 - - [04/Jul/2026:12:39:17 +0000] "GET /properties/146742-Residential-Weatherford-Texas-76086-3-Bedrooms-1-Bathroom-USD279-900/ HTTP/1.1" 200 45898 "-" "Mozilla/5.0 (Windows NT 6.1; WOW64) AppleWebKit/537.36 (KHTML, like Gecko) Chrome/75.0.3770.100 ADG/11.0.2566 AOLBUILD/11.0.2566 Safari/537.36"
201.102.45.125 - - [04/Jul/2026:12:39:24 +0000] "GET /properties/103253-Residential-Springtown-Texas-76082-3-Bedrooms-2-Bathrooms-USD1-100-000/ HTTP/1.1" 200 44957 "-" "Mozilla/5.0 (Macintosh; Intel Mac OS X 10_13_6) AppleWebKit/537.36 (KHTML, like Gecko) Chrome/89.0.4389.114 Safari/537.36"
52.5.142.182 - - [04/Jul/2026:12:39:32 +0000] "GET /?rets_cron_job=1&rets_cron_job_type=offline&time=1783168771 HTTP/1.1" 200 5425 "-" "Wget/1.14 (linux-gnu)"
217.113.194.206 - - [04/Jul/2026:12:39:32 +0000] "GET /properties/features/pdf/?pid=221033 HTTP/1.1" 200 11040 "-" "Mozilla/5.0 (compatible; Barkrowler/0.9; +https://babbar.tech/crawler)"
217.113.194.12 - - [04/Jul/2026:12:39:48 +0000] "GET /properties/features/pdf/?pid=224277 HTTP/1.1" 200 10954 "-" "Mozilla/5.0 (compatible; Barkrowler/0.9; +https://babbar.tech/crawler)"
217.113.194.205 - - [04/Jul/2026:12:40:04 +0000] "GET /properties/features/pdf/?pid=223912 HTTP/1.1" 200 11007 "-" "Mozilla/5.0 (compatible; Barkrowler/0.9; +https://babbar.tech/crawler)"
217.113.194.206 - - [04/Jul/2026:12:40:19 +0000] "GET /properties/features/pdf/?pid=224175 HTTP/1.1" 200 10989 "-" "Mozilla/5.0 (compatible; Barkrowler/0.9; +https://babbar.tech/crawler)"
52.5.142.182 - - [04/Jul/2026:12:40:28 +0000] "GET /?rets_cron_job=1&rets_cron_job_type=offline&time=1783168827 HTTP/1.1" 200 5425 "-" "Wget/1.14 (linux-gnu)"
52.5.142.182 - - [04/Jul/2026:12:40:31 +0000] "GET /?rets_import_cron_job=1&time=1783168831 HTTP/1.1" 200 5425 "-" "Wget/1.14 (linux-gnu)"
217.113.194.21 - - [04/Jul/2026:12:40:35 +0000] "GET /properties/features/pdf/?pid=221599 HTTP/1.1" 200 11020 "-" "Mozilla/5.0 (compatible; Barkrowler/0.9; +https://babbar.tech/crawler)"
217.113.194.14 - - [04/Jul/2026:12:40:51 +0000] "GET /properties/features/pdf/?pid=222648 HTTP/1.1" 200 10886 "-" "Mozilla/5.0 (compatible; Barkrowler/0.9; +https://babbar.tech/crawler)"
167.57.148.49 - - [04/Jul/2026:12:40:57 +0000] "GET /category/home-sellers/ HTTP/1.1" 200 78967 "-" "Mozilla/5.0 (Macintosh; Intel Mac OS X 11_2_3) AppleWebKit/537.36 (KHTML, like Gecko) Chrome/87.0.4280.67 Safari/537.36"
181.25.2.0 - - [04/Jul/2026:12:41:01 +0000] "GET /properties/219284-Residential-Lewisville-Texas-75057-3-Bedrooms-3-Bathrooms-USD399-900/ HTTP/1.1" 200 46744 "-" "Mozilla/5.0 (Macintosh; Intel Mac OS X 10_14_6) AppleWebKit/537.36 (KHTML, like Gecko) Chrome/88.0.4324.152 Safari/537.36"
217.113.194.17 - - [04/Jul/2026:12:41:06 +0000] "GET /properties/features/pdf/?pid=162708 HTTP/1.1" 200 10901 "-" "Mozilla/5.0 (compatible; Barkrowler/0.9; +https://babbar.tech/crawler)"
217.113.194.13 - - [04/Jul/2026:12:41:22 +0000] "GET /properties/features/pdf/?pid=133985 HTTP/1.1" 200 11082 "-" "Mozilla/5.0 (compatible; Barkrowler/0.9; +https://babbar.tech/crawler)"
52.5.142.182 - - [04/Jul/2026:12:41:32 +0000] "GET /?rets_cron_job=1&rets_cron_job_type=offline&time=1783168892 HTTP/1.1" 200 5425 "-" "Wget/1.14 (linux-gnu)"
217.113.194.17 - - [04/Jul/2026:12:41:37 +0000] "GET /properties/features/pdf/?pid=157279 HTTP/1.1" 200 10778 "-" "Mozilla/5.0 (compatible; Barkrowler/0.9; +https://babbar.tech/crawler)"
217.113.194.204 - - [04/Jul/2026:12:41:53 +0000] "GET /properties/features/pdf/?pid=186111 HTTP/1.1" 200 10955 "-" "Mozilla/5.0 (compatible; Barkrowler/0.9; +https://babbar.tech/crawler)"
37.210.96.186 - - [04/Jul/2026:12:42:03 +0000] "GET /properties/features/pdf/?pid=201434 HTTP/1.1" 200 11122 "-" "Mozilla/5.0 (Macintosh; Intel Mac OS X 10_13_6) AppleWebKit/537.36 (KHTML, like Gecko) Chrome/95.0.4638.54 Safari/537.36"
190.153.80.175 - - [04/Jul/2026:12:42:04 +0000] "GET /properties/features/pdf/?pid=222806 HTTP/1.1" 200 11033 "-" "Mozilla/5.0 (Macintosh; Intel Mac OS X 10_12_6) AppleWebKit/537.36 (KHTML, like Gecko) Chrome/89.0.4389.114 Safari/537.36"
217.113.194.206 - - [04/Jul/2026:12:42:09 +0000] "GET /properties/features/pdf/?pid=136116 HTTP/1.1" 200 11078 "-" "Mozilla/5.0 (compatible; Barkrowler/0.9; +https://babbar.tech/crawler)"
93.231.221.109 - - [04/Jul/2026:12:42:12 +0000] "GET /category-sitemap.xml HTTP/1.1" 200 6087 "-" "Mozilla/5.0 (Macintosh; Intel Mac OS X 15.0; rv:133.0) Gecko/20100101 Firefox/133.0"
45.165.149.237 - - [04/Jul/2026:12:42:18 +0000] "GET /properties/219060-Residential-Income-Sanger-Texas-76266-6-Bedrooms-4-Bathrooms-USD529-000/ HTTP/1.1" 200 44444 "-" "Mozilla/5.0 (Windows NT 6.3) AppleWebKit/537.36 (KHTML, like Gecko) Chrome/107.0.0.0 Safari/537.36"
217.113.194.18 - - [04/Jul/2026:12:42:24 +0000] "GET /properties/features/pdf/?pid=151484 HTTP/1.1" 200 11083 "-" "Mozilla/5.0 (compatible; Barkrowler/0.9; +https://babbar.tech/crawler)"
52.5.142.182 - - [04/Jul/2026:12:42:31 +0000] "GET /?rets_cron_job=1&rets_cron_job_type=offline&time=1783168951 HTTP/1.1" 200 5425 "-" "Wget/1.14 (linux-gnu)"
217.113.194.13 - - [04/Jul/2026:12:42:40 +0000] "GET /properties/features/pdf/?pid=143206 HTTP/1.1" 200 10630 "-" "Mozilla/5.0 (compatible; Barkrowler/0.9; +https://babbar.tech/crawler)"
217.113.194.15 - - [04/Jul/2026:12:42:56 +0000] "GET /properties/features/pdf/?pid=145573 HTTP/1.1" 200 10759 "-" "Mozilla/5.0 (compatible; Barkrowler/0.9; +https://babbar.tech/crawler)"
217.113.194.12 - - [04/Jul/2026:12:43:11 +0000] "GET /properties/features/pdf/?pid=130264 HTTP/1.1" 200 10795 "-" "Mozilla/5.0 (compatible; Barkrowler/0.9; +https://babbar.tech/crawler)"
217.113.194.20 - - [04/Jul/2026:12:43:27 +0000] "GET /properties/features/pdf/?pid=152806 HTTP/1.1" 200 10805 "-" "Mozilla/5.0 (compatible; Barkrowler/0.9; +https://babbar.tech/crawler)"
52.5.142.182 - - [04/Jul/2026:12:43:32 +0000] "GET /?rets_cron_job=1&rets_cron_job_type=offline&time=1783169012 HTTP/1.1" 200 5425 "-" "Wget/1.14 (linux-gnu)"
217.113.194.15 - - [04/Jul/2026:12:43:43 +0000] "GET /properties/features/pdf/?pid=178701 HTTP/1.1" 200 11016 "-" "Mozilla/5.0 (compatible; Barkrowler/0.9; +https://babbar.tech/crawler)"
217.113.194.18 - - [04/Jul/2026:12:43:58 +0000] "GET /properties/features/pdf/?pid=103253 HTTP/1.1" 200 11018 "-" "Mozilla/5.0 (compatible; Barkrowler/0.9; +https://babbar.tech/crawler)"
217.113.194.21 - - [04/Jul/2026:12:44:14 +0000] "GET /properties/features/pdf/?pid=145596 HTTP/1.1" 200 10880 "-" "Mozilla/5.0 (compatible; Barkrowler/0.9; +https://babbar.tech/crawler)"
217.113.194.21 - - [04/Jul/2026:12:44:30 +0000] "GET /properties/features/pdf/?pid=131540 HTTP/1.1" 200 11271 "-" "Mozilla/5.0 (compatible; Barkrowler/0.9; +https://babbar.tech/crawler)"
52.5.142.182 - - [04/Jul/2026:12:44:31 +0000] "GET /?rets_cron_job=1&rets_cron_job_type=offline&time=1783169071 HTTP/1.1" 200 5425 "-" "Wget/1.14 (linux-gnu)"
113.190.167.23 - - [04/Jul/2026:12:44:40 +0000] "GET /properties/218452-Residential-Income-Fort-Worth-Texas-76135-8-Bedrooms-4-Bathrooms-USD700-000/ HTTP/1.1" 200 43933 "-" "Mozilla/5.0 (Macintosh; Intel Mac OS X 10_11_6) AppleWebKit/537.36 (KHTML, like Gecko) Chrome/69.0.3497.100 Safari/537.36"
179.50.131.20 - - [04/Jul/2026:12:44:43 +0000] "GET /properties/features/pdf/?pid=206465 HTTP/1.1" 200 10868 "-" "Mozilla/5.0 (Windows NT 6.1; Win64; x64) AppleWebKit/537.36 (KHTML, like Gecko) Chrome/102.0.5005.115 Safari/537.36"
217.113.194.12 - - [04/Jul/2026:12:44:45 +0000] "GET /properties/features/pdf/?pid=149457 HTTP/1.1" 200 11082 "-" "Mozilla/5.0 (compatible; Barkrowler/0.9; +https://babbar.tech/crawler)"
109.107.227.89 - - [04/Jul/2026:12:44:47 +0000] "GET /properties/features/pdf/?pid=224934 HTTP/1.1" 200 10931 "-" "Mozilla/5.0 (Macintosh; Intel Mac OS X 10_12_6) AppleWebKit/537.36 (KHTML, like Gecko) Brave Chrome/87.0.4280.67 Safari/537.36"
217.113.194.15 - - [04/Jul/2026:12:45:01 +0000] "GET /properties/features/pdf/?pid=195422 HTTP/1.1" 200 11145 "-" "Mozilla/5.0 (compatible; Barkrowler/0.9; +https://babbar.tech/crawler)"
217.113.194.204 - - [04/Jul/2026:12:45:17 +0000] "GET /properties/features/pdf/?pid=188012 HTTP/1.1" 200 11110 "-" "Mozilla/5.0 (compatible; Barkrowler/0.9; +https://babbar.tech/crawler)"
66.249.79.195 - - [04/Jul/2026:12:45:21 +0000] "GET /robots.txt HTTP/1.1" 200 5871 "-" "Mozilla/5.0 (compatible; Googlebot/2.1; +http://www.google.com/bot.html)"
66.249.79.195 - - [04/Jul/2026:12:45:21 +0000] "GET /properties/211423-Residential-Income-Dallas-Texas-75254-5-Bedrooms-4-Bathrooms-USD610-000/ HTTP/1.1" 200 43742 "-" "Mozilla/5.0 (Linux; Android 6.0.1; Nexus 5X Build/MMB29P) AppleWebKit/537.36 (KHTML, like Gecko) Chrome/150.0.7871.46 Mobile Safari/537.36 (compatible; Googlebot/2.1; +http://www.google.com/bot.html)"
52.5.142.182 - - [04/Jul/2026:12:45:32 +0000] "GET /?rets_import_cron_job=1&time=1783169131 HTTP/1.1" 200 5425 "-" "Wget/1.14 (linux-gnu)"
52.5.142.182 - - [04/Jul/2026:12:45:32 +0000] "GET /?rets_cron_job=1&rets_cron_job_type=offline&time=1783169132 HTTP/1.1" 200 5425 "-" "Wget/1.14 (linux-gnu)"
113.172.237.109 - - [04/Jul/2026:12:45:32 +0000] "GET /properties/131540-Residential-Richardson-Texas-75082-5-Bedrooms-5-Bathrooms-USD1-180-000/ HTTP/1.1" 200 47062 "-" "Mozilla/5.0 (Windows NT 6.1; Win64; x64) AppleWebKit/537.36 (KHTML, like Gecko) Chrome/102.0.5005.115 Safari/537.36"
217.113.194.16 - - [04/Jul/2026:12:45:32 +0000] "GET /properties/features/pdf/?pid=148639 HTTP/1.1" 200 11001 "-" "Mozilla/5.0 (compatible; Barkrowler/0.9; +https://babbar.tech/crawler)"
217.113.194.18 - - [04/Jul/2026:12:45:48 +0000] "GET /properties/features/pdf/?pid=121664 HTTP/1.1" 200 11006 "-" "Mozilla/5.0 (compatible; Barkrowler/0.9; +https://babbar.tech/crawler)"
217.113.194.204 - - [04/Jul/2026:12:46:04 +0000] "GET /properties/features/pdf/?pid=150249 HTTP/1.1" 200 10832 "-" "Mozilla/5.0 (compatible; Barkrowler/0.9; +https://babbar.tech/crawler)"
217.113.194.20 - - [04/Jul/2026:12:46:19 +0000] "GET /properties/features/pdf/?pid=138017 HTTP/1.1" 200 11085 "-" "Mozilla/5.0 (compatible; Barkrowler/0.9; +https://babbar.tech/crawler)"
52.5.142.182 - - [04/Jul/2026:12:46:32 +0000] "GET /?rets_cron_job=1&rets_cron_job_type=offline&time=1783169191 HTTP/1.1" 200 5425 "-" "Wget/1.14 (linux-gnu)"
217.113.194.20 - - [04/Jul/2026:12:46:35 +0000] "GET /properties/features/pdf/?pid=101099 HTTP/1.1" 200 11028 "-" "Mozilla/5.0 (compatible; Barkrowler/0.9; +https://babbar.tech/crawler)"
217.113.194.18 - - [04/Jul/2026:12:46:51 +0000] "GET /properties/features/pdf/?pid=101094 HTTP/1.1" 200 11043 "-" "Mozilla/5.0 (compatible; Barkrowler/0.9; +https://babbar.tech/crawler)"
217.113.194.15 - - [04/Jul/2026:12:47:06 +0000] "GET /properties/features/pdf/?pid=109780 HTTP/1.1" 200 11191 "-" "Mozilla/5.0 (compatible; Barkrowler/0.9; +https://babbar.tech/crawler)"
103.187.68.195 - - [04/Jul/2026:12:47:12 +0000] "GET /DFW/little-elm-homes-for-sale/ HTTP/1.1" 200 48537 "-" "Mozilla/5.0 (Macintosh; Intel Mac OS X 10_11_6) AppleWebKit/537.36 (KHTML, like Gecko) Brave Chrome/80.0.3987.116 Safari/537.36"
181.24.45.184 - - [04/Jul/2026:12:47:21 +0000] "GET /properties/208272-Residential-Saginaw-Texas-76131-3-Bedrooms-2-Bathrooms-USD308-000/ HTTP/1.1" 200 43324 "-" "Mozilla/5.0 (Macintosh; Intel Mac OS X 10_7_3) AppleWebKit/537.36 (KHTML, like Gecko, Mediapartners-Google) Chrome/87.0.4280.90 Safari/537.36"
217.113.194.19 - - [04/Jul/2026:12:47:22 +0000] "GET /properties/features/pdf/?pid=164606 HTTP/1.1" 200 11111 "-" "Mozilla/5.0 (compatible; Barkrowler/0.9; +https://babbar.tech/crawler)"
52.5.142.182 - - [04/Jul/2026:12:47:31 +0000] "GET /?rets_cron_job=1&rets_cron_job_type=offline&time=1783169251 HTTP/1.1" 200 5425 "-" "Wget/1.14 (linux-gnu)"
217.113.194.21 - - [04/Jul/2026:12:47:38 +0000] "GET /properties/features/pdf/?pid=187553 HTTP/1.1" 200 11177 "-" "Mozilla/5.0 (compatible; Barkrowler/0.9; +https://babbar.tech/crawler)"
181.208.160.81 - - [04/Jul/2026:12:47:47 +0000] "GET /properties/features/pdf/?pid=203465 HTTP/1.1" 200 11078 "-" "Mozilla/5.0 (Macintosh; Intel Mac OS X 10_11_0) AppleWebKit/537.36 (KHTML, like Gecko) Chrome/65.0.3325.93 Safari/537.36"
217.113.194.20 - - [04/Jul/2026:12:47:53 +0000] "GET /properties/features/pdf/?pid=199852 HTTP/1.1" 200 11134 "-" "Mozilla/5.0 (compatible; Barkrowler/0.9; +https://babbar.tech/crawler)"
74.7.241.148 - - [04/Jul/2026:12:48:03 +0000] "GET /robots.txt HTTP/1.1" 200 5871 "-" "Mozilla/5.0 (Macintosh; Intel Mac OS X 10_15_7) AppleWebKit/537.36 (KHTML, like Gecko) Chrome/131.0.0.0 Safari/537.36; compatible; OAI-SearchBot/1.4; robots.txt; +https://openai.com/searchbot"
217.113.194.204 - - [04/Jul/2026:12:48:09 +0000] "GET /properties/features/pdf/?pid=181151 HTTP/1.1" 200 11112 "-" "Mozilla/5.0 (compatible; Barkrowler/0.9; +https://babbar.tech/crawler)"
217.113.194.14 - - [04/Jul/2026:12:48:25 +0000] "GET /properties/features/pdf/?pid=154265 HTTP/1.1" 200 10727 "-" "Mozilla/5.0 (compatible; Barkrowler/0.9; +https://babbar.tech/crawler)"
52.5.142.182 - - [04/Jul/2026:12:48:32 +0000] "GET /?rets_cron_job=1&rets_cron_job_type=offline&time=1783169312 HTTP/1.1" 200 5425 "-" "Wget/1.14 (linux-gnu)"
217.113.194.21 - - [04/Jul/2026:12:48:40 +0000] "GET /properties/features/pdf/?pid=186221 HTTP/1.1" 200 11069 "-" "Mozilla/5.0 (compatible; Barkrowler/0.9; +https://babbar.tech/crawler)"
170.79.27.243 - - [04/Jul/2026:12:48:41 +0000] "GET /DFW/allen-homes-for-sale/ HTTP/1.1" 200 48444 "-" "Mozilla/5.0 (Windows NT 10.0; Win64; x64) AppleWebKit/537.36 (KHTML, like Gecko) Chrome/80.0.3987.132 Safari/537.36"
217.113.194.20 - - [04/Jul/2026:12:48:56 +0000] "GET /properties/features/pdf/?pid=187391 HTTP/1.1" 200 11117 "-" "Mozilla/5.0 (compatible; Barkrowler/0.9; +https://babbar.tech/crawler)"
190.110.179.224 - - [04/Jul/2026:12:48:58 +0000] "GET /properties/features/pdf/?pid=211896 HTTP/1.1" 200 11261 "-" "Mozilla/5.0 (Windows NT 10.0; Win64; x64) AppleWebKit/537.36 (KHTML, like Gecko) Chrome/80.0.3987.132 Safari/537.36"
217.113.194.15 - - [04/Jul/2026:12:49:12 +0000] "GET /properties/features/pdf/?pid=153227 HTTP/1.1" 200 11312 "-" "Mozilla/5.0 (compatible; Barkrowler/0.9; +https://babbar.tech/crawler)"
217.113.194.12 - - [04/Jul/2026:12:49:27 +0000] "GET /properties/features/pdf/?pid=197030 HTTP/1.1" 200 11085 "-" "Mozilla/5.0 (compatible; Barkrowler/0.9; +https://babbar.tech/crawler)"
52.5.142.182 - - [04/Jul/2026:12:49:31 +0000] "GET /?rets_cron_job=1&rets_cron_job_type=offline&time=1783169371 HTTP/1.1" 200 5425 "-" "Wget/1.14 (linux-gnu)"
217.113.194.204 - - [04/Jul/2026:12:49:43 +0000] "GET /properties/features/pdf/?pid=184377 HTTP/1.1" 200 10969 "-" "Mozilla/5.0 (compatible; Barkrowler/0.9; +https://babbar.tech/crawler)"
217.113.194.206 - - [04/Jul/2026:12:49:58 +0000] "GET /properties/features/pdf/?pid=107977 HTTP/1.1" 200 11092 "-" "Mozilla/5.0 (compatible; Barkrowler/0.9; +https://babbar.tech/crawler)"
217.113.194.206 - - [04/Jul/2026:12:50:14 +0000] "GET /properties/features/pdf/?pid=197506 HTTP/1.1" 200 11014 "-" "Mozilla/5.0 (compatible; Barkrowler/0.9; +https://babbar.tech/crawler)"
157.100.61.56 - - [04/Jul/2026:12:50:26 +0000] "GET /dfw/plano-homes-for-sale/ HTTP/1.1" 200 124929 "-" "Mozilla/5.0 (Macintosh; Intel Mac OS X 10_15_4) AppleWebKit/537.36 (KHTML, like Gecko) Chrome/80.0.3987.122 Safari/537.36"
52.5.142.182 - - [04/Jul/2026:12:50:27 +0000] "GET /?rets_cron_job=1&rets_cron_job_type=offline&time=1783169427 HTTP/1.1" 200 5425 "-" "Wget/1.14 (linux-gnu)"
52.5.142.182 - - [04/Jul/2026:12:50:28 +0000] "GET /?rets_import_cron_job=1&time=1783169427 HTTP/1.1" 200 5425 "-" "Wget/1.14 (linux-gnu)"
217.113.194.13 - - [04/Jul/2026:12:50:30 +0000] "GET /properties/features/pdf/?pid=193932 HTTP/1.1" 200 10889 "-" "Mozilla/5.0 (compatible; Barkrowler/0.9; +https://babbar.tech/crawler)"
109.70.100.4 - - [04/Jul/2026:12:50:33 +0000] "GET /.git/config HTTP/1.1" 403 6283 "-" "Go-http-client/1.1"
89.58.41.156 - - [04/Jul/2026:12:50:36 +0000] "GET /.DS_Store HTTP/1.1" 404 126924 "-" "Go-http-client/1.1"
109.70.100.2 - - [04/Jul/2026:12:50:37 +0000] "GET /.git/config HTTP/1.1" 403 6283 "http://www.agenttango.com/.git/config" "Go-http-client/1.1"
109.70.100.5 - - [04/Jul/2026:12:50:39 +0000] "GET /.DS_Store HTTP/1.1" 404 126924 "-" "Go-http-client/1.1"
217.113.194.205 - - [04/Jul/2026:12:50:46 +0000] "GET /properties/features/pdf/?pid=152984 HTTP/1.1" 200 10756 "-" "Mozilla/5.0 (compatible; Barkrowler/0.9; +https://babbar.tech/crawler)"
20.78.154.180 - - [04/Jul/2026:12:50:52 +0000] "GET /wp-includes/block-supports/ HTTP/1.1" 403 6283 "-" "-"
5.21.89.95 - - [04/Jul/2026:12:50:57 +0000] "GET /properties/222963-Residential-Prosper-Texas-75078-4-Bedrooms-3-Bathrooms-USD850-000/ HTTP/1.1" 200 47532 "-" "Mozilla/5.0 (Windows NT 10.0; Win64; x64) AppleWebKit/537.36 (KHTML, like Gecko) Brave Chrome/77.0.3865.90 Safari/537.36"
20.78.154.180 - - [04/Jul/2026:12:50:58 +0000] "GET /wp-admin/css/ HTTP/1.1" 403 6283 "-" "-"
37.111.213.66 - - [04/Jul/2026:12:51:00 +0000] "GET /properties/features/pdf/?pid=215553 HTTP/1.1" 200 10929 "-" "Mozilla/5.0 (Macintosh; Intel Mac OS X 10_15_3) AppleWebKit/537.36 (KHTML, like Gecko) Chrome/98.0.4758.80 Safari/537.36"
20.78.154.180 - - [04/Jul/2026:12:51:01 +0000] "GET /wp-admin/css/colors/ HTTP/1.1" 403 6283 "-" "-"
217.113.194.17 - - [04/Jul/2026:12:51:01 +0000] "GET /properties/features/pdf/?pid=181749 HTTP/1.1" 200 10937 "-" "Mozilla/5.0 (compatible; Barkrowler/0.9; +https://babbar.tech/crawler)"
20.78.154.180 - - [04/Jul/2026:12:51:03 +0000] "GET /wp-includes/js/ HTTP/1.1" 403 6283 "-" "-"
20.78.154.180 - - [04/Jul/2026:12:51:05 +0000] "GET /wp-admin/css/colors/ HTTP/1.1" 403 6283 "-" "-"
217.113.194.206 - - [04/Jul/2026:12:51:17 +0000] "GET /properties/features/pdf/?pid=195713 HTTP/1.1" 200 10921 "-" "Mozilla/5.0 (compatible; Barkrowler/0.9; +https://babbar.tech/crawler)"
20.78.154.180 - - [04/Jul/2026:12:51:23 +0000] "GET /wp-includes/html-api/ HTTP/1.1" 403 6283 "-" "-"
20.78.154.180 - - [04/Jul/2026:12:51:24 +0000] "GET /wp-includes/ID3/ HTTP/1.1" 403 6283 "-" "-"
20.78.154.180 - - [04/Jul/2026:12:51:29 +0000] "GET /wp-admin/js/ HTTP/1.1" 403 6283 "-" "-"
20.78.154.180 - - [04/Jul/2026:12:51:31 +0000] "GET /wp-includes/images/ HTTP/1.1" 403 6283 "-" "-"
20.78.154.180 - - [04/Jul/2026:12:51:32 +0000] "GET /wp-content/cache/ HTTP/1.1" 200 5500 "-" "-"
52.5.142.182 - - [04/Jul/2026:12:51:32 +0000] "GET /?rets_cron_job=1&rets_cron_job_type=offline&time=1783169492 HTTP/1.1" 200 5425 "-" "Wget/1.14 (linux-gnu)"
217.113.194.21 - - [04/Jul/2026:12:51:33 +0000] "GET /properties/features/pdf/?pid=189687 HTTP/1.1" 200 11117 "-" "Mozilla/5.0 (compatible; Barkrowler/0.9; +https://babbar.tech/crawler)"
20.78.154.180 - - [04/Jul/2026:12:51:34 +0000] "GET /wp-includes/ HTTP/1.1" 403 6283 "-" "-"
20.78.154.180 - - [04/Jul/2026:12:51:45 +0000] "GET /wp-content/upgrade/ HTTP/1.1" 403 6283 "-" "-"
20.78.154.180 - - [04/Jul/2026:12:51:47 +0000] "GET /wp-includes/js/tinymce/plugins/compat3x/css/ HTTP/1.1" 403 6283 "-" "-"
217.113.194.13 - - [04/Jul/2026:12:51:48 +0000] "GET /properties/features/pdf/?pid=150234 HTTP/1.1" 200 11000 "-" "Mozilla/5.0 (compatible; Barkrowler/0.9; +https://babbar.tech/crawler)"
20.78.154.180 - - [04/Jul/2026:12:51:49 +0000] "GET /wp-includes/pomo/ HTTP/1.1" 403 6283 "-" "-"
49.36.10.37 - - [04/Jul/2026:12:51:56 +0000] "GET /properties/features/pdf/?pid=100937 HTTP/1.1" 200 11118 "-" "Mozilla/5.0 (Windows NT 6.1; Win64; x64) AppleWebKit/537.36 (KHTML, like Gecko) Chrome/74.0.3729.157 Safari/537.36"
20.78.154.180 - - [04/Jul/2026:12:51:56 +0000] "GET /wk/ HTTP/1.1" 404 126855 "-" "-"
20.78.154.180 - - [04/Jul/2026:12:51:59 +0000] "GET /wp-content/x/ HTTP/1.1" 404 126870 "-" "-"
217.113.194.21 - - [04/Jul/2026:12:52:04 +0000] "GET /properties/features/pdf/?pid=184574 HTTP/1.1" 200 11135 "-" "Mozilla/5.0 (compatible; Barkrowler/0.9; +https://babbar.tech/crawler)"
103.130.175.103 - - [04/Jul/2026:12:52:06 +0000] "GET /properties/features/pdf/?pid=205745 HTTP/1.1" 200 10942 "-" "Mozilla/5.0 (Windows NT 10.0; Win64; x64) AppleWebKit/537.36 (KHTML, like Gecko) Chrome/84.0.4137.1 SputnikBrowser/5.6.6280.0 (GOST) Safari/537.36"
20.78.154.180 - - [04/Jul/2026:12:52:07 +0000] "GET /wp-includes/blocks/shortcode/ HTTP/1.1" 403 6283 "-" "-"
20.78.154.180 - - [04/Jul/2026:12:52:08 +0000] "GET /wp-includes/images/smilies/ HTTP/1.1" 403 6283 "-" "-"
20.78.154.180 - - [04/Jul/2026:12:52:09 +0000] "GET /cgi-bin/ HTTP/1.1" 403 6283 "-" "-"
20.78.154.180 - - [04/Jul/2026:12:52:12 +0000] "GET /wp-admin/images/ HTTP/1.1" 403 6283 "-" "-"
185.92.29.218 - - [04/Jul/2026:12:52:15 +0000] "GET /properties/172963-Residential-Fairview-Texas-75069-5-Bedrooms-6-Bathrooms-USD2-795-000/ HTTP/1.1" 200 46844 "-" "Mozilla/5.0 (Macintosh; Intel Mac OS X 10_13_6) AppleWebKit/537.36 (KHTML, like Gecko) Brave Chrome/88.0.4324.182 Safari/537.36"
20.78.154.180 - - [04/Jul/2026:12:52:17 +0000] "GET /wp-includes/ID3/ HTTP/1.1" 403 6283 "-" "-"
20.78.154.180 - - [04/Jul/2026:12:52:18 +0000] "GET /.well-known/ HTTP/1.1" 403 6283 "-" "-"
217.113.194.205 - - [04/Jul/2026:12:52:20 +0000] "GET /properties/features/pdf/?pid=176827 HTTP/1.1" 200 11019 "-" "Mozilla/5.0 (compatible; Barkrowler/0.9; +https://babbar.tech/crawler)"
20.78.154.180 - - [04/Jul/2026:12:52:25 +0000] "GET /wp-includes/rest-api/ HTTP/1.1" 403 6283 "-" "-"
20.78.154.180 - - [04/Jul/2026:12:52:30 +0000] "GET /wp-admin/js/widgets/ HTTP/1.1" 403 6283 "-" "-"
20.78.154.180 - - [04/Jul/2026:12:52:31 +0000] "GET /wp-admin/css/colors/midnight/ HTTP/1.1" 403 6283 "-" "-"
52.5.142.182 - - [04/Jul/2026:12:52:31 +0000] "GET /?rets_cron_job=1&rets_cron_job_type=offline&time=1783169551 HTTP/1.1" 200 5425 "-" "Wget/1.14 (linux-gnu)"
20.78.154.180 - - [04/Jul/2026:12:52:34 +0000] "GET /files/ HTTP/1.1" 404 126863 "-" "-"
217.113.194.18 - - [04/Jul/2026:12:52:35 +0000] "GET /properties/features/pdf/?pid=181521 HTTP/1.1" 200 11066 "-" "Mozilla/5.0 (compatible; Barkrowler/0.9; +https://babbar.tech/crawler)"
20.78.154.180 - - [04/Jul/2026:12:52:37 +0000] "GET /wp-content/uploads/ HTTP/1.1" 403 6283 "-" "-"
20.78.154.180 - - [04/Jul/2026:12:52:42 +0000] "GET /wp-content/uploads/ HTTP/1.1" 403 6283 "-" "-"
217.113.194.16 - - [04/Jul/2026:12:52:51 +0000] "GET /properties/features/pdf/?pid=179439 HTTP/1.1" 200 11057 "-" "Mozilla/5.0 (compatible; Barkrowler/0.9; +https://babbar.tech/crawler)"
216.73.216.240 - - [04/Jul/2026:12:53:03 +0000] "GET /wp-content/uploads/WPL/qrcode/qr_977e4ea691d82d5519fb09a51a2cd720.png HTTP/1.1" 200 5966 "-" "Mozilla/5.0 AppleWebKit/537.36 (KHTML, like Gecko; compatible; ClaudeBot/1.0; +claudebot@anthropic.com)"
217.113.194.15 - - [04/Jul/2026:12:53:07 +0000] "GET /properties/features/pdf/?pid=176857 HTTP/1.1" 200 10911 "-" "Mozilla/5.0 (compatible; Barkrowler/0.9; +https://babbar.tech/crawler)"
217.113.194.15 - - [04/Jul/2026:12:53:23 +0000] "GET /properties/features/pdf/?pid=156358 HTTP/1.1" 200 11028 "-" "Mozilla/5.0 (compatible; Barkrowler/0.9; +https://babbar.tech/crawler)"
52.5.142.182 - - [04/Jul/2026:12:53:31 +0000] "GET /?rets_cron_job=1&rets_cron_job_type=offline&time=1783169611 HTTP/1.1" 200 5425 "-" "Wget/1.14 (linux-gnu)"
217.113.194.205 - - [04/Jul/2026:12:53:39 +0000] "GET /properties/features/pdf/?pid=173164 HTTP/1.1" 200 11081 "-" "Mozilla/5.0 (compatible; Barkrowler/0.9; +https://babbar.tech/crawler)"
217.113.194.16 - - [04/Jul/2026:12:53:55 +0000] "GET /properties/features/pdf/?pid=154162 HTTP/1.1" 200 10880 "-" "Mozilla/5.0 (compatible; Barkrowler/0.9; +https://babbar.tech/crawler)"
217.113.194.18 - - [04/Jul/2026:12:54:10 +0000] "GET /properties/features/pdf/?pid=193896 HTTP/1.1" 200 11110 "-" "Mozilla/5.0 (compatible; Barkrowler/0.9; +https://babbar.tech/crawler)"
41.142.118.141 - - [04/Jul/2026:12:54:24 +0000] "GET /dfw/saginaw-homes-for-sale/ HTTP/1.1" 200 97863 "-" "Mozilla/5.0 (Macintosh; Intel Mac OS X 11_2_0) AppleWebKit/537.36 (KHTML, like Gecko) Brave Chrome/87.0.4280.101 Safari/537.36"
217.113.194.21 - - [04/Jul/2026:12:54:26 +0000] "GET /properties/features/pdf/?pid=175496 HTTP/1.1" 200 11022 "-" "Mozilla/5.0 (compatible; Barkrowler/0.9; +https://babbar.tech/crawler)"
216.73.216.240 - - [04/Jul/2026:12:54:29 +0000] "GET /robots.txt HTTP/1.1" 200 5871 "-" "Mozilla/5.0 AppleWebKit/537.36 (KHTML, like Gecko; compatible; ClaudeBot/1.0; +claudebot@anthropic.com)"
52.5.142.182 - - [04/Jul/2026:12:54:31 +0000] "GET /?rets_cron_job=1&rets_cron_job_type=offline&time=1783169671 HTTP/1.1" 200 5425 "-" "Wget/1.14 (linux-gnu)"
217.113.194.205 - - [04/Jul/2026:12:54:42 +0000] "GET /properties/features/pdf/?pid=185128 HTTP/1.1" 200 10924 "-" "Mozilla/5.0 (compatible; Barkrowler/0.9; +https://babbar.tech/crawler)"
20.78.154.180 - - [04/Jul/2026:12:54:45 +0000] "GET /vendor/ HTTP/1.1" 404 126864 "-" "-"
217.113.194.14 - - [04/Jul/2026:12:54:57 +0000] "GET /properties/features/pdf/?pid=195221 HTTP/1.1" 200 11041 "-" "Mozilla/5.0 (compatible; Barkrowler/0.9; +https://babbar.tech/crawler)"
217.113.194.13 - - [04/Jul/2026:12:55:13 +0000] "GET /properties/features/pdf/?pid=154076 HTTP/1.1" 200 10980 "-" "Mozilla/5.0 (compatible; Barkrowler/0.9; +https://babbar.tech/crawler)"
