216.73.216.240 - - [04/Jul/2026:09:57:17 +0000] "GET /properties/208007-Residential-Lease-Forney-Texas-75126-4-Bedrooms-2-Bathrooms-USD2-495/ HTTP/1.1" 200 42585 "-" "Mozilla/5.0 AppleWebKit/537.36 (KHTML, like Gecko; compatible; ClaudeBot/1.0; +claudebot@anthropic.com)"
216.73.216.240 - - [04/Jul/2026:09:57:27 +0000] "GET /properties/207951-Residential-Lease-Fate-Texas-75189-3-Bedrooms-2-Bathrooms-USD2-000/ HTTP/1.1" 200 41092 "-" "Mozilla/5.0 AppleWebKit/537.36 (KHTML, like Gecko; compatible; ClaudeBot/1.0; +claudebot@anthropic.com)"
216.73.216.240 - - [04/Jul/2026:09:57:58 +0000] "GET /properties/207991-Residential-Lease-Weatherford-Texas-76086-2-Bedrooms-1-Bathroom-USD975/ HTTP/1.1" 200 41029 "-" "Mozilla/5.0 AppleWebKit/537.36 (KHTML, like Gecko; compatible; ClaudeBot/1.0; +claudebot@anthropic.com)"
216.73.216.240 - - [04/Jul/2026:09:58:05 +0000] "GET /properties/208039-Residential-Lease-Weatherford-Texas-76008-2-Bedrooms-1-Bathroom-USD1-350/ HTTP/1.1" 200 41250 "-" "Mozilla/5.0 AppleWebKit/537.36 (KHTML, like Gecko; compatible; ClaudeBot/1.0; +claudebot@anthropic.com)"
216.73.216.240 - - [04/Jul/2026:09:58:37 +0000] "GET /properties/208014-Residential-Lease-Frisco-Texas-75033-3-Bedrooms-2-Bathrooms-USD3-100/ HTTP/1.1" 200 42033 "-" "Mozilla/5.0 AppleWebKit/537.36 (KHTML, like Gecko; compatible; ClaudeBot/1.0; +claudebot@anthropic.com)"
216.73.216.240 - - [04/Jul/2026:09:58:54 +0000] "GET /properties/208020-Residential-Lease-Flower-Mound-Texas-75028-4-Bedrooms-2-Bathrooms-USD2-780/ HTTP/1.1" 200 43467 "-" "Mozilla/5.0 AppleWebKit/537.36 (KHTML, like Gecko; compatible; ClaudeBot/1.0; +claudebot@anthropic.com)"
216.73.216.240 - - [04/Jul/2026:09:59:05 +0000] "GET /properties/208067-Residential-Lease-Lowry-Crossing-Texas-75407-3-Bedrooms-2-Bathrooms-USD3-300/ HTTP/1.1" 200 41527 "-" "Mozilla/5.0 AppleWebKit/537.36 (KHTML, like Gecko; compatible; ClaudeBot/1.0; +claudebot@anthropic.com)"
216.73.216.240 - - [04/Jul/2026:09:59:27 +0000] "GET /properties/207988-Residential-Lease-Fort-Worth-Texas-76109-3-Bedrooms-2-Bathrooms-USD3-450/ HTTP/1.1" 200 42279 "-" "Mozilla/5.0 AppleWebKit/537.36 (KHTML, like Gecko; compatible; ClaudeBot/1.0; +claudebot@anthropic.com)"
216.73.216.240 - - [04/Jul/2026:09:59:41 +0000] "GET /properties/207973-Residential-Lease-Frisco-Texas-75035-4-Bedrooms-3-Bathrooms-USD3-000/ HTTP/1.1" 200 42197 "-" "Mozilla/5.0 AppleWebKit/537.36 (KHTML, like Gecko; compatible; ClaudeBot/1.0; +claudebot@anthropic.com)"
216.73.216.240 - - [04/Jul/2026:10:00:02 +0000] "GET /properties/208033-Residential-Lease-McKinney-Texas-75070-3-Bedrooms-2-Bathrooms-USD2-700/ HTTP/1.1" 200 42149 "-" "Mozilla/5.0 AppleWebKit/537.36 (KHTML, like Gecko; compatible; ClaudeBot/1.0; +claudebot@anthropic.com)"
185.54.158.96 - - [04/Jul/2026:10:00:08 +0000] "GET /properties/224757-Residential-Lease-Mckinney-Texas-75071-3-Bedrooms-2-Bathrooms-USD2-250/ HTTP/1.1" 200 44380 "-" "Mozilla/5.0 (Windows NT 6.1; Win64; x64) AppleWebKit/537.36 (KHTML, like Gecko) Chrome/85.0.4183.102 Safari/537.36"
216.73.216.240 - - [04/Jul/2026:10:00:11 +0000] "GET /properties/208062-Residential-Lease-University-Park-Texas-75225-3-Bedrooms-2-Bathrooms-USD6-500/ HTTP/1.1" 200 41915 "-" "Mozilla/5.0 AppleWebKit/537.36 (KHTML, like Gecko; compatible; ClaudeBot/1.0; +claudebot@anthropic.com)"
105.112.73.5 - - [04/Jul/2026:10:00:23 +0000] "GET /properties/features/pdf/?pid=212427 HTTP/1.1" 200 10989 "-" "Mozilla/5.0 (Windows NT 10.0; Win64; x64) AppleWebKit/537.36 (KHTML, like Gecko) Chrome/89.0.4389.116 Safari/537.36"
52.5.142.182 - - [04/Jul/2026:10:00:27 +0000] "GET /?rets_import_cron_job=1&time=1783159227 HTTP/1.1" 200 5425 "-" "Wget/1.14 (linux-gnu)"
52.5.142.182 - - [04/Jul/2026:10:00:29 +0000] "GET /?rets_purge_cron_job=1&time=1783159228 HTTP/1.1" 200 5425 "-" "Wget/1.14 (linux-gnu)"
185.8.106.93 - - [04/Jul/2026:10:00:32 +0000] "GET /wp-json/gravitysmtp/v1/tests/mock-data?page=gravitysmtp-settings HTTP/1.1" 404 6053 "https://agenttango.com/wp-json/gravitysmtp/v1/tests/mock-data?page=gravitysmtp-settings" "Go-http-client/1.1"
185.8.106.93 - - [04/Jul/2026:10:00:32 +0000] "GET /wp-json/gravitysmtp/v1/tests/mock-data?page=gravitysmtp-settings HTTP/1.1" 404 6053 "http://agenttango.com/wp-json/gravitysmtp/v1/tests/mock-data?page=gravitysmtp-settings" "Go-http-client/1.1"
185.8.106.93 - - [04/Jul/2026:10:00:33 +0000] "GET /wp-json/gravitysmtp/v1/tests/mock-data?page=gravitysmtp-settings HTTP/1.1" 404 6053 "-" "Go-http-client/1.1"
185.8.106.93 - - [04/Jul/2026:10:00:33 +0000] "GET /?rest_route=/gravitysmtp/v1/tests/mock-data&page=gravitysmtp-settings HTTP/1.1" 404 6053 "https://agenttango.com/?rest_route=/gravitysmtp/v1/tests/mock-data&page=gravitysmtp-settings" "Go-http-client/1.1"
66.249.79.194 - - [04/Jul/2026:10:00:56 +0000] "GET /?wplpage=13 HTTP/1.1" 200 50359 "-" "Mozilla/5.0 (Linux; Android 6.0.1; Nexus 5X Build/MMB29P) AppleWebKit/537.36 (KHTML, like Gecko) Chrome/150.0.7871.46 Mobile Safari/537.36 (compatible; Googlebot/2.1; +http://www.google.com/bot.html)"
66.249.79.193 - - [04/Jul/2026:10:01:13 +0000] "POST /?wplpage=13 HTTP/1.1" 200 5602 "https://www.agenttango.com/?wplpage=13" "Mozilla/5.0 (Linux; Android 6.0.1; Nexus 5X Build/MMB29P) AppleWebKit/537.36 (KHTML, like Gecko) Chrome/150.0.7871.46 Mobile Safari/537.36 (compatible; Googlebot/2.1; +http://www.google.com/bot.html)"
14.232.179.29 - - [04/Jul/2026:10:01:39 +0000] "GET /properties/features/pdf/?pid=212879 HTTP/1.1" 200 11034 "-" "Mozilla/5.0 (Macintosh; Intel Mac OS X 10_15_6) AppleWebKit/537.36 (KHTML, like Gecko) Chrome/98.0.4758.80 Safari/537.36"
200.125.171.174 - - [04/Jul/2026:10:02:01 +0000] "GET /properties/221604-Residential-Income-Dallas-Texas-75219-4-Bedrooms-3-Bathrooms-USD1-599-800/ HTTP/1.1" 200 46718 "-" "Mozilla/5.0 (Windows NT 10.0) AppleWebKit/537.36 (KHTML, like Gecko) Chrome/72.0.3626.109 Safari/537.36"
62.61.168.36 - - [04/Jul/2026:10:02:05 +0000] "GET /properties/179559-Residential-University-Park-Texas-75225-5-Bedrooms-5-Bathrooms-USD6-750-000/ HTTP/1.1" 200 46033 "-" "Mozilla/5.0 (Macintosh; Intel Mac OS X 10_14_6) AppleWebKit/537.36 (KHTML, like Gecko) Brave Chrome/78.0.3904.108 Safari/537.36"
66.249.79.195 - - [04/Jul/2026:10:02:28 +0000] "GET /?wplpage=14 HTTP/1.1" 200 50297 "-" "Mozilla/5.0 (Linux; Android 6.0.1; Nexus 5X Build/MMB29P) AppleWebKit/537.36 (KHTML, like Gecko) Chrome/150.0.7871.46 Mobile Safari/537.36 (compatible; Googlebot/2.1; +http://www.google.com/bot.html)"
191.92.224.131 - - [04/Jul/2026:10:03:23 +0000] "GET /properties/features/pdf/?pid=51014 HTTP/1.1" 200 10999 "-" "Mozilla/5.0 (Macintosh; Intel Mac OS X 10_15_7) AppleWebKit/537.36 (KHTML, like Gecko) Chrome/101.0.4951.54 Safari/537.36"
66.249.79.194 - - [04/Jul/2026:10:04:09 +0000] "GET /properties/213973-Residential-Income-Bossier-City-Louisiana-71111-4-Bedrooms-4-Bathrooms-USD135-000/ HTTP/1.1" 200 41541 "-" "Mozilla/5.0 (Linux; Android 6.0.1; Nexus 5X Build/MMB29P) AppleWebKit/537.36 (KHTML, like Gecko) Chrome/150.0.7871.46 Mobile Safari/537.36 (compatible; GoogleOther)"
66.249.79.195 - - [04/Jul/2026:10:04:13 +0000] "GET /properties/213845-Residential-Income-Venus-Texas-76084-6-Bedrooms-4-Bathrooms-USD529-900/ HTTP/1.1" 200 43658 "-" "Mozilla/5.0 (Linux; Android 6.0.1; Nexus 5X Build/MMB29P) AppleWebKit/537.36 (KHTML, like Gecko) Chrome/150.0.7871.46 Mobile Safari/537.36 (compatible; GoogleOther)"
66.249.79.194 - - [04/Jul/2026:10:04:16 +0000] "GET /properties/features/pdf/?pid=214023 HTTP/1.1" 200 10932 "-" "Mozilla/5.0 (Linux; Android 6.0.1; Nexus 5X Build/MMB29P) AppleWebKit/537.36 (KHTML, like Gecko) Chrome/150.0.7871.46 Mobile Safari/537.36 (compatible; GoogleOther)"
66.249.79.193 - - [04/Jul/2026:10:04:17 +0000] "POST /properties/213845-Residential-Income-Venus-Texas-76084-6-Bedrooms-4-Bathrooms-USD529-900/ HTTP/1.1" 200 5602 "https://www.agenttango.com/properties/213845-Residential-Income-Venus-Texas-76084-6-Bedrooms-4-Bathrooms-USD529-900/" "Mozilla/5.0 (Linux; Android 6.0.1; Nexus 5X Build/MMB29P) AppleWebKit/537.36 (KHTML, like Gecko) Chrome/150.0.7871.46 Mobile Safari/537.36 (compatible; GoogleOther)"
66.249.79.193 - - [04/Jul/2026:10:04:20 +0000] "POST /properties/213973-Residential-Income-Bossier-City-Louisiana-71111-4-Bedrooms-4-Bathrooms-USD135-000/ HTTP/1.1" 200 5602 "https://www.agenttango.com/properties/213973-Residential-Income-Bossier-City-Louisiana-71111-4-Bedrooms-4-Bathrooms-USD135-000/" "Mozilla/5.0 (Linux; Android 6.0.1; Nexus 5X Build/MMB29P) AppleWebKit/537.36 (KHTML, like Gecko) Chrome/150.0.7871.46 Mobile Safari/537.36 (compatible; GoogleOther)"
83.171.206.109 - - [04/Jul/2026:10:04:41 +0000] "GET /properties/features/pdf/?pid=204664 HTTP/1.1" 200 11158 "-" "Mozilla/5.0 (Windows NT 10.0; WOW64) AppleWebKit/537.36 (KHTML, like Gecko) Chrome/69.0.3497.100 Safari/537.36"
202.163.81.158 - - [04/Jul/2026:10:04:44 +0000] "GET /trucking-slowdown-means-housing-inventory-goes-up/ HTTP/1.1" 200 83752 "-" "Mozilla/5.0 (Macintosh; Intel Mac OS X 11_2_2) AppleWebKit/537.36 (KHTML, like Gecko) Brave Chrome/89.0.4389.72 Safari/537.36"
52.5.142.182 - - [04/Jul/2026:10:05:33 +0000] "GET /?rets_import_cron_job=1&time=1783159532 HTTP/1.1" 200 5425 "-" "Wget/1.14 (linux-gnu)"
92.118.182.68 - - [04/Jul/2026:10:05:56 +0000] "GET /properties/features/pdf/?pid=188263 HTTP/1.1" 200 11059 "-" "Mozilla/5.0 (Macintosh; Intel Mac OS X 10_11_6) AppleWebKit/537.36 (KHTML, like Gecko) Chrome/80.0.3987.132 Safari/537.36"
14.191.131.254 - - [04/Jul/2026:10:07:23 +0000] "GET /properties/195112-Residential-Wichita-Falls-Texas-76310-3-Bedrooms-1-Bathroom-USD187-000/ HTTP/1.1" 200 45816 "-" "Mozilla/5.0 (Macintosh; Intel Mac OS X 11_3_0) AppleWebKit/537.36 (KHTML, like Gecko) Chrome/89.0.4389.128 Safari/537.36"
187.188.32.254 - - [04/Jul/2026:10:08:04 +0000] "GET /properties/features/pdf/?pid=197840 HTTP/1.1" 200 11054 "-" "Mozilla/5.0 (Macintosh; Intel Mac OS X 10_13_6) AppleWebKit/537.36 (KHTML, like Gecko) Brave Chrome/80.0.3987.87 Safari/537.36"
66.249.79.195 - - [04/Jul/2026:10:09:03 +0000] "GET /robots.txt HTTP/1.1" 200 5871 "-" "Mozilla/5.0 (compatible; Googlebot/2.1; +http://www.google.com/bot.html)"
66.249.79.195 - - [04/Jul/2026:10:09:03 +0000] "GET /properties/features/pdf/?pid=217796 HTTP/1.1" 200 11021 "-" "Mozilla/5.0 (Linux; Android 6.0.1; Nexus 5X Build/MMB29P) AppleWebKit/537.36 (KHTML, like Gecko) Chrome/150.0.7871.46 Mobile Safari/537.36 (compatible; GoogleOther)"
109.236.44.220 - - [04/Jul/2026:10:09:45 +0000] "GET /properties/224951-Residential-Lease-Dallas-Texas-75217-4-Bedrooms-2-Bathrooms-USD1-950/ HTTP/1.1" 200 43751 "-" "Mozilla/5.0 (Windows NT 10.0; Win64; x64) AppleWebKit/537.36 (KHTML, like Gecko) Chrome/86.0.4240.75 Safari/537.36"
52.5.142.182 - - [04/Jul/2026:10:10:31 +0000] "GET /?rets_import_cron_job=1&time=1783159831 HTTP/1.1" 200 5425 "-" "Wget/1.14 (linux-gnu)"
14.184.251.35 - - [04/Jul/2026:10:11:42 +0000] "GET /DFW/coppell-homes-for-sale/ HTTP/1.1" 200 48057 "-" "Mozilla/5.0 (Windows NT 10.0; WOW64) AppleWebKit/537.36 (KHTML, like Gecko) Chrome/107.0.0.0 Safari/537.36"
14.186.108.246 - - [04/Jul/2026:10:11:51 +0000] "GET /properties/features/pdf/?pid=214978 HTTP/1.1" 200 11178 "-" "Mozilla/5.0 (Macintosh; Intel Mac OS X 10_15_3) AppleWebKit/537.36 (KHTML, like Gecko) Chrome/87.0.4280.88 Safari/537.36"
86.97.73.250 - - [04/Jul/2026:10:13:11 +0000] "GET /properties/features/pdf/?pid=224695 HTTP/1.1" 200 11013 "-" "Mozilla/5.0 (Macintosh; Intel Mac OS X 10_13_6) AppleWebKit/537.36 (KHTML, like Gecko) Chrome/68.0.3440.84 Safari/537.36"
41.135.24.99 - - [04/Jul/2026:10:13:17 +0000] "GET /properties/224957-Residential-Lease-Azle-Texas-76020-3-Bedrooms-2-Bathrooms-USD1-800/ HTTP/1.1" 200 44359 "-" "Mozilla/5.0 (Macintosh; Intel Mac OS X 10_13_6) AppleWebKit/537.36 (KHTML, like Gecko) Chrome/80.0.3987.132 Safari/537.36"
103.129.33.153 - - [04/Jul/2026:10:13:39 +0000] "GET /properties/features/pdf/?pid=113932 HTTP/1.1" 200 11111 "-" "Mozilla/5.0 (Macintosh; Intel Mac OS X 11_3) AppleWebKit/537.36 (KHTML, like Gecko) Chrome/90.0.4430.93 Safari/537.36"
216.73.216.240 - - [04/Jul/2026:10:13:51 +0000] "GET /properties/74824-Residential-Lease-Denton-Texas-76207-2-Bedrooms-2-Bathrooms-USD2-750/ HTTP/1.1" 200 42256 "-" "Mozilla/5.0 AppleWebKit/537.36 (KHTML, like Gecko; compatible; ClaudeBot/1.0; +claudebot@anthropic.com)"
14.191.64.220 - - [04/Jul/2026:10:14:26 +0000] "GET /properties/213168-Residential-Melissa-Texas-75454-3-Bedrooms-2-Bathrooms-USD455-295/ HTTP/1.1" 200 44465 "-" "Mozilla/5.0 (Macintosh; Intel Mac OS X 10_13_2) AppleWebKit/537.36 (KHTML, like Gecko) Chrome/66.0.3359.139 Safari/537.36"
216.73.216.240 - - [04/Jul/2026:10:14:29 +0000] "GET /wp-content/uploads/WPL/qrcode/qr_29209ecff287a1a2187df37475605e8e.png HTTP/1.1" 200 6019 "-" "Mozilla/5.0 AppleWebKit/537.36 (KHTML, like Gecko; compatible; ClaudeBot/1.0; +claudebot@anthropic.com)"
216.73.216.240 - - [04/Jul/2026:10:14:29 +0000] "GET /properties/77863-Residential-Lease-Fort-Worth-Texas-76108-4-Bedrooms-2-Bathrooms-USD2-280/ HTTP/1.1" 200 41594 "-" "Mozilla/5.0 AppleWebKit/537.36 (KHTML, like Gecko; compatible; ClaudeBot/1.0; +claudebot@anthropic.com)"
52.5.142.182 - - [04/Jul/2026:10:15:28 +0000] "GET /?rets_import_cron_job=1&time=1783160127 HTTP/1.1" 200 5425 "-" "Wget/1.14 (linux-gnu)"
216.73.216.240 - - [04/Jul/2026:10:15:30 +0000] "GET /properties/?wplpage=684 HTTP/1.1" 200 38846 "-" "Mozilla/5.0 AppleWebKit/537.36 (KHTML, like Gecko; compatible; ClaudeBot/1.0; +claudebot@anthropic.com)"
216.73.216.240 - - [04/Jul/2026:10:15:40 +0000] "GET /properties/71343-Residential-Lease-Fort-Worth-Texas-76131-3-Bedrooms-2-Bathrooms-USD2-145/ HTTP/1.1" 200 41660 "-" "Mozilla/5.0 AppleWebKit/537.36 (KHTML, like Gecko; compatible; ClaudeBot/1.0; +claudebot@anthropic.com)"
216.73.216.240 - - [04/Jul/2026:10:15:41 +0000] "GET /properties/71603-Residential-Lease-Fort-Worth-Texas-76179-3-Bedrooms-2-Bathrooms-USD2-125/ HTTP/1.1" 200 41752 "-" "Mozilla/5.0 AppleWebKit/537.36 (KHTML, like Gecko; compatible; ClaudeBot/1.0; +claudebot@anthropic.com)"
216.73.216.240 - - [04/Jul/2026:10:15:58 +0000] "GET /properties/78438-Residential-Lease-Watauga-Texas-76148-3-Bedrooms-2-Bathrooms-USD2-345/ HTTP/1.1" 200 41797 "-" "Mozilla/5.0 AppleWebKit/537.36 (KHTML, like Gecko; compatible; ClaudeBot/1.0; +claudebot@anthropic.com)"
216.73.216.240 - - [04/Jul/2026:10:15:59 +0000] "GET /properties/69880-Residential-Lease-Allen-Texas-75013-5-Bedrooms-4-Bathrooms-USD3-800/ HTTP/1.1" 200 42817 "-" "Mozilla/5.0 AppleWebKit/537.36 (KHTML, like Gecko; compatible; ClaudeBot/1.0; +claudebot@anthropic.com)"
216.73.216.240 - - [04/Jul/2026:10:16:40 +0000] "GET /properties/55883-Residential-Lease-University-Park-Texas-75225-2-Bedrooms-2-Bathrooms-USD3-900/ HTTP/1.1" 200 41829 "-" "Mozilla/5.0 AppleWebKit/537.36 (KHTML, like Gecko; compatible; ClaudeBot/1.0; +claudebot@anthropic.com)"
216.73.216.240 - - [04/Jul/2026:10:16:44 +0000] "GET /properties/76258-Residential-Lease-Irving-Texas-75039-1-Bedroom-1-Bathroom-USD1-950/ HTTP/1.1" 200 42533 "-" "Mozilla/5.0 AppleWebKit/537.36 (KHTML, like Gecko; compatible; ClaudeBot/1.0; +claudebot@anthropic.com)"
38.171.189.119 - - [04/Jul/2026:10:16:52 +0000] "GET /properties/181151-Residential-Plano-Texas-75093-5-Bedrooms-6-Bathrooms-USD5-500-000/ HTTP/1.1" 200 47068 "-" "Mozilla/5.0 (Macintosh; Intel Mac OS X 10_13_6) AppleWebKit/537.36 (KHTML, like Gecko) Chrome/89.0.4389.90 Safari/537.36"
216.73.216.240 - - [04/Jul/2026:10:17:03 +0000] "GET /properties/71337-Residential-Lease-Fort-Worth-Texas-76179-4-Bedrooms-2-Bathrooms-USD2-285/ HTTP/1.1" 200 41738 "-" "Mozilla/5.0 AppleWebKit/537.36 (KHTML, like Gecko; compatible; ClaudeBot/1.0; +claudebot@anthropic.com)"
216.73.216.240 - - [04/Jul/2026:10:17:04 +0000] "GET /properties/70442-Residential-Lease-Fort-Worth-Texas-76247-3-Bedrooms-USD2-295/ HTTP/1.1" 200 41680 "-" "Mozilla/5.0 AppleWebKit/537.36 (KHTML, like Gecko; compatible; ClaudeBot/1.0; +claudebot@anthropic.com)"
216.73.216.240 - - [04/Jul/2026:10:17:16 +0000] "GET /properties/74900-Residential-Lease-Royse-City-Texas-75189-4-Bedrooms-2-Bathrooms-USD2-195/ HTTP/1.1" 200 41839 "-" "Mozilla/5.0 AppleWebKit/537.36 (KHTML, like Gecko; compatible; ClaudeBot/1.0; +claudebot@anthropic.com)"
216.73.216.240 - - [04/Jul/2026:10:17:16 +0000] "GET /properties/74358-Commercial-Lease-Haltom-City-Texas-76111-USD2-200/ HTTP/1.1" 200 40383 "-" "Mozilla/5.0 AppleWebKit/537.36 (KHTML, like Gecko; compatible; ClaudeBot/1.0; +claudebot@anthropic.com)"
216.73.216.240 - - [04/Jul/2026:10:17:33 +0000] "GET /properties/features/pdf/?pid=85666 HTTP/1.1" 200 10930 "-" "Mozilla/5.0 AppleWebKit/537.36 (KHTML, like Gecko; compatible; ClaudeBot/1.0; +claudebot@anthropic.com)"
216.73.216.240 - - [04/Jul/2026:10:17:34 +0000] "GET /properties/features/pdf/?pid=85753 HTTP/1.1" 200 10824 "-" "Mozilla/5.0 AppleWebKit/537.36 (KHTML, like Gecko; compatible; ClaudeBot/1.0; +claudebot@anthropic.com)"
216.73.216.240 - - [04/Jul/2026:10:17:34 +0000] "GET /properties/features/pdf/?pid=83259 HTTP/1.1" 200 10928 "-" "Mozilla/5.0 AppleWebKit/537.36 (KHTML, like Gecko; compatible; ClaudeBot/1.0; +claudebot@anthropic.com)"
216.73.216.240 - - [04/Jul/2026:10:17:35 +0000] "GET /properties/features/pdf/?pid=85564 HTTP/1.1" 200 10871 "-" "Mozilla/5.0 AppleWebKit/537.36 (KHTML, like Gecko; compatible; ClaudeBot/1.0; +claudebot@anthropic.com)"
216.73.216.240 - - [04/Jul/2026:10:17:36 +0000] "GET /properties/features/pdf/?pid=79711 HTTP/1.1" 200 10884 "-" "Mozilla/5.0 AppleWebKit/537.36 (KHTML, like Gecko; compatible; ClaudeBot/1.0; +claudebot@anthropic.com)"
216.73.216.240 - - [04/Jul/2026:10:17:37 +0000] "GET /properties/features/pdf/?pid=85505 HTTP/1.1" 200 10827 "-" "Mozilla/5.0 AppleWebKit/537.36 (KHTML, like Gecko; compatible; ClaudeBot/1.0; +claudebot@anthropic.com)"
216.73.216.240 - - [04/Jul/2026:10:17:37 +0000] "GET /properties/features/pdf/?pid=80387 HTTP/1.1" 200 10977 "-" "Mozilla/5.0 AppleWebKit/537.36 (KHTML, like Gecko; compatible; ClaudeBot/1.0; +claudebot@anthropic.com)"
216.73.216.240 - - [04/Jul/2026:10:17:38 +0000] "GET /properties/features/pdf/?pid=79273 HTTP/1.1" 200 10798 "-" "Mozilla/5.0 AppleWebKit/537.36 (KHTML, like Gecko; compatible; ClaudeBot/1.0; +claudebot@anthropic.com)"
103.159.127.138 - - [04/Jul/2026:10:17:53 +0000] "GET /properties/151737-Residential-Springtown-Texas-76082-4-Bedrooms-2-Bathrooms-USD575-000/ HTTP/1.1" 200 46743 "-" "Mozilla/5.0 (X11; OpenBSD i386) AppleWebKit/537.36 (KHTML, like Gecko) Chrome/36.0.1985.125 Safari/537.36"
14.162.176.56 - - [04/Jul/2026:10:17:57 +0000] "GET /properties/196926-Residential-Plano-Texas-75024-4-Bedrooms-4-Bathrooms-USD5-150-000/ HTTP/1.1" 200 47382 "-" "Mozilla/5.0 (Macintosh; Intel Mac OS X 10_14_6) AppleWebKit/537.36 (KHTML, like Gecko) Chrome/85.0.4183.83 Safari/537.36"
216.73.216.240 - - [04/Jul/2026:10:18:18 +0000] "GET /properties/features/pdf/?pid=82930 HTTP/1.1" 200 10992 "-" "Mozilla/5.0 AppleWebKit/537.36 (KHTML, like Gecko; compatible; ClaudeBot/1.0; +claudebot@anthropic.com)"
216.73.216.240 - - [04/Jul/2026:10:18:18 +0000] "GET /properties/features/pdf/?pid=83933 HTTP/1.1" 200 10918 "-" "Mozilla/5.0 AppleWebKit/537.36 (KHTML, like Gecko; compatible; ClaudeBot/1.0; +claudebot@anthropic.com)"
216.73.216.240 - - [04/Jul/2026:10:18:19 +0000] "GET /properties/features/pdf/?pid=81517 HTTP/1.1" 200 11018 "-" "Mozilla/5.0 AppleWebKit/537.36 (KHTML, like Gecko; compatible; ClaudeBot/1.0; +claudebot@anthropic.com)"
216.73.216.240 - - [04/Jul/2026:10:18:19 +0000] "GET /properties/features/pdf/?pid=87946 HTTP/1.1" 200 10922 "-" "Mozilla/5.0 AppleWebKit/537.36 (KHTML, like Gecko; compatible; ClaudeBot/1.0; +claudebot@anthropic.com)"
216.73.216.240 - - [04/Jul/2026:10:18:22 +0000] "GET /wp-content/uploads/WPL/qrcode/qr_fa62bc74a7de877274924ef1c45d8704.png HTTP/1.1" 200 6036 "-" "Mozilla/5.0 AppleWebKit/537.36 (KHTML, like Gecko; compatible; ClaudeBot/1.0; +claudebot@anthropic.com)"
216.73.216.240 - - [04/Jul/2026:10:18:23 +0000] "GET /wp-content/uploads/WPL/qrcode/qr_50717b1bb241723f2b190dfd87cf23df.png HTTP/1.1" 200 5961 "-" "Mozilla/5.0 AppleWebKit/537.36 (KHTML, like Gecko; compatible; ClaudeBot/1.0; +claudebot@anthropic.com)"
216.73.216.240 - - [04/Jul/2026:10:18:23 +0000] "GET /wp-content/uploads/WPL/qrcode/qr_40bc70203b80ad7bf6ebe372ecd4ed4e.png HTTP/1.1" 200 6043 "-" "Mozilla/5.0 AppleWebKit/537.36 (KHTML, like Gecko; compatible; ClaudeBot/1.0; +claudebot@anthropic.com)"
216.73.216.240 - - [04/Jul/2026:10:18:24 +0000] "GET /wp-content/uploads/WPL/qrcode/qr_d8a051cd640f3e098554eeb8deb5bece.png HTTP/1.1" 200 6036 "-" "Mozilla/5.0 AppleWebKit/537.36 (KHTML, like Gecko; compatible; ClaudeBot/1.0; +claudebot@anthropic.com)"
216.73.216.240 - - [04/Jul/2026:10:18:29 +0000] "GET /wp-content/uploads/WPL/qrcode/qr_5fcb1a2aea86a9d796edcfa512b32b39.png HTTP/1.1" 200 6034 "-" "Mozilla/5.0 AppleWebKit/537.36 (KHTML, like Gecko; compatible; ClaudeBot/1.0; +claudebot@anthropic.com)"
216.73.216.240 - - [04/Jul/2026:10:18:30 +0000] "GET /wp-content/uploads/WPL/qrcode/qr_bd119fd440ee65b055711fc98aaf9285.png HTTP/1.1" 200 6034 "-" "Mozilla/5.0 AppleWebKit/537.36 (KHTML, like Gecko; compatible; ClaudeBot/1.0; +claudebot@anthropic.com)"
216.73.216.240 - - [04/Jul/2026:10:18:30 +0000] "GET /wp-content/uploads/WPL/qrcode/qr_89ce0f2318c6545fec897b74aa4b4b8c.png HTTP/1.1" 200 6026 "-" "Mozilla/5.0 AppleWebKit/537.36 (KHTML, like Gecko; compatible; ClaudeBot/1.0; +claudebot@anthropic.com)"
216.73.216.240 - - [04/Jul/2026:10:18:31 +0000] "GET /wp-content/uploads/WPL/qrcode/qr_1d1988e562d70b3e51aef1e85a70e91e.png HTTP/1.1" 200 6031 "-" "Mozilla/5.0 AppleWebKit/537.36 (KHTML, like Gecko; compatible; ClaudeBot/1.0; +claudebot@anthropic.com)"
197.79.33.4 - - [04/Jul/2026:10:18:36 +0000] "GET /properties/features/pdf/?pid=220477 HTTP/1.1" 200 11361 "-" "Mozilla/5.0 (Macintosh; Intel Mac OS X 10_13_6) AppleWebKit/537.36 (KHTML, like Gecko) Brave Chrome/78.0.3904.108 Safari/537.36"
216.73.216.240 - - [04/Jul/2026:10:18:56 +0000] "GET /wp-content/uploads/WPL/qrcode/qr_d469e7450fcf27f438b62cce859e50ed.png HTTP/1.1" 200 6027 "-" "Mozilla/5.0 AppleWebKit/537.36 (KHTML, like Gecko; compatible; ClaudeBot/1.0; +claudebot@anthropic.com)"
216.73.216.240 - - [04/Jul/2026:10:18:56 +0000] "GET /wp-content/uploads/WPL/qrcode/qr_5812d588ab7741e6d8befe029b314b13.png HTTP/1.1" 200 5970 "-" "Mozilla/5.0 AppleWebKit/537.36 (KHTML, like Gecko; compatible; ClaudeBot/1.0; +claudebot@anthropic.com)"
216.73.216.240 - - [04/Jul/2026:10:18:56 +0000] "GET /wp-content/uploads/WPL/qrcode/qr_be36189c4026547d059a42420eb46ec2.png HTTP/1.1" 200 6038 "-" "Mozilla/5.0 AppleWebKit/537.36 (KHTML, like Gecko; compatible; ClaudeBot/1.0; +claudebot@anthropic.com)"
216.73.216.240 - - [04/Jul/2026:10:18:57 +0000] "GET /properties/features/pdf/?pid=103804 HTTP/1.1" 200 10977 "-" "Mozilla/5.0 AppleWebKit/537.36 (KHTML, like Gecko; compatible; ClaudeBot/1.0; +claudebot@anthropic.com)"
216.73.216.240 - - [04/Jul/2026:10:19:08 +0000] "GET /properties/features/pdf/?pid=215586 HTTP/1.1" 200 10870 "-" "Mozilla/5.0 AppleWebKit/537.36 (KHTML, like Gecko; compatible; ClaudeBot/1.0; +claudebot@anthropic.com)"
216.73.216.240 - - [04/Jul/2026:10:19:08 +0000] "GET /properties/features/pdf/?pid=157702 HTTP/1.1" 200 10952 "-" "Mozilla/5.0 AppleWebKit/537.36 (KHTML, like Gecko; compatible; ClaudeBot/1.0; +claudebot@anthropic.com)"
216.73.216.240 - - [04/Jul/2026:10:19:08 +0000] "GET /properties/features/pdf/?pid=218820 HTTP/1.1" 200 11193 "-" "Mozilla/5.0 AppleWebKit/537.36 (KHTML, like Gecko; compatible; ClaudeBot/1.0; +claudebot@anthropic.com)"
66.249.79.195 - - [04/Jul/2026:10:19:09 +0000] "GET /robots.txt HTTP/1.1" 200 5871 "-" "Mozilla/5.0 (compatible; Googlebot/2.1; +http://www.google.com/bot.html)"
216.73.216.240 - - [04/Jul/2026:10:19:09 +0000] "GET /properties/features/pdf/?pid=221815 HTTP/1.1" 200 11129 "-" "Mozilla/5.0 AppleWebKit/537.36 (KHTML, like Gecko; compatible; ClaudeBot/1.0; +claudebot@anthropic.com)"
216.73.216.240 - - [04/Jul/2026:10:19:11 +0000] "GET /properties/features/pdf/?pid=103803 HTTP/1.1" 200 10954 "-" "Mozilla/5.0 AppleWebKit/537.36 (KHTML, like Gecko; compatible; ClaudeBot/1.0; +claudebot@anthropic.com)"
216.73.216.240 - - [04/Jul/2026:10:19:12 +0000] "GET /properties/features/pdf/?pid=217405 HTTP/1.1" 200 10989 "-" "Mozilla/5.0 AppleWebKit/537.36 (KHTML, like Gecko; compatible; ClaudeBot/1.0; +claudebot@anthropic.com)"
216.73.216.240 - - [04/Jul/2026:10:19:12 +0000] "GET /properties/features/pdf/?pid=214433 HTTP/1.1" 200 11023 "-" "Mozilla/5.0 AppleWebKit/537.36 (KHTML, like Gecko; compatible; ClaudeBot/1.0; +claudebot@anthropic.com)"
216.73.216.240 - - [04/Jul/2026:10:19:13 +0000] "GET /properties/features/pdf/?pid=216779 HTTP/1.1" 200 11140 "-" "Mozilla/5.0 AppleWebKit/537.36 (KHTML, like Gecko; compatible; ClaudeBot/1.0; +claudebot@anthropic.com)"
66.249.79.194 - - [04/Jul/2026:10:19:09 +0000] "GET /?wplpage=15 HTTP/1.1" 200 50243 "-" "Mozilla/5.0 (Linux; Android 6.0.1; Nexus 5X Build/MMB29P) AppleWebKit/537.36 (KHTML, like Gecko) Chrome/150.0.7871.46 Mobile Safari/537.36 (compatible; GoogleOther)"
66.249.79.193 - - [04/Jul/2026:10:19:17 +0000] "POST /?wplpage=15 HTTP/1.1" 200 5602 "https://www.agenttango.com/?wplpage=15" "Mozilla/5.0 (Linux; Android 6.0.1; Nexus 5X Build/MMB29P) AppleWebKit/537.36 (KHTML, like Gecko) Chrome/150.0.7871.46 Mobile Safari/537.36 (compatible; GoogleOther)"
216.73.216.240 - - [04/Jul/2026:10:19:57 +0000] "GET /properties/features/pdf/?pid=221464 HTTP/1.1" 200 10974 "-" "Mozilla/5.0 AppleWebKit/537.36 (KHTML, like Gecko; compatible; ClaudeBot/1.0; +claudebot@anthropic.com)"
216.73.216.240 - - [04/Jul/2026:10:19:57 +0000] "GET /properties/features/pdf/?pid=157203 HTTP/1.1" 200 10983 "-" "Mozilla/5.0 AppleWebKit/537.36 (KHTML, like Gecko; compatible; ClaudeBot/1.0; +claudebot@anthropic.com)"
216.73.216.240 - - [04/Jul/2026:10:19:58 +0000] "GET /properties/features/pdf/?pid=218995 HTTP/1.1" 200 11017 "-" "Mozilla/5.0 AppleWebKit/537.36 (KHTML, like Gecko; compatible; ClaudeBot/1.0; +claudebot@anthropic.com)"
216.73.216.240 - - [04/Jul/2026:10:19:58 +0000] "GET /properties/features/pdf/?pid=214434 HTTP/1.1" 200 10880 "-" "Mozilla/5.0 AppleWebKit/537.36 (KHTML, like Gecko; compatible; ClaudeBot/1.0; +claudebot@anthropic.com)"
216.73.216.240 - - [04/Jul/2026:10:20:06 +0000] "GET /properties/features/pdf/?pid=121691 HTTP/1.1" 200 11002 "-" "Mozilla/5.0 AppleWebKit/537.36 (KHTML, like Gecko; compatible; ClaudeBot/1.0; +claudebot@anthropic.com)"
216.73.216.240 - - [04/Jul/2026:10:20:07 +0000] "GET /properties/features/pdf/?pid=157196 HTTP/1.1" 200 11047 "-" "Mozilla/5.0 AppleWebKit/537.36 (KHTML, like Gecko; compatible; ClaudeBot/1.0; +claudebot@anthropic.com)"
216.73.216.240 - - [04/Jul/2026:10:20:07 +0000] "GET /properties/features/pdf/?pid=135085 HTTP/1.1" 200 11039 "-" "Mozilla/5.0 AppleWebKit/537.36 (KHTML, like Gecko; compatible; ClaudeBot/1.0; +claudebot@anthropic.com)"
216.73.216.240 - - [04/Jul/2026:10:20:08 +0000] "GET /properties/features/pdf/?pid=123569 HTTP/1.1" 200 11049 "-" "Mozilla/5.0 AppleWebKit/537.36 (KHTML, like Gecko; compatible; ClaudeBot/1.0; +claudebot@anthropic.com)"
52.5.142.182 - - [04/Jul/2026:10:20:28 +0000] "GET /?rets_import_cron_job=1&time=1783160427 HTTP/1.1" 200 5425 "-" "Wget/1.14 (linux-gnu)"
216.73.216.240 - - [04/Jul/2026:10:20:36 +0000] "GET /properties/features/pdf/?pid=157179 HTTP/1.1" 200 10865 "-" "Mozilla/5.0 AppleWebKit/537.36 (KHTML, like Gecko; compatible; ClaudeBot/1.0; +claudebot@anthropic.com)"
216.73.216.240 - - [04/Jul/2026:10:20:36 +0000] "GET /properties/features/pdf/?pid=220507 HTTP/1.1" 200 10959 "-" "Mozilla/5.0 AppleWebKit/537.36 (KHTML, like Gecko; compatible; ClaudeBot/1.0; +claudebot@anthropic.com)"
216.73.216.240 - - [04/Jul/2026:10:20:37 +0000] "GET /properties/features/pdf/?pid=223818 HTTP/1.1" 200 10984 "-" "Mozilla/5.0 AppleWebKit/537.36 (KHTML, like Gecko; compatible; ClaudeBot/1.0; +claudebot@anthropic.com)"
216.73.216.240 - - [04/Jul/2026:10:20:41 +0000] "GET /properties/features/pdf/?pid=159005 HTTP/1.1" 200 10892 "-" "Mozilla/5.0 AppleWebKit/537.36 (KHTML, like Gecko; compatible; ClaudeBot/1.0; +claudebot@anthropic.com)"
216.73.216.240 - - [04/Jul/2026:10:20:42 +0000] "GET /properties/features/pdf/?pid=156819 HTTP/1.1" 200 10995 "-" "Mozilla/5.0 AppleWebKit/537.36 (KHTML, like Gecko; compatible; ClaudeBot/1.0; +claudebot@anthropic.com)"
216.73.216.240 - - [04/Jul/2026:10:20:42 +0000] "GET /properties/features/pdf/?pid=214198 HTTP/1.1" 200 10867 "-" "Mozilla/5.0 AppleWebKit/537.36 (KHTML, like Gecko; compatible; ClaudeBot/1.0; +claudebot@anthropic.com)"
157.55.39.50 - - [04/Jul/2026:10:20:56 +0000] "GET /properties/features/pdf?pid=136685 HTTP/1.1" 301 5708 "-" "Mozilla/5.0 AppleWebKit/537.36 (KHTML, like Gecko; compatible; bingbot/2.0; +http://www.bing.com/bingbot.htm) Chrome/116.0.1938.76 Safari/537.36"
216.73.216.240 - - [04/Jul/2026:10:21:13 +0000] "GET /dfw/parker-homes-for-sale/?wplpage=15 HTTP/1.1" 200 42504 "-" "Mozilla/5.0 AppleWebKit/537.36 (KHTML, like Gecko; compatible; ClaudeBot/1.0; +claudebot@anthropic.com)"
216.73.216.240 - - [04/Jul/2026:10:21:13 +0000] "GET /dfw/parker-homes-for-sale/?wplpage=84 HTTP/1.1" 200 42317 "-" "Mozilla/5.0 AppleWebKit/537.36 (KHTML, like Gecko; compatible; ClaudeBot/1.0; +claudebot@anthropic.com)"
216.73.216.240 - - [04/Jul/2026:10:21:17 +0000] "GET /properties/features/pdf/?pid=213179 HTTP/1.1" 200 10806 "-" "Mozilla/5.0 AppleWebKit/537.36 (KHTML, like Gecko; compatible; ClaudeBot/1.0; +claudebot@anthropic.com)"
41.214.62.51 - - [04/Jul/2026:10:21:22 +0000] "GET /properties/features/pdf/?pid=169888 HTTP/1.1" 200 11226 "-" "Mozilla/5.0 (Windows NT 6.1; Win64; x64) AppleWebKit/537.36 (KHTML, like Gecko) Chrome/86.0.4240.198 Safari/537.36"
216.73.216.240 - - [04/Jul/2026:10:21:23 +0000] "GET /properties/217409-Residential-Springtown-Texas-76082-3-Bedrooms-2-Bathrooms-USD625-000/ HTTP/1.1" 200 43951 "-" "Mozilla/5.0 AppleWebKit/537.36 (KHTML, like Gecko; compatible; ClaudeBot/1.0; +claudebot@anthropic.com)"
216.73.216.240 - - [04/Jul/2026:10:21:23 +0000] "GET /properties/108346-Residential-Springtown-Texas-76082-4-Bedrooms-3-Bathrooms-USD574-900/ HTTP/1.1" 200 44231 "-" "Mozilla/5.0 AppleWebKit/537.36 (KHTML, like Gecko; compatible; ClaudeBot/1.0; +claudebot@anthropic.com)"
216.73.216.240 - - [04/Jul/2026:10:21:24 +0000] "GET /properties/106955-Residential-Azle-Texas-76020-3-Bedrooms-2-Bathrooms-USD699-000/ HTTP/1.1" 200 43522 "-" "Mozilla/5.0 AppleWebKit/537.36 (KHTML, like Gecko; compatible; ClaudeBot/1.0; +claudebot@anthropic.com)"
216.73.216.240 - - [04/Jul/2026:10:21:33 +0000] "GET /properties/126160-Residential-Weatherford-Texas-76088-3-Bedrooms-2-Bathrooms-USD1-070-000/ HTTP/1.1" 200 44120 "-" "Mozilla/5.0 AppleWebKit/537.36 (KHTML, like Gecko; compatible; ClaudeBot/1.0; +claudebot@anthropic.com)"
216.73.216.240 - - [04/Jul/2026:10:21:34 +0000] "GET /properties/136213-Residential-Springtown-Texas-76082-4-Bedrooms-2-Bathrooms-USD350-000/ HTTP/1.1" 200 43413 "-" "Mozilla/5.0 AppleWebKit/537.36 (KHTML, like Gecko; compatible; ClaudeBot/1.0; +claudebot@anthropic.com)"
216.73.216.240 - - [04/Jul/2026:10:21:34 +0000] "GET /properties/198417-Residential-Springtown-Texas-76082-5-Bedrooms-4-Bathrooms-USD618-900/ HTTP/1.1" 200 41904 "-" "Mozilla/5.0 AppleWebKit/537.36 (KHTML, like Gecko; compatible; ClaudeBot/1.0; +claudebot@anthropic.com)"
216.73.216.240 - - [04/Jul/2026:10:21:46 +0000] "GET /properties/215257-Residential-Weatherford-Texas-76087-4-Bedrooms-2-Bathrooms-USD411-000/ HTTP/1.1" 200 42814 "-" "Mozilla/5.0 AppleWebKit/537.36 (KHTML, like Gecko; compatible; ClaudeBot/1.0; +claudebot@anthropic.com)"
216.73.216.240 - - [04/Jul/2026:10:21:46 +0000] "GET /properties/222983-Residential-Weatherford-Texas-76086-2-Bedrooms-2-Bathrooms-USD275-000/ HTTP/1.1" 200 43148 "-" "Mozilla/5.0 AppleWebKit/537.36 (KHTML, like Gecko; compatible; ClaudeBot/1.0; +claudebot@anthropic.com)"
216.73.216.240 - - [04/Jul/2026:10:21:47 +0000] "GET /properties/157331-Residential-Weatherford-Texas-76085-4-Bedrooms-2-Bathrooms-USD274-999/ HTTP/1.1" 200 43347 "-" "Mozilla/5.0 AppleWebKit/537.36 (KHTML, like Gecko; compatible; ClaudeBot/1.0; +claudebot@anthropic.com)"
116.179.32.29 - - [04/Jul/2026:10:21:47 +0000] "GET /properties/223834-Residential-Carrollton-Texas-75010-4-Bedrooms-4-Bathrooms-USD739-900/ HTTP/1.1" 200 44219 "-" "Mozilla/5.0 (compatible; Baiduspider/2.0; +http://www.baidu.com/search/spider.html)"
116.179.37.210 - - [04/Jul/2026:10:21:51 +0000] "GET /wp-content/boost-cache/static/aadc607410.min.js HTTP/1.1" 200 5512 "https://www.agenttango.com/properties/223834-Residential-Carrollton-Texas-75010-4-Bedrooms-4-Bathrooms-USD739-900/" "Mozilla/5.0 (compatible; Baiduspider-render/2.0; +http://www.baidu.com/search/spider.html)"
116.179.37.86 - - [04/Jul/2026:10:21:51 +0000] "GET /wp-content/boost-cache/static/16d85313db.min.js HTTP/1.1" 200 5512 "https://www.agenttango.com/properties/223834-Residential-Carrollton-Texas-75010-4-Bedrooms-4-Bathrooms-USD739-900/" "Mozilla/5.0 (compatible; Baiduspider-render/2.0; +http://www.baidu.com/search/spider.html)"
116.179.37.144 - - [04/Jul/2026:10:21:51 +0000] "GET /wp-content/boost-cache/static/ba75b462dc.min.js HTTP/1.1" 200 5512 "https://www.agenttango.com/properties/223834-Residential-Carrollton-Texas-75010-4-Bedrooms-4-Bathrooms-USD739-900/" "Mozilla/5.0 (compatible; Baiduspider-render/2.0; +http://www.baidu.com/search/spider.html)"
116.179.37.157 - - [04/Jul/2026:10:21:54 +0000] "GET /wp-content/plugins/real-estate-listing-realtyna-wpl-pro/assets/js/js_inline.html HTTP/1.1" 200 5539 "https://www.agenttango.com/properties/223834-Residential-Carrollton-Texas-75010-4-Bedrooms-4-Bathrooms-USD739-900/" "Mozilla/5.0 (compatible; Baiduspider-render/2.0; +http://www.baidu.com/search/spider.html)"
116.179.37.111 - - [04/Jul/2026:10:21:54 +0000] "POST /properties/223834-Residential-Carrollton-Texas-75010-4-Bedrooms-4-Bathrooms-USD739-900/ HTTP/1.1" 200 5602 "https://www.agenttango.com/properties/223834-Residential-Carrollton-Texas-75010-4-Bedrooms-4-Bathrooms-USD739-900/" "Mozilla/5.0 (compatible; Baiduspider-render/2.0; +http://www.baidu.com/search/spider.html)"
216.73.216.240 - - [04/Jul/2026:10:22:08 +0000] "GET /properties/112755-Residential-Poolville-Texas-76487-4-Bedrooms-2-Bathrooms-USD633-900/ HTTP/1.1" 200 43477 "-" "Mozilla/5.0 AppleWebKit/537.36 (KHTML, like Gecko; compatible; ClaudeBot/1.0; +claudebot@anthropic.com)"
216.73.216.240 - - [04/Jul/2026:10:22:08 +0000] "GET /properties/214765-Residential-Weatherford-Texas-76085-4-Bedrooms-3-Bathrooms-USD1-500-000/ HTTP/1.1" 200 44444 "-" "Mozilla/5.0 AppleWebKit/537.36 (KHTML, like Gecko; compatible; ClaudeBot/1.0; +claudebot@anthropic.com)"
216.73.216.240 - - [04/Jul/2026:10:22:09 +0000] "GET /properties/214456-Residential-Weatherford-Texas-76086-3-Bedrooms-2-Bathrooms-USD400-000/ HTTP/1.1" 200 43818 "-" "Mozilla/5.0 AppleWebKit/537.36 (KHTML, like Gecko; compatible; ClaudeBot/1.0; +claudebot@anthropic.com)"
216.73.216.240 - - [04/Jul/2026:10:22:33 +0000] "GET /properties/211087-Residential-Princeton-Texas-75407-3-Bedrooms-2-Bathrooms-USD305-900/ HTTP/1.1" 200 41547 "-" "Mozilla/5.0 AppleWebKit/537.36 (KHTML, like Gecko; compatible; ClaudeBot/1.0; +claudebot@anthropic.com)"
216.73.216.240 - - [04/Jul/2026:10:22:34 +0000] "GET /properties/159006-Residential-Weatherford-Texas-76088-2-Bedrooms-1-Bathroom-USD275-000/ HTTP/1.1" 200 42270 "-" "Mozilla/5.0 AppleWebKit/537.36 (KHTML, like Gecko; compatible; ClaudeBot/1.0; +claudebot@anthropic.com)"
216.73.216.240 - - [04/Jul/2026:10:22:34 +0000] "GET /properties/219010-Residential-Weatherford-Texas-76086-2-Bedrooms-2-Bathrooms-USD269-000/ HTTP/1.1" 200 41955 "-" "Mozilla/5.0 AppleWebKit/537.36 (KHTML, like Gecko; compatible; ClaudeBot/1.0; +claudebot@anthropic.com)"
66.249.79.195 - - [04/Jul/2026:10:22:50 +0000] "GET /?wplpage=15 HTTP/1.1" 200 50243 "-" "Mozilla/5.0 (Linux; Android 6.0.1; Nexus 5X Build/MMB29P) AppleWebKit/537.36 (KHTML, like Gecko) Chrome/150.0.7871.46 Mobile Safari/537.36 (compatible; Googlebot/2.1; +http://www.google.com/bot.html)"
216.73.216.240 - - [04/Jul/2026:10:23:01 +0000] "GET /properties/157604-Residential-Aledo-Texas-76008-4-Bedrooms-5-Bathrooms-USD2-249-999/ HTTP/1.1" 200 44357 "-" "Mozilla/5.0 AppleWebKit/537.36 (KHTML, like Gecko; compatible; ClaudeBot/1.0; +claudebot@anthropic.com)"
216.73.216.240 - - [04/Jul/2026:10:23:01 +0000] "GET /properties/176339-Residential-Weatherford-Texas-76087-4-Bedrooms-3-Bathrooms-USD690-000/ HTTP/1.1" 200 42503 "-" "Mozilla/5.0 AppleWebKit/537.36 (KHTML, like Gecko; compatible; ClaudeBot/1.0; +claudebot@anthropic.com)"
216.73.216.240 - - [04/Jul/2026:10:23:02 +0000] "GET /properties/157692-Residential-Fort-Worth-Texas-76108-4-Bedrooms-3-Bathrooms-USD899-000/ HTTP/1.1" 200 43788 "-" "Mozilla/5.0 AppleWebKit/537.36 (KHTML, like Gecko; compatible; ClaudeBot/1.0; +claudebot@anthropic.com)"
216.73.216.240 - - [04/Jul/2026:10:23:06 +0000] "GET /properties/103944-Residential-Weatherford-Texas-76087-3-Bedrooms-2-Bathrooms-USD279-000/ HTTP/1.1" 200 42972 "-" "Mozilla/5.0 AppleWebKit/537.36 (KHTML, like Gecko; compatible; ClaudeBot/1.0; +claudebot@anthropic.com)"
216.73.216.240 - - [04/Jul/2026:10:23:06 +0000] "GET /properties/219413-Residential-Lipan-Texas-76462-5-Bedrooms-3-Bathrooms-USD1-500-000/ HTTP/1.1" 200 44074 "-" "Mozilla/5.0 AppleWebKit/537.36 (KHTML, like Gecko; compatible; ClaudeBot/1.0; +claudebot@anthropic.com)"
216.73.216.240 - - [04/Jul/2026:10:23:07 +0000] "GET /properties/212110-Residential-Weatherford-Texas-76085-4-Bedrooms-3-Bathrooms-USD900-000/ HTTP/1.1" 200 40799 "-" "Mozilla/5.0 AppleWebKit/537.36 (KHTML, like Gecko; compatible; ClaudeBot/1.0; +claudebot@anthropic.com)"
216.73.216.240 - - [04/Jul/2026:10:23:22 +0000] "GET /properties/217217-Residential-Parker-Texas-75002-5-Bedrooms-4-Bathrooms-USD1-215-000/ HTTP/1.1" 200 42417 "-" "Mozilla/5.0 AppleWebKit/537.36 (KHTML, like Gecko; compatible; ClaudeBot/1.0; +claudebot@anthropic.com)"
216.73.216.240 - - [04/Jul/2026:10:23:23 +0000] "GET /properties/213341-Residential-Willow-Park-Texas-76087-4-Bedrooms-2-Bathrooms-USD544-900/ HTTP/1.1" 200 43944 "-" "Mozilla/5.0 AppleWebKit/537.36 (KHTML, like Gecko; compatible; ClaudeBot/1.0; +claudebot@anthropic.com)"
216.73.216.240 - - [04/Jul/2026:10:23:23 +0000] "GET /properties/212108-Residential-Poolville-Texas-76487-4-Bedrooms-3-Bathrooms-USD2-850-000/ HTTP/1.1" 200 43795 "-" "Mozilla/5.0 AppleWebKit/537.36 (KHTML, like Gecko; compatible; ClaudeBot/1.0; +claudebot@anthropic.com)"
79.106.227.184 - - [04/Jul/2026:10:23:29 +0000] "GET /neighborhood/plano-homes-for-sale/ HTTP/1.1" 301 5718 "-" "Mozilla/5.0 (Macintosh; Intel Mac OS X 10_12_0) AppleWebKit/537.36 (KHTML, like Gecko) Chrome/68.0.3409.631 Safari/537.36"
79.106.227.184 - - [04/Jul/2026:10:23:29 +0000] "GET /dfw/plano-homes-for-sale/ HTTP/1.1" 200 124929 "-" "Mozilla/5.0 (Macintosh; Intel Mac OS X 10_12_0) AppleWebKit/537.36 (KHTML, like Gecko) Chrome/68.0.3409.631 Safari/537.36"
190.246.62.117 - - [04/Jul/2026:10:23:56 +0000] "GET /properties/205730-Residential-Prosper-Texas-75078-4-Bedrooms-3-Bathrooms-USD735-000/ HTTP/1.1" 200 47181 "-" "Mozilla/5.0 (Macintosh; Intel Mac OS X 10_15_5) AppleWebKit/537.36 (KHTML, like Gecko) Chrome/84.0.4147.105 Safari/537.36"
14.160.219.5 - - [04/Jul/2026:10:24:32 +0000] "GET /properties/177562-Residential-Richardson-Texas-75081-4-Bedrooms-2-Bathrooms-USD499-900/ HTTP/1.1" 200 46637 "-" "Mozilla/5.0 (Macintosh; Intel Mac OS X 10_14_6) AppleWebKit/537.36 (KHTML, like Gecko) Chrome/93.0.4577.82 Safari/537.36"
52.167.144.230 - - [04/Jul/2026:10:24:33 +0000] "GET /properties/features/pdf?pid=134269 HTTP/1.1" 301 5708 "-" "Mozilla/5.0 AppleWebKit/537.36 (KHTML, like Gecko; compatible; bingbot/2.0; +http://www.bing.com/bingbot.htm) Chrome/116.0.1938.76 Safari/537.36"
41.56.117.44 - - [04/Jul/2026:10:24:42 +0000] "GET /properties/features/pdf/?pid=213299 HTTP/1.1" 200 10977 "-" "Mozilla/5.0 (Windows NT 10.0; Win64; x64) AppleWebKit/537.36 (KHTML, like Gecko) Chrome/90.0.0.0 Safari/537.36"
52.5.142.182 - - [04/Jul/2026:10:25:32 +0000] "GET /?rets_import_cron_job=1&time=1783160731 HTTP/1.1" 200 5425 "-" "Wget/1.14 (linux-gnu)"
203.215.178.128 - - [04/Jul/2026:10:26:06 +0000] "GET /properties/features/pdf/?pid=160146 HTTP/1.1" 200 11029 "-" "Mozilla/5.0 (Windows NT 6.1; WOW64) AppleWebKit/537.36 (KHTML, like Gecko) Chrome/107.0.0.0 Safari/537.36"
154.107.217.223 - - [04/Jul/2026:10:26:11 +0000] "GET /properties/221828-Residential-Plano-Texas-75074-4-Bedrooms-2-Bathrooms-USD424-900/ HTTP/1.1" 200 44476 "-" "Mozilla/5.0 (Macintosh; Intel Mac OS X 10_15_2) AppleWebKit/537.36 (KHTML, like Gecko) Chrome/101.0.4951.64 Safari/537.36"
202.1.27.69 - - [04/Jul/2026:10:28:30 +0000] "GET /properties/221106-Residential-Dallas-Texas-75219-2-Bedrooms-1-Bathroom-USD170-000/ HTTP/1.1" 200 46306 "-" "Mozilla/5.0 (Macintosh; Intel Mac OS X 10_16_0) AppleWebKit/537.36 (KHTML, like Gecko) Chrome/85.0.4183.83 Safari/537.36"
37.239.223.21 - - [04/Jul/2026:10:28:49 +0000] "GET /dfw/aubrey-homes-for-sale/ HTTP/1.1" 404 126941 "-" "Mozilla/5.0 (Macintosh; Intel Mac OS X 10_12_6) AppleWebKit/537.36 (KHTML, like Gecko) Chrome/99.0.4844.84 Safari/537.36"
5.30.97.165 - - [04/Jul/2026:10:29:31 +0000] "GET /properties/features/pdf/?pid=140503 HTTP/1.1" 200 10998 "-" "Mozilla/5.0 (Windows NT 10.0; Win64; x64) AppleWebKit/537.36 (KHTML, like Gecko) Chrome/80.0.3987.116 Safari/537.36"
43.135.148.92 - - [04/Jul/2026:10:29:38 +0000] "GET / HTTP/1.1" 200 110374 "http://agenttango.com" "Mozilla/5.0 (iPhone; CPU iPhone OS 13_2_3 like Mac OS X) AppleWebKit/605.1.15 (KHTML, like Gecko) Version/13.0.3 Mobile/15E148 Safari/604.1"
200.176.1.30 - - [04/Jul/2026:10:29:50 +0000] "GET /properties/134944-Residential-Aledo-Texas-76008-4-Bedrooms-3-Bathrooms-USD425-000/ HTTP/1.1" 200 44674 "-" "Mozilla/5.0 (Macintosh; Intel Mac OS X 11_2_1) AppleWebKit/537.36 (KHTML, like Gecko) Brave Chrome/87.0.4280.101 Safari/537.36"
52.5.142.182 - - [04/Jul/2026:10:30:28 +0000] "GET /?rets_import_cron_job=1&time=1783161027 HTTP/1.1" 200 5425 "-" "Wget/1.14 (linux-gnu)"
52.5.142.182 - - [04/Jul/2026:10:30:28 +0000] "GET /?rets_purge_cron_job=1&time=1783161027 HTTP/1.1" 200 5425 "-" "Wget/1.14 (linux-gnu)"
86.108.59.189 - - [04/Jul/2026:10:32:19 +0000] "GET /dfw/ HTTP/1.1" 200 72688 "-" "Mozilla/5.0 (Macintosh; Intel Mac OS X 10_15_3) AppleWebKit/537.36 (KHTML, like Gecko) Chrome/98.0.4758.80 Safari/537.36"
190.179.242.184 - - [04/Jul/2026:10:32:19 +0000] "GET /properties/features/pdf/?pid=220091 HTTP/1.1" 200 10930 "-" "Mozilla/5.0 (Macintosh; Intel Mac OS X 10_8_3) AppleWebKit/537.36 (KHTML, like Gecko) Chrome/27.0.1453.93 Safari/537.36"
72.27.113.235 - - [04/Jul/2026:10:32:34 +0000] "GET /dfw/coppell-homes-for-sale/ HTTP/1.1" 200 96414 "-" "Mozilla/5.0 (Macintosh; Intel Mac OS X 10_11_6) AppleWebKit/537.36 (KHTML, like Gecko) Chrome/80.0.3987.132 Safari/537.36"
14.236.194.14 - - [04/Jul/2026:10:33:58 +0000] "GET /properties/224360-Residential-Plano-Texas-75024-2-Bedrooms-2-Bathrooms-USD2-100-000/ HTTP/1.1" 200 47138 "-" "Mozilla/5.0 (Macintosh; Intel Mac OS X 10_11_6) AppleWebKit/537.36 (KHTML, like Gecko) Brave Chrome/87.0.4280.141 Safari/537.36"
66.249.79.193 - - [04/Jul/2026:10:34:09 +0000] "GET /properties/213441-Residential-Income-Dallas-Texas-75215-4-Bedrooms-4-Bathrooms-USD1-100-000/ HTTP/1.1" 200 43639 "-" "Mozilla/5.0 (Linux; Android 6.0.1; Nexus 5X Build/MMB29P) AppleWebKit/537.36 (KHTML, like Gecko) Chrome/150.0.7871.46 Mobile Safari/537.36 (compatible; GoogleOther)"
66.249.79.194 - - [04/Jul/2026:10:34:13 +0000] "GET /properties/features/pdf/?pid=218407 HTTP/1.1" 200 11019 "-" "Mozilla/5.0 (Linux; Android 6.0.1; Nexus 5X Build/MMB29P) AppleWebKit/537.36 (KHTML, like Gecko) Chrome/150.0.7871.46 Mobile Safari/537.36 (compatible; GoogleOther)"
168.232.71.107 - - [04/Jul/2026:10:35:18 +0000] "GET /properties/208192-Residential-Melissa-Texas-75454-3-Bedrooms-2-Bathrooms-USD440-000/ HTTP/1.1" 200 46478 "-" "Mozilla/5.0 (Macintosh; Intel Mac OS X 10_15_7) AppleWebKit/537.36 (KHTML, like Gecko) Brave Chrome/87.0.4280.141 Safari/537.36"
52.5.142.182 - - [04/Jul/2026:10:35:28 +0000] "GET /?rets_import_cron_job=1&time=1783161327 HTTP/1.1" 200 5425 "-" "Wget/1.14 (linux-gnu)"
193.105.123.25 - - [04/Jul/2026:10:35:33 +0000] "GET /properties/63948-Residential-Plano-Texas-75024-3-Bedrooms-3-Bathrooms-USD3-550-000/ HTTP/1.1" 200 47330 "-" "Mozilla/5.0 (Windows NT 6.1) AppleWebKit/537.36 (KHTML, like Gecko) Chrome/79.0.3945.117 Safari/537.36"
94.158.60.56 - - [04/Jul/2026:10:35:35 +0000] "GET /properties/222706-Residential-Income-Pittsburg-Texas-75686-8-Bedrooms-4-Bathrooms-USD750-000/ HTTP/1.1" 200 44011 "-" "Mozilla/5.0 (Windows NT 10.0; Win64; x64) AppleWebKit/537.36 (KHTML, like Gecko) Chrome/78.0.3904.97 Safari/537.36"
216.73.216.240 - - [04/Jul/2026:10:36:23 +0000] "GET /properties/207927-Residential-Lease-Trophy-Club-Texas-76262-4-Bedrooms-2-Bathrooms-USD3-400/ HTTP/1.1" 200 42124 "-" "Mozilla/5.0 AppleWebKit/537.36 (KHTML, like Gecko; compatible; ClaudeBot/1.0; +claudebot@anthropic.com)"
216.73.216.240 - - [04/Jul/2026:10:36:23 +0000] "GET /properties/207949-Residential-Lease-Frisco-Texas-75033-3-Bedrooms-2-Bathrooms-USD2-000/ HTTP/1.1" 200 42083 "-" "Mozilla/5.0 AppleWebKit/537.36 (KHTML, like Gecko; compatible; ClaudeBot/1.0; +claudebot@anthropic.com)"
181.225.165.135 - - [04/Jul/2026:10:36:30 +0000] "GET /properties/features/pdf/?pid=207657 HTTP/1.1" 200 11188 "-" "Mozilla/5.0 (Windows NT 6.1; Win64; x64) AppleWebKit/537.36 (KHTML, like Gecko) Chrome/86.0.4240.198 Safari/537.36"
216.73.216.240 - - [04/Jul/2026:10:36:32 +0000] "GET /properties/207901-Residential-Lease-Lewisville-Texas-75077-4-Bedrooms-2-Bathrooms-USD2-498/ HTTP/1.1" 200 40228 "-" "Mozilla/5.0 AppleWebKit/537.36 (KHTML, like Gecko; compatible; ClaudeBot/1.0; +claudebot@anthropic.com)"
40.77.167.136 - - [04/Jul/2026:10:37:03 +0000] "GET /properties/features/pdf?pid=124438 HTTP/1.1" 301 5708 "-" "Mozilla/5.0 AppleWebKit/537.36 (KHTML, like Gecko; compatible; bingbot/2.0; +http://www.bing.com/bingbot.htm) Chrome/116.0.1938.76 Safari/537.36"
196.39.233.114 - - [04/Jul/2026:10:37:26 +0000] "GET /properties/features/pdf/?pid=184361 HTTP/1.1" 200 11200 "-" "Mozilla/5.0 (Windows NT 10.0; Win64; x64) AppleWebKit/537.36 (KHTML, like Gecko) Chrome/91.0.4472.123 Safari/537.36"
41.208.128.45 - - [04/Jul/2026:10:37:29 +0000] "GET /properties/42072-Residential-Lavon-Texas-75166-4-Bedrooms-3-Bathrooms-USD595-000/ HTTP/1.1" 200 46321 "-" "Mozilla/5.0 (Macintosh; Intel Mac OS X 10_11_6) AppleWebKit/537.36 (KHTML, like Gecko) Brave Chrome/84.0.4147.135 Safari/537.36"
216.73.216.240 - - [04/Jul/2026:10:37:32 +0000] "GET /properties/207934-Residential-Lease-Crandall-Texas-75114-3-Bedrooms-2-Bathrooms-USD2-000/ HTTP/1.1" 200 41729 "-" "Mozilla/5.0 AppleWebKit/537.36 (KHTML, like Gecko; compatible; ClaudeBot/1.0; +claudebot@anthropic.com)"
187.109.130.200 - - [04/Jul/2026:10:37:55 +0000] "GET /properties/features/pdf/?pid=223266 HTTP/1.1" 200 11126 "-" "Mozilla/5.0 (Macintosh; Intel Mac OS X 10_14_6) AppleWebKit/537.36 (KHTML, like Gecko) Brave Chrome/85.0.4183.102 Safari/537.36"
66.249.79.193 - - [04/Jul/2026:10:38:51 +0000] "POST /properties/213441-Residential-Income-Dallas-Texas-75215-4-Bedrooms-4-Bathrooms-USD1-100-000/ HTTP/1.1" 200 5602 "https://www.agenttango.com/properties/213441-Residential-Income-Dallas-Texas-75215-4-Bedrooms-4-Bathrooms-USD1-100-000/" "Mozilla/5.0 (Linux; Android 6.0.1; Nexus 5X Build/MMB29P) AppleWebKit/537.36 (KHTML, like Gecko) Chrome/150.0.7871.46 Mobile Safari/537.36 (compatible; GoogleOther)"
216.73.216.240 - - [04/Jul/2026:10:39:18 +0000] "GET /?wplpage=294 HTTP/1.1" 200 50280 "-" "Mozilla/5.0 AppleWebKit/537.36 (KHTML, like Gecko; compatible; ClaudeBot/1.0; +claudebot@anthropic.com)"
216.73.216.240 - - [04/Jul/2026:10:39:18 +0000] "GET /properties/?wplpage=246 HTTP/1.1" 200 40050 "-" "Mozilla/5.0 AppleWebKit/537.36 (KHTML, like Gecko; compatible; ClaudeBot/1.0; +claudebot@anthropic.com)"
123.20.70.158 - - [04/Jul/2026:10:39:23 +0000] "GET /properties/204428-Residential-Melissa-Texas-75454-5-Bedrooms-4-Bathrooms-USD760-482/ HTTP/1.1" 200 47291 "-" "Mozilla/5.0 (Windows NT 6.3; Win64; x64) AppleWebKit/537.36 (KHTML, like Gecko) Chrome/83.0.4103.97 Safari/537.36"
216.73.216.240 - - [04/Jul/2026:10:39:25 +0000] "GET /properties/207939-Residential-Lease-Farmersville-Texas-75442-3-Bedrooms-2-Bathrooms-USD1-850/ HTTP/1.1" 200 41409 "-" "Mozilla/5.0 AppleWebKit/537.36 (KHTML, like Gecko; compatible; ClaudeBot/1.0; +claudebot@anthropic.com)"
216.73.216.240 - - [04/Jul/2026:10:39:52 +0000] "GET /properties/207926-Residential-Lease-University-Park-Texas-75205-3-Bedrooms-3-Bathrooms-USD5-600/ HTTP/1.1" 200 43647 "-" "Mozilla/5.0 AppleWebKit/537.36 (KHTML, like Gecko; compatible; ClaudeBot/1.0; +claudebot@anthropic.com)"
14.169.100.105 - - [04/Jul/2026:10:40:02 +0000] "GET /properties/200315-Residential-Plano-Texas-75025-4-Bedrooms-2-Bathrooms-USD674-900/ HTTP/1.1" 200 44850 "-" "Mozilla/5.0 (Windows NT 6.2; WOW64) AppleWebKit/537.36 (KHTML, like Gecko) Chrome/27.0.1453.93 Safari/537.36"
52.5.142.182 - - [04/Jul/2026:10:40:03 +0000] "GET /?rets_import_cron_job=1&time=1783161603 HTTP/1.1" 200 5425 "-" "Wget/1.14 (linux-gnu)"
190.108.210.53 - - [04/Jul/2026:10:40:21 +0000] "GET /properties/features/pdf/?pid=219681 HTTP/1.1" 200 10981 "-" "Mozilla/5.0 (Macintosh; Intel Mac OS X 10_14_5) AppleWebKit/537.36 (KHTML, like Gecko) Chrome/101.0.4951.54 Safari/537.36"
190.139.0.121 - - [04/Jul/2026:10:40:35 +0000] "GET /properties/221507-Residential-University-Park-Texas-75225-4-Bedrooms-4-Bathrooms-USD5-850-000/ HTTP/1.1" 200 46932 "-" "Mozilla/5.0 (Macintosh; Intel Mac OS X 10_15_3) AppleWebKit/537.36 (KHTML, like Gecko) Chrome/79.0.3945.130 Safari/537.36\tChrome 79.0"
