20.78.154.180 - - [04/Jul/2026:12:55:23 +0000] "GET /wp-includes/js/crop/ HTTP/1.1" 403 6283 "-" "-"
217.113.194.16 - - [04/Jul/2026:12:55:29 +0000] "GET /properties/features/pdf/?pid=188447 HTTP/1.1" 200 10931 "-" "Mozilla/5.0 (compatible; Barkrowler/0.9; +https://babbar.tech/crawler)"
20.78.154.180 - - [04/Jul/2026:12:55:30 +0000] "GET /wp-admin/network/ HTTP/1.1" 302 5713 "-" "-"
52.5.142.182 - - [04/Jul/2026:12:55:32 +0000] "GET /?rets_import_cron_job=1&time=1783169731 HTTP/1.1" 200 5425 "-" "Wget/1.14 (linux-gnu)"
52.5.142.182 - - [04/Jul/2026:12:55:32 +0000] "GET /?rets_cron_job=1&rets_cron_job_type=offline&time=1783169731 HTTP/1.1" 200 5425 "-" "Wget/1.14 (linux-gnu)"
20.78.154.180 - - [04/Jul/2026:12:55:33 +0000] "GET /wp-includes/IXR/ HTTP/1.1" 403 6283 "-" "-"
181.115.172.112 - - [04/Jul/2026:12:55:37 +0000] "GET /dfw/plano-homes-for-sale/ HTTP/1.1" 200 124929 "-" "Mozilla/5.0 (Windows NT 6.1; WOW64) AppleWebKit/537.36 (KHTML, like Gecko) Chrome/29.0.1547.62 Safari/537.36"
20.78.154.180 - - [04/Jul/2026:12:55:41 +0000] "GET /wp-admin/css/ HTTP/1.1" 403 6283 "-" "-"
20.78.154.180 - - [04/Jul/2026:12:55:41 +0000] "GET /wp-includes/php-compat/ HTTP/1.1" 403 6283 "-" "-"
20.78.154.180 - - [04/Jul/2026:12:55:43 +0000] "GET /wp-includes/style-engine/ HTTP/1.1" 403 6283 "-" "-"
20.78.154.180 - - [04/Jul/2026:12:55:44 +0000] "GET /wp-admin/css/colors/coffee/ HTTP/1.1" 403 6283 "-" "-"
217.113.194.15 - - [04/Jul/2026:12:55:44 +0000] "GET /properties/features/pdf/?pid=197661 HTTP/1.1" 200 10842 "-" "Mozilla/5.0 (compatible; Barkrowler/0.9; +https://babbar.tech/crawler)"
216.73.216.240 - - [04/Jul/2026:12:55:46 +0000] "GET /properties/features/pdf/?pid=222495 HTTP/1.1" 200 11000 "-" "Mozilla/5.0 AppleWebKit/537.36 (KHTML, like Gecko; compatible; ClaudeBot/1.0; +claudebot@anthropic.com)"
216.73.216.240 - - [04/Jul/2026:12:55:46 +0000] "GET /properties/features/pdf/?pid=225005 HTTP/1.1" 200 10918 "-" "Mozilla/5.0 AppleWebKit/537.36 (KHTML, like Gecko; compatible; ClaudeBot/1.0; +claudebot@anthropic.com)"
217.113.194.12 - - [04/Jul/2026:12:56:00 +0000] "GET /properties/features/pdf/?pid=100618 HTTP/1.1" 200 11077 "-" "Mozilla/5.0 (compatible; Barkrowler/0.9; +https://babbar.tech/crawler)"
217.113.194.12 - - [04/Jul/2026:12:56:16 +0000] "GET /properties/features/pdf/?pid=174031 HTTP/1.1" 200 10886 "-" "Mozilla/5.0 (compatible; Barkrowler/0.9; +https://babbar.tech/crawler)"
52.5.142.182 - - [04/Jul/2026:12:56:31 +0000] "GET /?rets_cron_job=1&rets_cron_job_type=offline&time=1783169791 HTTP/1.1" 200 5425 "-" "Wget/1.14 (linux-gnu)"
217.113.194.13 - - [04/Jul/2026:12:56:31 +0000] "GET /properties/features/pdf/?pid=103402 HTTP/1.1" 200 11020 "-" "Mozilla/5.0 (compatible; Barkrowler/0.9; +https://babbar.tech/crawler)"
217.113.194.14 - - [04/Jul/2026:12:56:47 +0000] "GET /properties/features/pdf/?pid=191625 HTTP/1.1" 200 11013 "-" "Mozilla/5.0 (compatible; Barkrowler/0.9; +https://babbar.tech/crawler)"
217.113.194.15 - - [04/Jul/2026:12:57:03 +0000] "GET /properties/features/pdf/?pid=106134 HTTP/1.1" 200 11247 "-" "Mozilla/5.0 (compatible; Barkrowler/0.9; +https://babbar.tech/crawler)"
217.113.194.13 - - [04/Jul/2026:12:57:18 +0000] "GET /properties/features/pdf/?pid=155654 HTTP/1.1" 200 10726 "-" "Mozilla/5.0 (compatible; Barkrowler/0.9; +https://babbar.tech/crawler)"
52.5.142.182 - - [04/Jul/2026:12:57:31 +0000] "GET /?rets_cron_job=1&rets_cron_job_type=offline&time=1783169851 HTTP/1.1" 200 5425 "-" "Wget/1.14 (linux-gnu)"
217.113.194.205 - - [04/Jul/2026:12:57:34 +0000] "GET /properties/features/pdf/?pid=170499 HTTP/1.1" 200 11076 "-" "Mozilla/5.0 (compatible; Barkrowler/0.9; +https://babbar.tech/crawler)"
200.71.127.74 - - [04/Jul/2026:12:57:36 +0000] "GET /contactus HTTP/1.1" 301 5683 "https://www.agenttango.com/contactus" "Mozilla/5.0 (Windows NT 6.1; Win64; x64) AppleWebKit/537.36 (KHTML, like Gecko) Chrome/67.0.3396.87 Safari/537.36 OPR/54.0.2952.51"
200.71.127.74 - - [04/Jul/2026:12:57:36 +0000] "GET /contactus/ HTTP/1.1" 200 347122 "https://www.agenttango.com/contactus/" "Mozilla/5.0 (Windows NT 6.1; Win64; x64) AppleWebKit/537.36 (KHTML, like Gecko) Chrome/67.0.3396.87 Safari/537.36 OPR/54.0.2952.51"
200.71.127.74 - - [04/Jul/2026:12:57:38 +0000] "GET /contactus/ HTTP/1.1" 200 347122 "https://www.agenttango.com/contactus/" "Mozilla/5.0 (Windows NT 6.1; Win64; x64) AppleWebKit/537.36 (KHTML, like Gecko) Chrome/67.0.3396.87 Safari/537.36 OPR/54.0.2952.51"
217.113.194.204 - - [04/Jul/2026:12:57:50 +0000] "GET /properties/features/pdf/?pid=177366 HTTP/1.1" 200 10984 "-" "Mozilla/5.0 (compatible; Barkrowler/0.9; +https://babbar.tech/crawler)"
45.248.151.40 - - [04/Jul/2026:12:57:52 +0000] "GET /properties/185669-Residential-Melissa-Texas-75454-5-Bedrooms-4-Bathrooms-USD569-930/ HTTP/1.1" 200 46844 "-" "Mozilla/5.0 (Windows NT 10.0; WOW64) AppleWebKit/537.36 (KHTML, like Gecko) Chrome/97.0.4692.71 Safari/537.36"
113.178.70.184 - - [04/Jul/2026:12:58:02 +0000] "GET /properties/218251-Residential-Income-Fort-Worth-Texas-76110-4-Bedrooms-2-Bathrooms-USD325-000/ HTTP/1.1" 200 43897 "-" "Mozilla/5.0 (Macintosh; Intel Mac OS X 10_12_6) AppleWebKit/537.36 (KHTML, like Gecko) Brave Chrome/88.0.4324.152 Safari/537.36"
217.113.194.21 - - [04/Jul/2026:12:58:05 +0000] "GET /properties/features/pdf/?pid=135522 HTTP/1.1" 200 11045 "-" "Mozilla/5.0 (compatible; Barkrowler/0.9; +https://babbar.tech/crawler)"
217.113.194.12 - - [04/Jul/2026:12:58:21 +0000] "GET /properties/features/pdf/?pid=197382 HTTP/1.1" 200 11015 "-" "Mozilla/5.0 (compatible; Barkrowler/0.9; +https://babbar.tech/crawler)"
52.5.142.182 - - [04/Jul/2026:12:58:31 +0000] "GET /?rets_cron_job=1&rets_cron_job_type=offline&time=1783169911 HTTP/1.1" 200 5425 "-" "Wget/1.14 (linux-gnu)"
217.113.194.18 - - [04/Jul/2026:12:58:36 +0000] "GET /properties/features/pdf/?pid=194289 HTTP/1.1" 200 11179 "-" "Mozilla/5.0 (compatible; Barkrowler/0.9; +https://babbar.tech/crawler)"
217.113.194.205 - - [04/Jul/2026:12:58:52 +0000] "GET /properties/features/pdf/?pid=179729 HTTP/1.1" 200 11053 "-" "Mozilla/5.0 (compatible; Barkrowler/0.9; +https://babbar.tech/crawler)"
217.113.194.20 - - [04/Jul/2026:12:59:08 +0000] "GET /properties/features/pdf/?pid=155617 HTTP/1.1" 200 10833 "-" "Mozilla/5.0 (compatible; Barkrowler/0.9; +https://babbar.tech/crawler)"
41.82.227.76 - - [04/Jul/2026:12:59:09 +0000] "GET /properties/184574-Residential-Prosper-Texas-75078-5-Bedrooms-5-Bathrooms-USD1-264-900/ HTTP/1.1" 200 46482 "-" "Mozilla/5.0 (Macintosh; Intel Mac OS X 11_3) AppleWebKit/537.36 (KHTML, like Gecko) Chrome/90.0.4430.93 Safari/537.36"
103.190.47.86 - - [04/Jul/2026:12:59:09 +0000] "GET /properties/222187-Residential-Plano-Texas-75075-4-Bedrooms-2-Bathrooms-USD615-000/ HTTP/1.1" 200 46490 "-" "Mozilla/5.0 (Macintosh; Intel Mac OS X 10_11_6) AppleWebKit/537.36 (KHTML, like Gecko) Chrome/101.0.4951.64 Safari/537.36"
217.113.194.14 - - [04/Jul/2026:12:59:23 +0000] "GET /properties/features/pdf/?pid=134281 HTTP/1.1" 200 10826 "-" "Mozilla/5.0 (compatible; Barkrowler/0.9; +https://babbar.tech/crawler)"
52.5.142.182 - - [04/Jul/2026:12:59:31 +0000] "GET /?rets_cron_job=1&rets_cron_job_type=offline&time=1783169971 HTTP/1.1" 200 5425 "-" "Wget/1.14 (linux-gnu)"
217.113.194.204 - - [04/Jul/2026:12:59:39 +0000] "GET /properties/features/pdf/?pid=122129 HTTP/1.1" 200 10995 "-" "Mozilla/5.0 (compatible; Barkrowler/0.9; +https://babbar.tech/crawler)"
217.113.194.15 - - [04/Jul/2026:12:59:55 +0000] "GET /properties/features/pdf/?pid=150168 HTTP/1.1" 200 10954 "-" "Mozilla/5.0 (compatible; Barkrowler/0.9; +https://babbar.tech/crawler)"
105.172.109.92 - - [04/Jul/2026:12:59:55 +0000] "GET /properties/221594-Residential-Weatherford-Texas-76087-4-Bedrooms-2-Bathrooms-USD579-000/ HTTP/1.1" 200 46892 "-" "Mozilla/5.0 (Macintosh; Intel Mac OS X 10_13_6) AppleWebKit/537.36 (KHTML, like Gecko) Chrome/94.0.4606.81 Safari/537.36"
217.113.194.204 - - [04/Jul/2026:13:00:11 +0000] "GET /properties/features/pdf/?pid=160146 HTTP/1.1" 200 11029 "-" "Mozilla/5.0 (compatible; Barkrowler/0.9; +https://babbar.tech/crawler)"
45.146.54.115 - - [04/Jul/2026:13:00:22 +0000] "GET /wp-includes/css/buttons.css HTTP/1.1" 200 5485 "http://agenttango.com/wp-includes/css/buttons.css" "Go-http-client/2.0"
216.73.216.240 - - [04/Jul/2026:13:00:21 +0000] "GET /properties/224994-Residential-Shreveport-Louisiana-71109-3-Bedrooms-1-Bathroom-USD26-163/ HTTP/1.1" 200 39342 "-" "Mozilla/5.0 AppleWebKit/537.36 (KHTML, like Gecko; compatible; ClaudeBot/1.0; +claudebot@anthropic.com)"
216.73.216.240 - - [04/Jul/2026:13:00:21 +0000] "GET /properties/225000-Residential-Shreveport-Louisiana-71104-3-Bedrooms-1-Bathroom-USD45-000/ HTTP/1.1" 200 39340 "-" "Mozilla/5.0 AppleWebKit/537.36 (KHTML, like Gecko; compatible; ClaudeBot/1.0; +claudebot@anthropic.com)"
216.73.216.240 - - [04/Jul/2026:13:00:21 +0000] "GET /properties/224996-Residential-Shreveport-Louisiana-71108-2-Bedrooms-1-Bathroom-USD37-263/ HTTP/1.1" 200 39332 "-" "Mozilla/5.0 AppleWebKit/537.36 (KHTML, like Gecko; compatible; ClaudeBot/1.0; +claudebot@anthropic.com)"
216.73.216.240 - - [04/Jul/2026:13:00:22 +0000] "GET /properties/224997-Residential-Corsicana-Texas-75109-3-Bedrooms-1-Bathroom-USD69-999/ HTTP/1.1" 200 41354 "-" "Mozilla/5.0 AppleWebKit/537.36 (KHTML, like Gecko; compatible; ClaudeBot/1.0; +claudebot@anthropic.com)"
216.73.216.240 - - [04/Jul/2026:13:00:22 +0000] "GET /properties/224998-Residential-Alvord-Texas-76225-4-Bedrooms-2-Bathrooms-USD535-000/ HTTP/1.1" 200 41960 "-" "Mozilla/5.0 AppleWebKit/537.36 (KHTML, like Gecko; compatible; ClaudeBot/1.0; +claudebot@anthropic.com)"
216.73.216.240 - - [04/Jul/2026:13:00:22 +0000] "GET /properties/224983-Residential-Fort-Worth-Texas-76119-4-Bedrooms-2-Bathrooms-USD301-999/ HTTP/1.1" 200 40541 "-" "Mozilla/5.0 AppleWebKit/537.36 (KHTML, like Gecko; compatible; ClaudeBot/1.0; +claudebot@anthropic.com)"
216.73.216.240 - - [04/Jul/2026:13:00:23 +0000] "GET /wp-content/uploads/WPL/qrcode/qr_8c0559375effc5c5a7463607229d5655.png HTTP/1.1" 200 5842 "-" "Mozilla/5.0 AppleWebKit/537.36 (KHTML, like Gecko; compatible; ClaudeBot/1.0; +claudebot@anthropic.com)"
216.73.216.240 - - [04/Jul/2026:13:00:22 +0000] "GET /properties/224982-Residential-Fate-Texas-75087-3-Bedrooms-2-Bathrooms-USD365-000/ HTTP/1.1" 200 43446 "-" "Mozilla/5.0 AppleWebKit/537.36 (KHTML, like Gecko; compatible; ClaudeBot/1.0; +claudebot@anthropic.com)"
216.73.216.240 - - [04/Jul/2026:13:00:22 +0000] "GET /properties/224989-Residential-Fate-Texas-75087-4-Bedrooms-3-Bathrooms-USD653-549/ HTTP/1.1" 200 43355 "-" "Mozilla/5.0 AppleWebKit/537.36 (KHTML, like Gecko; compatible; ClaudeBot/1.0; +claudebot@anthropic.com)"
216.73.216.240 - - [04/Jul/2026:13:00:22 +0000] "GET /properties/224992-Land-Aledo-Texas-76008-USD265-000/ HTTP/1.1" 200 40741 "-" "Mozilla/5.0 AppleWebKit/537.36 (KHTML, like Gecko; compatible; ClaudeBot/1.0; +claudebot@anthropic.com)"
216.73.216.240 - - [04/Jul/2026:13:00:23 +0000] "GET /wp-content/uploads/WPL/qrcode/qr_081458855614c417f5efcf7c16553078.png HTTP/1.1" 200 6044 "-" "Mozilla/5.0 AppleWebKit/537.36 (KHTML, like Gecko; compatible; ClaudeBot/1.0; +claudebot@anthropic.com)"
216.73.216.240 - - [04/Jul/2026:13:00:22 +0000] "GET /properties/224981-Land-Bonham-Texas-75418-USD602-267/ HTTP/1.1" 200 40781 "-" "Mozilla/5.0 AppleWebKit/537.36 (KHTML, like Gecko; compatible; ClaudeBot/1.0; +claudebot@anthropic.com)"
216.73.216.240 - - [04/Jul/2026:13:00:23 +0000] "GET /wp-content/uploads/WPL/qrcode/qr_5c62e40339ca264349509f24c0e0afd1.png HTTP/1.1" 200 5979 "-" "Mozilla/5.0 AppleWebKit/537.36 (KHTML, like Gecko; compatible; ClaudeBot/1.0; +claudebot@anthropic.com)"
216.73.216.240 - - [04/Jul/2026:13:00:23 +0000] "GET /properties/224980-Land-Bonham-Texas-75418-USD169-962/ HTTP/1.1" 200 40709 "-" "Mozilla/5.0 AppleWebKit/537.36 (KHTML, like Gecko; compatible; ClaudeBot/1.0; +claudebot@anthropic.com)"
216.73.216.240 - - [04/Jul/2026:13:00:23 +0000] "GET /wp-content/uploads/WPL/qrcode/qr_5839f589ceb1e02dee8152faf26d62e5.png HTTP/1.1" 200 5909 "-" "Mozilla/5.0 AppleWebKit/537.36 (KHTML, like Gecko; compatible; ClaudeBot/1.0; +claudebot@anthropic.com)"
216.73.216.240 - - [04/Jul/2026:13:00:23 +0000] "GET /wp-content/uploads/WPL/qrcode/qr_655e0c3a6fd929634792a37cfad1046d.png HTTP/1.1" 200 5972 "-" "Mozilla/5.0 AppleWebKit/537.36 (KHTML, like Gecko; compatible; ClaudeBot/1.0; +claudebot@anthropic.com)"
216.73.216.240 - - [04/Jul/2026:13:00:24 +0000] "GET /wp-content/uploads/WPL/qrcode/qr_4ede44743d04387452e543625172e95e.png HTTP/1.1" 200 6031 "-" "Mozilla/5.0 AppleWebKit/537.36 (KHTML, like Gecko; compatible; ClaudeBot/1.0; +claudebot@anthropic.com)"
216.73.216.240 - - [04/Jul/2026:13:00:24 +0000] "GET /wp-content/uploads/WPL/qrcode/qr_d5311407f91ed0156ee368528f939657.png HTTP/1.1" 200 5852 "-" "Mozilla/5.0 AppleWebKit/537.36 (KHTML, like Gecko; compatible; ClaudeBot/1.0; +claudebot@anthropic.com)"
216.73.216.240 - - [04/Jul/2026:13:00:24 +0000] "GET /wp-content/uploads/WPL/qrcode/qr_ce506afac626fbb287914064848d3d81.png HTTP/1.1" 200 6036 "-" "Mozilla/5.0 AppleWebKit/537.36 (KHTML, like Gecko; compatible; ClaudeBot/1.0; +claudebot@anthropic.com)"
217.113.194.204 - - [04/Jul/2026:13:00:26 +0000] "GET /properties/features/pdf/?pid=121251 HTTP/1.1" 200 11100 "-" "Mozilla/5.0 (compatible; Barkrowler/0.9; +https://babbar.tech/crawler)"
52.5.142.182 - - [04/Jul/2026:13:00:32 +0000] "GET /?rets_import_cron_job=1&time=1783170032 HTTP/1.1" 200 5425 "-" "Wget/1.14 (linux-gnu)"
52.5.142.182 - - [04/Jul/2026:13:00:33 +0000] "GET /?rets_purge_cron_job=1&time=1783170032 HTTP/1.1" 200 5425 "-" "Wget/1.14 (linux-gnu)"
216.73.216.240 - - [04/Jul/2026:13:00:34 +0000] "GET /properties/features/pdf/?pid=159154 HTTP/1.1" 200 10858 "-" "Mozilla/5.0 AppleWebKit/537.36 (KHTML, like Gecko; compatible; ClaudeBot/1.0; +claudebot@anthropic.com)"
216.73.216.240 - - [04/Jul/2026:13:00:34 +0000] "GET /properties/features/pdf/?pid=159151 HTTP/1.1" 200 10856 "-" "Mozilla/5.0 AppleWebKit/537.36 (KHTML, like Gecko; compatible; ClaudeBot/1.0; +claudebot@anthropic.com)"
216.73.216.240 - - [04/Jul/2026:13:00:34 +0000] "GET /properties/features/pdf/?pid=62872 HTTP/1.1" 200 11062 "-" "Mozilla/5.0 AppleWebKit/537.36 (KHTML, like Gecko; compatible; ClaudeBot/1.0; +claudebot@anthropic.com)"
216.73.216.240 - - [04/Jul/2026:13:00:34 +0000] "GET /properties/features/pdf/?pid=62035 HTTP/1.1" 200 10939 "-" "Mozilla/5.0 AppleWebKit/537.36 (KHTML, like Gecko; compatible; ClaudeBot/1.0; +claudebot@anthropic.com)"
217.113.194.204 - - [04/Jul/2026:13:00:42 +0000] "GET /dfw/the-colony-homes-for-sale/ HTTP/1.1" 200 97658 "-" "Mozilla/5.0 (compatible; Barkrowler/0.9; +https://babbar.tech/crawler)"
216.73.216.240 - - [04/Jul/2026:13:00:49 +0000] "GET /properties/features/pdf/?pid=112921 HTTP/1.1" 200 11139 "-" "Mozilla/5.0 AppleWebKit/537.36 (KHTML, like Gecko; compatible; ClaudeBot/1.0; +claudebot@anthropic.com)"
216.73.216.240 - - [04/Jul/2026:13:00:49 +0000] "GET /properties/features/pdf/?pid=209437 HTTP/1.1" 200 10915 "-" "Mozilla/5.0 AppleWebKit/537.36 (KHTML, like Gecko; compatible; ClaudeBot/1.0; +claudebot@anthropic.com)"
217.113.194.12 - - [04/Jul/2026:13:00:57 +0000] "GET /properties/ianmcvay%40gmail.com/ HTTP/1.1" 200 41916 "-" "Mozilla/5.0 (compatible; Barkrowler/0.9; +https://babbar.tech/crawler)"
216.73.216.240 - - [04/Jul/2026:13:01:03 +0000] "GET /properties/features/pdf/?pid=111951 HTTP/1.1" 200 11236 "-" "Mozilla/5.0 AppleWebKit/537.36 (KHTML, like Gecko; compatible; ClaudeBot/1.0; +claudebot@anthropic.com)"
216.73.216.240 - - [04/Jul/2026:13:01:03 +0000] "GET /dfw/parker-homes-for-sale/?wplpage=18 HTTP/1.1" 200 42510 "-" "Mozilla/5.0 AppleWebKit/537.36 (KHTML, like Gecko; compatible; ClaudeBot/1.0; +claudebot@anthropic.com)"
190.189.104.171 - - [04/Jul/2026:13:01:07 +0000] "GET /properties/204362-Residential-University-Park-Texas-75225-4-Bedrooms-3-Bathrooms-USD1-390-000/ HTTP/1.1" 200 43991 "-" "Mozilla/5.0 (Windows NT 10.0; WOW64) AppleWebKit/537.36 (KHTML, like Gecko) Chrome/97.0.4692.71 Safari/537.36"
217.113.194.205 - - [04/Jul/2026:13:01:18 +0000] "GET /dfw/parker-homes-for-sale/?wplpage=5 HTTP/1.1" 200 42466 "-" "Mozilla/5.0 (compatible; Barkrowler/0.9; +https://babbar.tech/crawler)"
178.22.34.7 - - [04/Jul/2026:13:01:24 +0000] "GET /DFW/prosper-homes-for-sale/?wplpage=6 HTTP/1.1" 200 45728 "-" "Mozilla/5.0 (Windows NT 6.1; Win64; x64) AppleWebKit/537.36 (KHTML, like Gecko) Brave Chrome/80.0.3987.87 Safari/537.36"
216.73.216.240 - - [04/Jul/2026:13:01:38 +0000] "GET /properties/62838-Residential-Springtown-Texas-76082-3-Bedrooms-2-Bathrooms-USD447-900/ HTTP/1.1" 200 41344 "-" "Mozilla/5.0 AppleWebKit/537.36 (KHTML, like Gecko; compatible; ClaudeBot/1.0; +claudebot@anthropic.com)"
217.113.194.21 - - [04/Jul/2026:13:01:37 +0000] "GET /dfw/parker-homes-for-sale/?wplpage=7 HTTP/1.1" 200 42726 "-" "Mozilla/5.0 (compatible; Barkrowler/0.9; +https://babbar.tech/crawler)"
216.73.216.240 - - [04/Jul/2026:13:01:38 +0000] "GET /dfw/parker-homes-for-sale/?wplpage=81 HTTP/1.1" 200 42477 "-" "Mozilla/5.0 AppleWebKit/537.36 (KHTML, like Gecko; compatible; ClaudeBot/1.0; +claudebot@anthropic.com)"
216.73.216.240 - - [04/Jul/2026:13:01:53 +0000] "GET /properties/121170-Residential-Springtown-76082-5-Bedrooms-2-Bathrooms-USD249-000/ HTTP/1.1" 200 41400 "-" "Mozilla/5.0 AppleWebKit/537.36 (KHTML, like Gecko; compatible; ClaudeBot/1.0; +claudebot@anthropic.com)"
216.73.216.240 - - [04/Jul/2026:13:01:53 +0000] "GET /properties/137409-Residential-Springtown-Texas-76082-4-Bedrooms-2-Bathrooms-USD494-900/ HTTP/1.1" 200 43388 "-" "Mozilla/5.0 AppleWebKit/537.36 (KHTML, like Gecko; compatible; ClaudeBot/1.0; +claudebot@anthropic.com)"
216.73.216.240 - - [04/Jul/2026:13:01:54 +0000] "GET /properties/215594-Residential-Springtown-Texas-76082-4-Bedrooms-3-Bathrooms-USD619-000/ HTTP/1.1" 200 43718 "-" "Mozilla/5.0 AppleWebKit/537.36 (KHTML, like Gecko; compatible; ClaudeBot/1.0; +claudebot@anthropic.com)"
216.73.216.240 - - [04/Jul/2026:13:01:54 +0000] "GET /properties/211132-Residential-Springtown-Texas-76082-4-Bedrooms-3-Bathrooms-USD595-000/ HTTP/1.1" 200 43203 "-" "Mozilla/5.0 AppleWebKit/537.36 (KHTML, like Gecko; compatible; ClaudeBot/1.0; +claudebot@anthropic.com)"
217.113.194.21 - - [04/Jul/2026:13:01:55 +0000] "GET /dfw/parker-homes-for-sale/?wplpage=3 HTTP/1.1" 200 42802 "-" "Mozilla/5.0 (compatible; Barkrowler/0.9; +https://babbar.tech/crawler)"
217.113.194.16 - - [04/Jul/2026:13:02:13 +0000] "GET /dfw/prosper-homes-for-sale/?wplpage=15 HTTP/1.1" 200 42127 "-" "Mozilla/5.0 (compatible; Barkrowler/0.9; +https://babbar.tech/crawler)"
216.73.216.240 - - [04/Jul/2026:13:02:27 +0000] "GET /properties/198428-Residential-Weatherford-Texas-76085-5-Bedrooms-2-Bathrooms-USD549-800/ HTTP/1.1" 200 41783 "-" "Mozilla/5.0 AppleWebKit/537.36 (KHTML, like Gecko; compatible; ClaudeBot/1.0; +claudebot@anthropic.com)"
216.73.216.240 - - [04/Jul/2026:13:02:27 +0000] "GET /properties/201779-Residential-Weatherford-Texas-76088-4-Bedrooms-3-Bathrooms-USD645-000/ HTTP/1.1" 200 43272 "-" "Mozilla/5.0 AppleWebKit/537.36 (KHTML, like Gecko; compatible; ClaudeBot/1.0; +claudebot@anthropic.com)"
217.113.194.204 - - [04/Jul/2026:13:02:30 +0000] "GET /dfw/prosper-homes-for-sale/?wplpage=10 HTTP/1.1" 200 42461 "-" "Mozilla/5.0 (compatible; Barkrowler/0.9; +https://babbar.tech/crawler)"
216.73.216.240 - - [04/Jul/2026:13:02:37 +0000] "GET /properties/129629-Residential-Aledo-Texas-76008-4-Bedrooms-3-Bathrooms-USD609-000/ HTTP/1.1" 200 42218 "-" "Mozilla/5.0 AppleWebKit/537.36 (KHTML, like Gecko; compatible; ClaudeBot/1.0; +claudebot@anthropic.com)"
216.73.216.240 - - [04/Jul/2026:13:02:37 +0000] "GET /properties/208856-Residential-Fort-Worth-Texas-76008-4-Bedrooms-4-Bathrooms-USD717-288/ HTTP/1.1" 200 40854 "-" "Mozilla/5.0 AppleWebKit/537.36 (KHTML, like Gecko; compatible; ClaudeBot/1.0; +claudebot@anthropic.com)"
217.113.194.21 - - [04/Jul/2026:13:02:47 +0000] "GET /dfw/prosper-homes-for-sale/?wplpage=1 HTTP/1.1" 200 42755 "-" "Mozilla/5.0 (compatible; Barkrowler/0.9; +https://babbar.tech/crawler)"
216.73.216.240 - - [04/Jul/2026:13:03:03 +0000] "GET /properties/63135-Residential-Weatherford-Texas-76085-4-Bedrooms-3-Bathrooms-USD669-900/ HTTP/1.1" 200 43425 "-" "Mozilla/5.0 AppleWebKit/537.36 (KHTML, like Gecko; compatible; ClaudeBot/1.0; +claudebot@anthropic.com)"
216.73.216.240 - - [04/Jul/2026:13:03:03 +0000] "GET /properties/208854-Residential-Fort-Worth-Texas-76008-3-Bedrooms-2-Bathrooms-USD547-728/ HTTP/1.1" 200 41088 "-" "Mozilla/5.0 AppleWebKit/537.36 (KHTML, like Gecko; compatible; ClaudeBot/1.0; +claudebot@anthropic.com)"
217.113.194.205 - - [04/Jul/2026:13:03:03 +0000] "GET /dfw/prosper-homes-for-sale/?wplpage=9 HTTP/1.1" 200 42400 "-" "Mozilla/5.0 (compatible; Barkrowler/0.9; +https://babbar.tech/crawler)"
216.73.216.240 - - [04/Jul/2026:13:03:15 +0000] "GET /properties/216999-Residential-Springtown-Texas-76082-4-Bedrooms-3-Bathrooms-USD299-999/ HTTP/1.1" 200 44030 "-" "Mozilla/5.0 AppleWebKit/537.36 (KHTML, like Gecko; compatible; ClaudeBot/1.0; +claudebot@anthropic.com)"
216.73.216.240 - - [04/Jul/2026:13:03:15 +0000] "GET /properties/213150-Residential-Weatherford-Texas-76088-3-Bedrooms-2-Bathrooms-USD3-519-999/ HTTP/1.1" 200 43117 "-" "Mozilla/5.0 AppleWebKit/537.36 (KHTML, like Gecko; compatible; ClaudeBot/1.0; +claudebot@anthropic.com)"
217.113.194.18 - - [04/Jul/2026:13:03:20 +0000] "GET /dfw/melissa-homes-for-sale/?wplpage=5 HTTP/1.1" 200 42772 "-" "Mozilla/5.0 (compatible; Barkrowler/0.9; +https://babbar.tech/crawler)"
217.113.194.19 - - [04/Jul/2026:13:03:37 +0000] "GET /dfw/melissa-homes-for-sale/?wplpage=6 HTTP/1.1" 200 42666 "-" "Mozilla/5.0 (compatible; Barkrowler/0.9; +https://babbar.tech/crawler)"
216.73.216.240 - - [04/Jul/2026:13:03:44 +0000] "GET /properties/159165-Residential-Poolville-Texas-76487-3-Bedrooms-2-Bathrooms-USD270-500/ HTTP/1.1" 200 40637 "-" "Mozilla/5.0 AppleWebKit/537.36 (KHTML, like Gecko; compatible; ClaudeBot/1.0; +claudebot@anthropic.com)"
216.73.216.240 - - [04/Jul/2026:13:03:44 +0000] "GET /properties/208882-Residential-Fort-Worth-Texas-76008-4-Bedrooms-3-Bathrooms-USD693-184/ HTTP/1.1" 200 40215 "-" "Mozilla/5.0 AppleWebKit/537.36 (KHTML, like Gecko; compatible; ClaudeBot/1.0; +claudebot@anthropic.com)"
216.73.216.240 - - [04/Jul/2026:13:03:48 +0000] "GET /properties/208886-Residential-Poolville-Texas-76487-4-Bedrooms-3-Bathrooms-USD641-250/ HTTP/1.1" 200 41539 "-" "Mozilla/5.0 AppleWebKit/537.36 (KHTML, like Gecko; compatible; ClaudeBot/1.0; +claudebot@anthropic.com)"
216.73.216.240 - - [04/Jul/2026:13:03:48 +0000] "GET /properties/208963-Residential-Weatherford-Texas-76087-4-Bedrooms-3-Bathrooms-USD675-900/ HTTP/1.1" 200 41636 "-" "Mozilla/5.0 AppleWebKit/537.36 (KHTML, like Gecko; compatible; ClaudeBot/1.0; +claudebot@anthropic.com)"
217.113.194.14 - - [04/Jul/2026:13:03:54 +0000] "GET /DFW/melissa-homes-for-sale/?wplpage=9 HTTP/1.1" 200 42150 "-" "Mozilla/5.0 (compatible; Barkrowler/0.9; +https://babbar.tech/crawler)"
83.171.207.208 - - [04/Jul/2026:13:04:02 +0000] "GET /properties/194973-Residential-Richardson-Texas-75080-3-Bedrooms-2-Bathrooms-USD423-800/ HTTP/1.1" 200 46639 "-" "Mozilla/5.0 (Windows NT 6.1) AppleWebKit/537.36 (KHTML, like Gecko) Chrome/90.0.4427.5 Safari/537.36"
216.73.216.240 - - [04/Jul/2026:13:04:02 +0000] "GET /properties/208708-Residential-Cresson-Texas-76035-4-Bedrooms-3-Bathrooms-USD1-100-000/ HTTP/1.1" 200 43441 "-" "Mozilla/5.0 AppleWebKit/537.36 (KHTML, like Gecko; compatible; ClaudeBot/1.0; +claudebot@anthropic.com)"
216.73.216.240 - - [04/Jul/2026:13:04:02 +0000] "GET /properties/126212-Residential-Brock-Texas-76087-5-Bedrooms-2-Bathrooms-USD435-575/ HTTP/1.1" 200 42547 "-" "Mozilla/5.0 AppleWebKit/537.36 (KHTML, like Gecko; compatible; ClaudeBot/1.0; +claudebot@anthropic.com)"
66.249.79.194 - - [04/Jul/2026:13:04:11 +0000] "GET /properties/features/pdf/?pid=214489 HTTP/1.1" 200 10897 "-" "Mozilla/5.0 (Linux; Android 6.0.1; Nexus 5X Build/MMB29P) AppleWebKit/537.36 (KHTML, like Gecko) Chrome/150.0.7871.46 Mobile Safari/537.36 (compatible; GoogleOther)"
217.113.194.21 - - [04/Jul/2026:13:04:10 +0000] "GET /dfw/plano-homes-for-sale/?wplpage=7 HTTP/1.1" 200 51896 "-" "Mozilla/5.0 (compatible; Barkrowler/0.9; +https://babbar.tech/crawler)"
216.73.216.240 - - [04/Jul/2026:13:04:26 +0000] "GET /properties/208634-Residential-Millsap-Texas-76066-4-Bedrooms-2-Bathrooms-USD1-550-000/ HTTP/1.1" 200 40855 "-" "Mozilla/5.0 AppleWebKit/537.36 (KHTML, like Gecko; compatible; ClaudeBot/1.0; +claudebot@anthropic.com)"
216.73.216.240 - - [04/Jul/2026:13:04:26 +0000] "GET /properties/135144-Residential-Aledo-Texas-76008-4-Bedrooms-3-Bathrooms-USD639-000/ HTTP/1.1" 200 41288 "-" "Mozilla/5.0 AppleWebKit/537.36 (KHTML, like Gecko; compatible; ClaudeBot/1.0; +claudebot@anthropic.com)"
217.113.194.13 - - [04/Jul/2026:13:04:28 +0000] "GET /dfw/parker-homes-for-sale/?wplpage=88 HTTP/1.1" 200 42303 "-" "Mozilla/5.0 (compatible; Barkrowler/0.9; +https://babbar.tech/crawler)"
217.113.194.14 - - [04/Jul/2026:13:04:46 +0000] "GET /DFW/plano-homes-for-sale/?wplpage=9 HTTP/1.1" 200 51963 "-" "Mozilla/5.0 (compatible; Barkrowler/0.9; +https://babbar.tech/crawler)"
216.73.216.240 - - [04/Jul/2026:13:04:58 +0000] "GET /properties/213226-Residential-Willow-Park-Texas-76087-3-Bedrooms-2-Bathrooms-USD550-000/ HTTP/1.1" 200 43723 "-" "Mozilla/5.0 AppleWebKit/537.36 (KHTML, like Gecko; compatible; ClaudeBot/1.0; +claudebot@anthropic.com)"
217.113.194.21 - - [04/Jul/2026:13:05:03 +0000] "GET /DFW/prosper-homes-for-sale/?wplpage=1 HTTP/1.1" 200 42765 "-" "Mozilla/5.0 (compatible; Barkrowler/0.9; +https://babbar.tech/crawler)"
216.73.216.240 - - [04/Jul/2026:13:05:06 +0000] "GET /properties/169825-Residential-Parker-Texas-75002-4-Bedrooms-4-Bathrooms-USD1-245-000/ HTTP/1.1" 200 44022 "-" "Mozilla/5.0 AppleWebKit/537.36 (KHTML, like Gecko; compatible; ClaudeBot/1.0; +claudebot@anthropic.com)"
216.73.216.240 - - [04/Jul/2026:13:05:06 +0000] "GET /properties/159707-Residential-Willow-Park-Texas-76087-5-Bedrooms-3-Bathrooms-USD665-900/ HTTP/1.1" 200 43156 "-" "Mozilla/5.0 AppleWebKit/537.36 (KHTML, like Gecko; compatible; ClaudeBot/1.0; +claudebot@anthropic.com)"
217.113.194.14 - - [04/Jul/2026:13:05:20 +0000] "GET /dfw/plano-homes-for-sale/?wplpage=19 HTTP/1.1" 200 51713 "-" "Mozilla/5.0 (compatible; Barkrowler/0.9; +https://babbar.tech/crawler)"
113.163.88.114 - - [04/Jul/2026:13:05:24 +0000] "GET /properties/219913-Residential-Fort-Worth-Texas-76008-3-Bedrooms-2-Bathrooms-USD614-614/ HTTP/1.1" 200 44341 "-" "Mozilla/5.0 (Windows NT 6.1; WOW64) AppleWebKit/537.36 (KHTML, like Gecko) Chrome/89.0.4389.114 Safari/537.36"
52.5.142.182 - - [04/Jul/2026:13:05:33 +0000] "GET /?rets_import_cron_job=1&time=1783170332 HTTP/1.1" 200 5425 "-" "Wget/1.14 (linux-gnu)"
217.113.194.14 - - [04/Jul/2026:13:05:37 +0000] "GET /dfw/richardson-homes-for-sale/?wplpage=7 HTTP/1.1" 200 42239 "-" "Mozilla/5.0 (compatible; Barkrowler/0.9; +https://babbar.tech/crawler)"
66.249.79.193 - - [04/Jul/2026:13:05:43 +0000] "GET /properties/210986-Residential-Income-Fort-Worth-Texas-76134-2-Bedrooms-2-Bathrooms-USD389-900/ HTTP/1.1" 200 40216 "-" "Mozilla/5.0 (Linux; Android 6.0.1; Nexus 5X Build/MMB29P) AppleWebKit/537.36 (KHTML, like Gecko) Chrome/150.0.7871.46 Mobile Safari/537.36 (compatible; Googlebot/2.1; +http://www.google.com/bot.html)"
217.113.194.19 - - [04/Jul/2026:13:05:54 +0000] "GET /dfw/richardson-homes-for-sale/?wplpage=4 HTTP/1.1" 200 42258 "-" "Mozilla/5.0 (compatible; Barkrowler/0.9; +https://babbar.tech/crawler)"
216.73.216.240 - - [04/Jul/2026:13:06:09 +0000] "GET /properties/features/pdf/?pid=123621 HTTP/1.1" 200 11045 "-" "Mozilla/5.0 AppleWebKit/537.36 (KHTML, like Gecko; compatible; ClaudeBot/1.0; +claudebot@anthropic.com)"
217.113.194.14 - - [04/Jul/2026:13:06:11 +0000] "GET /DFW/prosper-homes-for-sale/?wplpage=10 HTTP/1.1" 200 42470 "-" "Mozilla/5.0 (compatible; Barkrowler/0.9; +https://babbar.tech/crawler)"
217.113.194.20 - - [04/Jul/2026:13:06:28 +0000] "GET /DFW/prosper-homes-for-sale/?wplpage=7 HTTP/1.1" 200 42724 "-" "Mozilla/5.0 (compatible; Barkrowler/0.9; +https://babbar.tech/crawler)"
216.73.216.240 - - [04/Jul/2026:13:06:35 +0000] "GET /properties/features/pdf/?pid=224557 HTTP/1.1" 200 10990 "-" "Mozilla/5.0 AppleWebKit/537.36 (KHTML, like Gecko; compatible; ClaudeBot/1.0; +claudebot@anthropic.com)"
217.113.194.206 - - [04/Jul/2026:13:06:45 +0000] "GET /DFW/prosper-homes-for-sale/?wplpage=15 HTTP/1.1" 200 42137 "-" "Mozilla/5.0 (compatible; Barkrowler/0.9; +https://babbar.tech/crawler)"
14.248.211.199 - - [04/Jul/2026:13:07:04 +0000] "GET /properties/features/pdf/?pid=169379 HTTP/1.1" 200 11022 "-" "Mozilla/5.0 (Macintosh; Intel Mac OS X 10_15_5) AppleWebKit/537.36 (KHTML, like Gecko) Chrome/101.0.4951.54 Safari/537.36"
217.113.194.20 - - [04/Jul/2026:13:07:01 +0000] "GET /properties/ianmcvay%40gmail.com/?wplpage=11 HTTP/1.1" 200 40272 "-" "Mozilla/5.0 (compatible; Barkrowler/0.9; +https://babbar.tech/crawler)"
216.73.216.240 - - [04/Jul/2026:13:07:28 +0000] "GET /properties/features/pdf/?pid=211147 HTTP/1.1" 200 11031 "-" "Mozilla/5.0 AppleWebKit/537.36 (KHTML, like Gecko; compatible; ClaudeBot/1.0; +claudebot@anthropic.com)"
217.113.194.12 - - [04/Jul/2026:13:07:22 +0000] "GET /properties/ianmcvay%40gmail.com/?wplpage=4308 HTTP/1.1" 200 40291 "-" "Mozilla/5.0 (compatible; Barkrowler/0.9; +https://babbar.tech/crawler)"
216.73.216.240 - - [04/Jul/2026:13:07:35 +0000] "GET /properties/features/pdf/?pid=213149 HTTP/1.1" 200 10980 "-" "Mozilla/5.0 AppleWebKit/537.36 (KHTML, like Gecko; compatible; ClaudeBot/1.0; +claudebot@anthropic.com)"
216.73.216.240 - - [04/Jul/2026:13:07:55 +0000] "GET /properties/features/pdf/?pid=217556 HTTP/1.1" 200 11010 "-" "Mozilla/5.0 AppleWebKit/537.36 (KHTML, like Gecko; compatible; ClaudeBot/1.0; +claudebot@anthropic.com)"
217.113.194.15 - - [04/Jul/2026:13:07:48 +0000] "GET /m-streets-homes-dallas-a-rather-good-time/?wplpage=9 HTTP/1.1" 200 48829 "-" "Mozilla/5.0 (compatible; Barkrowler/0.9; +https://babbar.tech/crawler)"
170.247.239.195 - - [04/Jul/2026:13:07:58 +0000] "GET /properties/224934-Residential-Lease-Dallas-Texas-75206-2-Bedrooms-2-Bathrooms-USD3-600/ HTTP/1.1" 200 45543 "-" "Mozilla/5.0 (Macintosh; Intel Mac OS X 11_1_0) AppleWebKit/537.36 (KHTML, like Gecko) Brave Chrome/88.0.4324.96 Safari/537.36"
201.183.99.53 - - [04/Jul/2026:13:07:57 +0000] "GET /m-streets-homes-dallas-a-rather-good-time/?wplpage=2254 HTTP/1.1" 200 13460 "-" "Mozilla/5.0 (Macintosh; Intel Mac OS X 10_13_6) AppleWebKit/537.36 (KHTML, like Gecko) Brave Chrome/80.0.3987.87 Safari/537.36"
216.73.216.240 - - [04/Jul/2026:13:08:25 +0000] "GET /properties/features/pdf/?pid=210637 HTTP/1.1" 200 11093 "-" "Mozilla/5.0 AppleWebKit/537.36 (KHTML, like Gecko; compatible; ClaudeBot/1.0; +claudebot@anthropic.com)"
217.113.194.205 - - [04/Jul/2026:13:08:12 +0000] "GET /m-streets-homes-dallas-a-rather-good-time/?wplpage=2254 HTTP/1.1" 200 46181 "-" "Mozilla/5.0 (compatible; Barkrowler/0.9; +https://babbar.tech/crawler)"
14.189.180.94 - - [04/Jul/2026:13:08:26 +0000] "GET /properties/features/pdf/?pid=198890 HTTP/1.1" 200 11026 "-" "Mozilla/5.0 (Windows NT 10.0; Win64; x64) AppleWebKit/537.36 (KHTML, like Gecko) Chrome/74.0.3729.131 Safari/537.36"
217.113.194.12 - - [04/Jul/2026:13:08:41 +0000] "GET /properties/61248-Land-Argyle-Texas-76226-USD325-000/ HTTP/1.1" 200 41541 "-" "Mozilla/5.0 (compatible; Barkrowler/0.9; +https://babbar.tech/crawler)"
217.113.194.206 - - [04/Jul/2026:13:08:57 +0000] "GET /properties/53156-Land-Burkett-Texas-76828-USD3-200-000/ HTTP/1.1" 200 43161 "-" "Mozilla/5.0 (compatible; Barkrowler/0.9; +https://babbar.tech/crawler)"
217.113.194.204 - - [04/Jul/2026:13:09:13 +0000] "GET /properties/61326-Land-Zephyr-Texas-76890-USD695-000/ HTTP/1.1" 200 43321 "-" "Mozilla/5.0 (compatible; Barkrowler/0.9; +https://babbar.tech/crawler)"
216.73.216.240 - - [04/Jul/2026:13:09:24 +0000] "GET /properties/features/pdf/?pid=209702 HTTP/1.1" 200 10991 "-" "Mozilla/5.0 AppleWebKit/537.36 (KHTML, like Gecko; compatible; ClaudeBot/1.0; +claudebot@anthropic.com)"
217.113.194.21 - - [04/Jul/2026:13:09:29 +0000] "GET /properties/50983-Commercial-Sale-Forney-Texas-75126-USD1-059-720/ HTTP/1.1" 200 40423 "-" "Mozilla/5.0 (compatible; Barkrowler/0.9; +https://babbar.tech/crawler)"
216.73.216.240 - - [04/Jul/2026:13:09:30 +0000] "GET /properties/features/pdf/?pid=104133 HTTP/1.1" 200 10949 "-" "Mozilla/5.0 AppleWebKit/537.36 (KHTML, like Gecko; compatible; ClaudeBot/1.0; +claudebot@anthropic.com)"
217.113.194.18 - - [04/Jul/2026:13:09:45 +0000] "GET /properties/224479-Commercial-Lease-Grapevine-Texas-76051-USD2-200/ HTTP/1.1" 200 40689 "-" "Mozilla/5.0 (compatible; Barkrowler/0.9; +https://babbar.tech/crawler)"
217.113.194.20 - - [04/Jul/2026:13:10:01 +0000] "GET /properties/224446-Commercial-Lease-Grapevine-Texas-76051-USD2-500/ HTTP/1.1" 200 40594 "-" "Mozilla/5.0 (compatible; Barkrowler/0.9; +https://babbar.tech/crawler)"
217.113.194.17 - - [04/Jul/2026:13:10:17 +0000] "GET /properties/208203-Residential-Plano-Texas-75023-4-Bedrooms-2-Bathrooms-USD558-000/ HTTP/1.1" 200 42154 "-" "Mozilla/5.0 (compatible; Barkrowler/0.9; +https://babbar.tech/crawler)"
52.5.142.182 - - [04/Jul/2026:13:10:32 +0000] "GET /?rets_import_cron_job=1&time=1783170632 HTTP/1.1" 200 5425 "-" "Wget/1.14 (linux-gnu)"
217.113.194.204 - - [04/Jul/2026:13:10:32 +0000] "GET /properties/223982-Residential-Arlington-Texas-76005-2-Bedrooms-2-Bathrooms-USD379-900/ HTTP/1.1" 200 43996 "-" "Mozilla/5.0 (compatible; Barkrowler/0.9; +https://babbar.tech/crawler)"
216.73.216.240 - - [04/Jul/2026:13:10:33 +0000] "GET /properties/features/pdf/?pid=121103 HTTP/1.1" 200 11039 "-" "Mozilla/5.0 AppleWebKit/537.36 (KHTML, like Gecko; compatible; ClaudeBot/1.0; +claudebot@anthropic.com)"
201.105.118.150 - - [04/Jul/2026:13:10:37 +0000] "GET /properties/216742-Residential-Melissa-Texas-75454-4-Bedrooms-3-Bathrooms-USD474-900/ HTTP/1.1" 200 46711 "-" "Mozilla/5.0 (Windows NT 6.1; WOW64) AppleWebKit/537.36 (KHTML, like Gecko) Chrome/97.0.4692.99 Safari/537.36"
216.73.216.240 - - [04/Jul/2026:13:10:38 +0000] "GET /properties/features/pdf/?pid=212572 HTTP/1.1" 200 10924 "-" "Mozilla/5.0 AppleWebKit/537.36 (KHTML, like Gecko; compatible; ClaudeBot/1.0; +claudebot@anthropic.com)"
216.73.216.240 - - [04/Jul/2026:13:10:38 +0000] "GET /properties/features/pdf/?pid=53940 HTTP/1.1" 200 11077 "-" "Mozilla/5.0 AppleWebKit/537.36 (KHTML, like Gecko; compatible; ClaudeBot/1.0; +claudebot@anthropic.com)"
217.113.194.16 - - [04/Jul/2026:13:10:48 +0000] "GET /properties/160037-Residential-Sherman-Texas-75092-1-Bedroom-1-Bathroom-USD134-000/ HTTP/1.1" 200 39784 "-" "Mozilla/5.0 (compatible; Barkrowler/0.9; +https://babbar.tech/crawler)"
217.113.194.12 - - [04/Jul/2026:13:11:04 +0000] "GET /properties/154155-Residential-Springtown-Texas-76082-2-Bedrooms-1-Bathroom-USD395-000/ HTTP/1.1" 200 43702 "-" "Mozilla/5.0 (compatible; Barkrowler/0.9; +https://babbar.tech/crawler)"
217.113.194.18 - - [04/Jul/2026:13:11:20 +0000] "GET /properties/211107-Residential-Prosper-Texas-75078-3-Bedrooms-3-Bathrooms-USD906-000/ HTTP/1.1" 200 41445 "-" "Mozilla/5.0 (compatible; Barkrowler/0.9; +https://babbar.tech/crawler)"
217.113.194.13 - - [04/Jul/2026:13:11:36 +0000] "GET /properties/223668-Residential-Prosper-Texas-75078-4-Bedrooms-3-Bathrooms-USD670-000/ HTTP/1.1" 200 44098 "-" "Mozilla/5.0 (compatible; Barkrowler/0.9; +https://babbar.tech/crawler)"
217.113.194.18 - - [04/Jul/2026:13:11:52 +0000] "GET /properties/223683-Residential-Prosper-Texas-75078-4-Bedrooms-2-Bathrooms-USD585-000/ HTTP/1.1" 200 43349 "-" "Mozilla/5.0 (compatible; Barkrowler/0.9; +https://babbar.tech/crawler)"
217.113.194.12 - - [04/Jul/2026:13:12:07 +0000] "GET /properties/224281-Residential-Aledo-Texas-76008-4-Bedrooms-3-Bathrooms-USD525-000/ HTTP/1.1" 200 43889 "-" "Mozilla/5.0 (compatible; Barkrowler/0.9; +https://babbar.tech/crawler)"
217.113.194.21 - - [04/Jul/2026:13:12:23 +0000] "GET /properties/103377-Residential-Weatherford-Texas-76085-4-Bedrooms-3-Bathrooms-USD600-000/ HTTP/1.1" 200 43076 "-" "Mozilla/5.0 (compatible; Barkrowler/0.9; +https://babbar.tech/crawler)"
207.46.13.168 - - [04/Jul/2026:13:12:36 +0000] "GET /sitemap_index.xml HTTP/1.1" 200 6046 "-" "Mozilla/5.0 AppleWebKit/537.36 (KHTML, like Gecko; compatible; bingbot/2.0; +http://www.bing.com/bingbot.htm) Chrome/116.0.1938.76 Safari/537.36"
217.113.194.14 - - [04/Jul/2026:13:12:39 +0000] "GET /properties/198217-Residential-Plano-Texas-75025-4-Bedrooms-3-Bathrooms-USD570-000/ HTTP/1.1" 200 42596 "-" "Mozilla/5.0 (compatible; Barkrowler/0.9; +https://babbar.tech/crawler)"
217.113.194.206 - - [04/Jul/2026:13:12:55 +0000] "GET /properties/142174-Residential-Aledo-Texas-76008-4-Bedrooms-3-Bathrooms-USD529-400/ HTTP/1.1" 200 43705 "-" "Mozilla/5.0 (compatible; Barkrowler/0.9; +https://babbar.tech/crawler)"
216.73.216.240 - - [04/Jul/2026:13:13:10 +0000] "GET /properties/features/pdf/?pid=160036 HTTP/1.1" 200 10802 "-" "Mozilla/5.0 AppleWebKit/537.36 (KHTML, like Gecko; compatible; ClaudeBot/1.0; +claudebot@anthropic.com)"
217.113.194.204 - - [04/Jul/2026:13:13:11 +0000] "GET /properties/124727-Residential-Weatherford-Texas-76087-3-Bedrooms-2-Bathrooms-USD800-000/ HTTP/1.1" 200 41009 "-" "Mozilla/5.0 (compatible; Barkrowler/0.9; +https://babbar.tech/crawler)"
187.172.75.89 - - [04/Jul/2026:13:13:08 +0000] "GET /m-streets-homes-dallas-a-rather-good-time/?wplpage=2254 HTTP/1.1" 200 13460 "-" "Mozilla/5.0 (Windows NT 10.0; Win64; x64) AppleWebKit/537.36 (KHTML, like Gecko) Brave Chrome/79.0.3945.88 Safari/537.36"
217.113.194.204 - - [04/Jul/2026:13:13:27 +0000] "GET /properties/182086-Residential-Prosper-Texas-75078-4-Bedrooms-4-Bathrooms-USD930-729/ HTTP/1.1" 200 43600 "-" "Mozilla/5.0 (compatible; Barkrowler/0.9; +https://babbar.tech/crawler)"
217.113.194.206 - - [04/Jul/2026:13:13:42 +0000] "GET /properties/202315-Residential-Prosper-Texas-75078-4-Bedrooms-2-Bathrooms-USD699-999/ HTTP/1.1" 200 43639 "-" "Mozilla/5.0 (compatible; Barkrowler/0.9; +https://babbar.tech/crawler)"
217.113.194.206 - - [04/Jul/2026:13:13:58 +0000] "GET /properties/103474-Residential-Weatherford-Texas-76087-4-Bedrooms-2-Bathrooms-USD625-000/ HTTP/1.1" 200 43904 "-" "Mozilla/5.0 (compatible; Barkrowler/0.9; +https://babbar.tech/crawler)"
216.73.216.240 - - [04/Jul/2026:13:14:04 +0000] "GET /properties/features/pdf/?pid=208978 HTTP/1.1" 200 11018 "-" "Mozilla/5.0 AppleWebKit/537.36 (KHTML, like Gecko; compatible; ClaudeBot/1.0; +claudebot@anthropic.com)"
103.140.176.100 - - [04/Jul/2026:13:14:13 +0000] "GET /properties/223941-Residential-Income-Fort-Worth-Texas-76110-3-Bedrooms-2-Bathrooms-USD429-000/ HTTP/1.1" 200 44945 "-" "Mozilla/5.0 (Macintosh; Intel Mac OS X 11_0_1) AppleWebKit/537.36 (KHTML, like Gecko) Brave Chrome/87.0.4280.67 Safari/537.36"
217.113.194.205 - - [04/Jul/2026:13:14:14 +0000] "GET /properties/191028-Residential-Plano-Texas-75075-3-Bedrooms-2-Bathrooms-USD569-000/ HTTP/1.1" 200 41870 "-" "Mozilla/5.0 (compatible; Barkrowler/0.9; +https://babbar.tech/crawler)"
217.113.194.18 - - [04/Jul/2026:13:14:30 +0000] "GET /properties/153675-Residential-Springtown-Texas-76082-4-Bedrooms-2-Bathrooms-USD288-194/ HTTP/1.1" 200 40819 "-" "Mozilla/5.0 (compatible; Barkrowler/0.9; +https://babbar.tech/crawler)"
217.113.194.15 - - [04/Jul/2026:13:14:46 +0000] "GET /properties/153673-Residential-Springtown-Texas-76082-2-Bedrooms-2-Bathrooms-USD228-800/ HTTP/1.1" 200 40623 "-" "Mozilla/5.0 (compatible; Barkrowler/0.9; +https://babbar.tech/crawler)"
217.113.194.13 - - [04/Jul/2026:13:15:02 +0000] "GET /properties/169348-Residential-Prosper-Texas-75078-4-Bedrooms-3-Bathrooms-USD999-000/ HTTP/1.1" 200 43837 "-" "Mozilla/5.0 (compatible; Barkrowler/0.9; +https://babbar.tech/crawler)"
178.216.214.148 - - [04/Jul/2026:13:15:03 +0000] "GET /properties/224946-Residential-Fort-Worth-Texas-76109-4-Bedrooms-3-Bathrooms-USD1-499-000/ HTTP/1.1" 200 47032 "-" "Mozilla/5.0 (Macintosh; Intel Mac OS X 10_15_4) AppleWebKit/537.36 (KHTML, like Gecko) Chrome/87.0.4280.88 Safari/537.36"
217.113.194.13 - - [04/Jul/2026:13:15:17 +0000] "GET /properties/193719-Residential-Plano-Texas-75023-4-Bedrooms-3-Bathrooms-USD715-000/ HTTP/1.1" 200 42916 "-" "Mozilla/5.0 (compatible; Barkrowler/0.9; +https://babbar.tech/crawler)"
38.56.94.59 - - [04/Jul/2026:13:15:18 +0000] "GET /properties/180823-Residential-Prosper-Texas-75078-5-Bedrooms-4-Bathrooms-USD1-250-000/ HTTP/1.1" 200 47020 "-" "Mozilla/5.0 (Macintosh; Intel Mac OS X 11_1_0) AppleWebKit/537.36 (KHTML, like Gecko) Chrome/87.0.4280.88 Safari/537.36 FS"
52.167.144.139 - - [04/Jul/2026:13:15:19 +0000] "GET /properties/features/pdf?pid=69015 HTTP/1.1" 301 5707 "-" "Mozilla/5.0 AppleWebKit/537.36 (KHTML, like Gecko; compatible; bingbot/2.0; +http://www.bing.com/bingbot.htm) Chrome/116.0.1938.76 Safari/537.36"
179.26.109.133 - - [04/Jul/2026:13:15:24 +0000] "GET /properties/214477-Residential-Melissa-Texas-75454-4-Bedrooms-4-Bathrooms-USD731-350/ HTTP/1.1" 200 47048 "-" "Mozilla/5.0 (Windows NT 10.0; Win64; x64) AppleWebKit/537.36 (KHTML, like Gecko) Chrome/73.0.3683.86 Safari/537.36"
52.5.142.182 - - [04/Jul/2026:13:15:32 +0000] "GET /?rets_import_cron_job=1&time=1783170932 HTTP/1.1" 200 5425 "-" "Wget/1.14 (linux-gnu)"
217.113.194.15 - - [04/Jul/2026:13:15:33 +0000] "GET /properties/220855-Residential-Plano-Texas-75075-3-Bedrooms-2-Bathrooms-USD480-000/ HTTP/1.1" 200 42373 "-" "Mozilla/5.0 (compatible; Barkrowler/0.9; +https://babbar.tech/crawler)"
217.113.194.13 - - [04/Jul/2026:13:15:49 +0000] "GET /properties/222377-Residential-Prosper-Texas-75078-3-Bedrooms-2-Bathrooms-USD589-999/ HTTP/1.1" 200 44073 "-" "Mozilla/5.0 (compatible; Barkrowler/0.9; +https://babbar.tech/crawler)"
177.91.74.96 - - [04/Jul/2026:13:15:53 +0000] "GET /properties/features/pdf/?pid=103759 HTTP/1.1" 200 11127 "-" "Mozilla/5.0 (Macintosh; Intel Mac OS X 10_13_6) AppleWebKit/537.36 (KHTML, like Gecko) Brave Chrome/90.0.4430.72 Safari/537.36"
217.113.194.204 - - [04/Jul/2026:13:16:05 +0000] "GET /properties/208306-Residential-Plano-Texas-75025-3-Bedrooms-2-Bathrooms-USD425-000/ HTTP/1.1" 200 43292 "-" "Mozilla/5.0 (compatible; Barkrowler/0.9; +https://babbar.tech/crawler)"
217.113.194.20 - - [04/Jul/2026:13:16:21 +0000] "GET /properties/224832-Residential-Palmer-Texas-75152-5-Bedrooms-2-Bathrooms-USD560-000/ HTTP/1.1" 200 44296 "-" "Mozilla/5.0 (compatible; Barkrowler/0.9; +https://babbar.tech/crawler)"
200.203.163.34 - - [04/Jul/2026:13:16:21 +0000] "GET /properties/features/pdf/?pid=204908 HTTP/1.1" 200 11075 "-" "Mozilla/5.0 (Windows NT 6.1; WOW64) AppleWebKit/537.36 (KHTML, like Gecko) Chrome/97.0.4692.99 Safari/537.36"
66.249.79.193 - - [04/Jul/2026:13:16:32 +0000] "GET /properties/212447-Residential-Income-Fort-Worth-Texas-76106-6-Bedrooms-4-Bathrooms-USD530-000/ HTTP/1.1" 200 42827 "-" "Mozilla/5.0 (Linux; Android 6.0.1; Nexus 5X Build/MMB29P) AppleWebKit/537.36 (KHTML, like Gecko) Chrome/150.0.7871.46 Mobile Safari/537.36 (compatible; GoogleOther)"
217.113.194.19 - - [04/Jul/2026:13:16:37 +0000] "GET /properties/224834-Residential-Plano-Texas-75024-3-Bedrooms-2-Bathrooms-USD599-900/ HTTP/1.1" 200 43441 "-" "Mozilla/5.0 (compatible; Barkrowler/0.9; +https://babbar.tech/crawler)"
66.249.79.194 - - [04/Jul/2026:13:16:45 +0000] "POST /properties/212447-Residential-Income-Fort-Worth-Texas-76106-6-Bedrooms-4-Bathrooms-USD530-000/ HTTP/1.1" 200 5602 "https://www.agenttango.com/properties/212447-Residential-Income-Fort-Worth-Texas-76106-6-Bedrooms-4-Bathrooms-USD530-000/" "Mozilla/5.0 (Linux; Android 6.0.1; Nexus 5X Build/MMB29P) AppleWebKit/537.36 (KHTML, like Gecko) Chrome/150.0.7871.46 Mobile Safari/537.36 (compatible; GoogleOther)"
216.73.216.240 - - [04/Jul/2026:13:16:50 +0000] "GET /properties/207694-Residential-Lease-Saginaw-Texas-76179-3-Bedrooms-2-Bathrooms-USD2-225/ HTTP/1.1" 200 43139 "-" "Mozilla/5.0 AppleWebKit/537.36 (KHTML, like Gecko; compatible; ClaudeBot/1.0; +claudebot@anthropic.com)"
217.113.194.15 - - [04/Jul/2026:13:16:53 +0000] "GET /properties/130347-Residential-Springtown-Texas-76082-3-Bedrooms-2-Bathrooms-USD379-900/ HTTP/1.1" 200 41969 "-" "Mozilla/5.0 (compatible; Barkrowler/0.9; +https://babbar.tech/crawler)"
217.113.194.206 - - [04/Jul/2026:13:17:08 +0000] "GET /properties/222203-Residential-Plano-Texas-75024-3-Bedrooms-2-Bathrooms-USD524-990/ HTTP/1.1" 200 44060 "-" "Mozilla/5.0 (compatible; Barkrowler/0.9; +https://babbar.tech/crawler)"
217.113.194.204 - - [04/Jul/2026:13:17:24 +0000] "GET /properties/158419-Residential-Alvarado-Texas-76009-1-Bedroom-1-Bathroom-USD185-000/ HTTP/1.1" 200 39737 "-" "Mozilla/5.0 (compatible; Barkrowler/0.9; +https://babbar.tech/crawler)"
95.153.118.119 - - [04/Jul/2026:13:17:37 +0000] "GET /properties/218725-Residential-Income-Shreveport-Louisiana-71101-4-Bedrooms-2-Bathrooms-USD187-000/ HTTP/1.1" 200 44691 "-" "Mozilla/5.0 (Windows NT 6.1; Win64; x64) AppleWebKit/537.36 (KHTML, like Gecko) Chrome/84.0.4147.125 Safari/537.36"
217.113.194.205 - - [04/Jul/2026:13:17:40 +0000] "GET /properties/159822-Residential-Dallas-Texas-75204-3-Bedrooms-2-Bathrooms-USD796-000/ HTTP/1.1" 200 39969 "-" "Mozilla/5.0 (compatible; Barkrowler/0.9; +https://babbar.tech/crawler)"
171.236.192.15 - - [04/Jul/2026:13:17:50 +0000] "GET /properties/features/pdf/?pid=63948 HTTP/1.1" 200 11188 "-" "Mozilla/5.0 (Macintosh; Intel Mac OS X 10_15_0) AppleWebKit/537.36 (KHTML, like Gecko) Chrome/80.0.3987.122 Safari/537.36"
216.73.216.240 - - [04/Jul/2026:13:17:50 +0000] "GET /properties/207757-Residential-Lease-Abilene-Texas-79606-3-Bedrooms-2-Bathrooms-USD2-195/ HTTP/1.1" 200 40776 "-" "Mozilla/5.0 AppleWebKit/537.36 (KHTML, like Gecko; compatible; ClaudeBot/1.0; +claudebot@anthropic.com)"
216.73.216.240 - - [04/Jul/2026:13:17:50 +0000] "GET /properties/?wplpage=249 HTTP/1.1" 200 40242 "-" "Mozilla/5.0 AppleWebKit/537.36 (KHTML, like Gecko; compatible; ClaudeBot/1.0; +claudebot@anthropic.com)"
217.113.194.205 - - [04/Jul/2026:13:17:56 +0000] "GET /properties/208145-Residential-Prosper-Texas-75078-4-Bedrooms-3-Bathrooms-USD975-000/ HTTP/1.1" 200 43487 "-" "Mozilla/5.0 (compatible; Barkrowler/0.9; +https://babbar.tech/crawler)"
216.73.216.240 - - [04/Jul/2026:13:18:04 +0000] "GET /properties/207737-Residential-Lease-Richardson-Texas-75080-2-Bedrooms-2-Bathrooms-USD1-850/ HTTP/1.1" 200 41886 "-" "Mozilla/5.0 AppleWebKit/537.36 (KHTML, like Gecko; compatible; ClaudeBot/1.0; +claudebot@anthropic.com)"
216.73.216.240 - - [04/Jul/2026:13:18:04 +0000] "GET /properties/207697-Residential-Lease-Lewisville-Texas-75057-3-Bedrooms-3-Bathrooms-USD2-500/ HTTP/1.1" 200 42075 "-" "Mozilla/5.0 AppleWebKit/537.36 (KHTML, like Gecko; compatible; ClaudeBot/1.0; +claudebot@anthropic.com)"
216.73.216.240 - - [04/Jul/2026:13:18:04 +0000] "GET /properties/207690-Residential-Lease-Arlington-Texas-76013-3-Bedrooms-2-Bathrooms-USD2-350/ HTTP/1.1" 200 41336 "-" "Mozilla/5.0 AppleWebKit/537.36 (KHTML, like Gecko; compatible; ClaudeBot/1.0; +claudebot@anthropic.com)"
217.113.194.205 - - [04/Jul/2026:13:18:12 +0000] "GET /properties/224027-Residential-Leonard-Texas-75452-4-Bedrooms-2-Bathrooms-USD525-000/ HTTP/1.1" 200 43897 "-" "Mozilla/5.0 (compatible; Barkrowler/0.9; +https://babbar.tech/crawler)"
216.73.216.240 - - [04/Jul/2026:13:18:20 +0000] "GET /properties/207691-Residential-Lease-Fort-Worth-Texas-76179-4-Bedrooms-2-Bathrooms-USD2-295/ HTTP/1.1" 200 43322 "-" "Mozilla/5.0 AppleWebKit/537.36 (KHTML, like Gecko; compatible; ClaudeBot/1.0; +claudebot@anthropic.com)"
217.113.194.18 - - [04/Jul/2026:13:18:28 +0000] "GET /properties/217266-Residential-Prosper-Texas-75078-4-Bedrooms-3-Bathrooms-USD825-000/ HTTP/1.1" 200 43937 "-" "Mozilla/5.0 (compatible; Barkrowler/0.9; +https://babbar.tech/crawler)"
216.73.216.240 - - [04/Jul/2026:13:18:39 +0000] "GET /properties/207733-Residential-Lease-Waxahachie-Texas-75165-1-Bedroom-1-Bathroom-USD1-295/ HTTP/1.1" 200 41551 "-" "Mozilla/5.0 AppleWebKit/537.36 (KHTML, like Gecko; compatible; ClaudeBot/1.0; +claudebot@anthropic.com)"
217.113.194.17 - - [04/Jul/2026:13:18:44 +0000] "GET /properties/136155-Residential-Springtown-Texas-76082-3-Bedrooms-2-Bathrooms-USD570-000/ HTTP/1.1" 200 44071 "-" "Mozilla/5.0 (compatible; Barkrowler/0.9; +https://babbar.tech/crawler)"
217.113.194.21 - - [04/Jul/2026:13:18:59 +0000] "GET /properties/154374-Residential-Weatherford-Texas-76085-2-Bedrooms-2-Bathrooms-USD339-500/ HTTP/1.1" 200 42133 "-" "Mozilla/5.0 (compatible; Barkrowler/0.9; +https://babbar.tech/crawler)"
217.113.194.206 - - [04/Jul/2026:13:19:15 +0000] "GET /properties/154373-Residential-Weatherford-Texas-76085-2-Bedrooms-2-Bathrooms-USD339-500/ HTTP/1.1" 200 42061 "-" "Mozilla/5.0 (compatible; Barkrowler/0.9; +https://babbar.tech/crawler)"
216.73.216.240 - - [04/Jul/2026:13:19:22 +0000] "GET /?wplpage=297 HTTP/1.1" 200 50295 "-" "Mozilla/5.0 AppleWebKit/537.36 (KHTML, like Gecko; compatible; ClaudeBot/1.0; +claudebot@anthropic.com)"
217.113.194.16 - - [04/Jul/2026:13:19:31 +0000] "GET /properties/184440-Residential-Plano-Texas-75075-3-Bedrooms-2-Bathrooms-USD475-000/ HTTP/1.1" 200 43119 "-" "Mozilla/5.0 (compatible; Barkrowler/0.9; +https://babbar.tech/crawler)"
179.60.74.82 - - [04/Jul/2026:13:19:32 +0000] "GET /properties/88257-Residential-Melissa-Texas-75454-5-Bedrooms-3-Bathrooms-USD629-587/ HTTP/1.1" 200 47260 "-" "Mozilla/5.0 (Windows NT 6.1; WOW64) AppleWebKit/537.36 (KHTML, like Gecko) Chrome/95.0.4638.69 Safari/537.36"
216.73.216.240 - - [04/Jul/2026:13:19:45 +0000] "GET /properties/207717-Residential-Lease-Dallas-Texas-75248-1-Bedroom-1-Bathroom-USD2-000/ HTTP/1.1" 200 40816 "-" "Mozilla/5.0 AppleWebKit/537.36 (KHTML, like Gecko; compatible; ClaudeBot/1.0; +claudebot@anthropic.com)"
217.113.194.17 - - [04/Jul/2026:13:19:47 +0000] "GET /properties/169742-Residential-Prosper-Texas-75078-4-Bedrooms-4-Bathrooms-USD885-501/ HTTP/1.1" 200 43159 "-" "Mozilla/5.0 (compatible; Barkrowler/0.9; +https://babbar.tech/crawler)"
