110.249.201.221 - - [04/Jul/2026:09:26:52 +0000] "GET /properties/150684-Land-De-Leon-Texas-76435-USD398-000/ HTTP/1.1" 200 41373 "-" "Mozilla/5.0 (Linux; Android 5.0) AppleWebKit/537.36 (KHTML, like Gecko) Mobile Safari/537.36 (compatible; Bytespider; https://zhanzhang.toutiao.com/)"
182.190.193.199 - - [04/Jul/2026:09:26:53 +0000] "GET /properties/features/pdf/?pid=224203 HTTP/1.1" 200 10941 "-" "Mozilla/5.0 (Macintosh; Intel Mac OS X 10_13_4) AppleWebKit/537.36 (KHTML, like Gecko) Chrome/65.0.3325.19 Safari/537.36"
110.249.201.221 - - [04/Jul/2026:09:26:53 +0000] "GET /wp-content/boost-cache/static/86c0e3be2d.min.css HTTP/1.1" 200 5506 "https://www.agenttango.com/properties/150684-Land-De-Leon-Texas-76435-USD398-000/" "Mozilla/5.0 (Linux; Android 5.0) AppleWebKit/537.36 (KHTML, like Gecko) Mobile Safari/537.36 (compatible; Bytespider; https://zhanzhang.toutiao.com/)"
110.249.201.221 - - [04/Jul/2026:09:26:54 +0000] "GET /wp-content/boost-cache/static/aadc607410.min.js HTTP/1.1" 200 5512 "https://www.agenttango.com/properties/150684-Land-De-Leon-Texas-76435-USD398-000/" "Mozilla/5.0 (Linux; Android 5.0) AppleWebKit/537.36 (KHTML, like Gecko) Mobile Safari/537.36 (compatible; Bytespider; https://zhanzhang.toutiao.com/)"
110.249.201.221 - - [04/Jul/2026:09:26:54 +0000] "GET /wp-content/plugins/real-estate-listing-realtyna-wpl-pro/assets/js/js_inline.html HTTP/1.1" 200 5539 "https://www.agenttango.com/properties/150684-Land-De-Leon-Texas-76435-USD398-000/" "Mozilla/5.0 (Linux; Android 5.0) AppleWebKit/537.36 (KHTML, like Gecko) Mobile Safari/537.36 (compatible; Bytespider; https://zhanzhang.toutiao.com/)"
110.249.201.221 - - [04/Jul/2026:09:26:55 +0000] "POST /properties/150684-Land-De-Leon-Texas-76435-USD398-000/ HTTP/1.1" 200 5602 "https://www.agenttango.com/properties/150684-Land-De-Leon-Texas-76435-USD398-000/" "Mozilla/5.0 (Linux; Android 5.0) AppleWebKit/537.36 (KHTML, like Gecko) Mobile Safari/537.36 (compatible; Bytespider; https://zhanzhang.toutiao.com/)"
110.249.201.221 - - [04/Jul/2026:09:26:56 +0000] "GET /wp-content/plugins/real-estate-listing-realtyna-wpl-pro/assets/styles/be/img/bg_panel.png HTTP/1.1" 200 5548 "https://www.agenttango.com/wp-content/boost-cache/static/4fbd676449.min.css" "Mozilla/5.0 (Linux; Android 5.0) AppleWebKit/537.36 (KHTML, like Gecko) Mobile Safari/537.36 (compatible; Bytespider; https://zhanzhang.toutiao.com/)"
103.103.35.208 - - [04/Jul/2026:09:27:02 +0000] "GET /properties/198702-Residential-Prosper-Texas-75078-4-Bedrooms-4-Bathrooms-USD1-185-000/ HTTP/1.1" 200 46019 "-" "Mozilla/5.0 (Windows NT 5.1) AppleWebKit/537.36 (KHTML, like Gecko) Chrome/35.0.3319.102 Safari/537.36"
216.73.216.240 - - [04/Jul/2026:09:27:06 +0000] "GET /properties/features/pdf/?pid=91417 HTTP/1.1" 200 10869 "-" "Mozilla/5.0 AppleWebKit/537.36 (KHTML, like Gecko; compatible; ClaudeBot/1.0; +claudebot@anthropic.com)"
216.73.216.240 - - [04/Jul/2026:09:27:06 +0000] "GET /properties/features/pdf/?pid=90923 HTTP/1.1" 200 10870 "-" "Mozilla/5.0 AppleWebKit/537.36 (KHTML, like Gecko; compatible; ClaudeBot/1.0; +claudebot@anthropic.com)"
216.73.216.240 - - [04/Jul/2026:09:27:29 +0000] "GET /properties/features/pdf/?pid=92925 HTTP/1.1" 200 10897 "-" "Mozilla/5.0 AppleWebKit/537.36 (KHTML, like Gecko; compatible; ClaudeBot/1.0; +claudebot@anthropic.com)"
216.73.216.240 - - [04/Jul/2026:09:27:29 +0000] "GET /properties/features/pdf/?pid=93162 HTTP/1.1" 200 10894 "-" "Mozilla/5.0 AppleWebKit/537.36 (KHTML, like Gecko; compatible; ClaudeBot/1.0; +claudebot@anthropic.com)"
216.73.216.240 - - [04/Jul/2026:09:29:02 +0000] "GET /properties/features/pdf/?pid=91389 HTTP/1.1" 200 10913 "-" "Mozilla/5.0 AppleWebKit/537.36 (KHTML, like Gecko; compatible; ClaudeBot/1.0; +claudebot@anthropic.com)"
190.13.119.21 - - [04/Jul/2026:09:29:20 +0000] "GET /properties/223573-Residential-Income-Arlington-Texas-76015-4-Bedrooms-2-Bathrooms-USD430-000/ HTTP/1.1" 200 46097 "-" "Mozilla/5.0 (Windows NT 5.1; WOW64) AppleWebKit/537.36 (KHTML, like Gecko) Chrome/75.0.3770.100 ADG/11.0.2566 AOLBUILD/11.0.2566 Safari/537.36"
216.73.216.240 - - [04/Jul/2026:09:29:32 +0000] "GET /properties/features/pdf/?pid=156478 HTTP/1.1" 200 10783 "-" "Mozilla/5.0 AppleWebKit/537.36 (KHTML, like Gecko; compatible; ClaudeBot/1.0; +claudebot@anthropic.com)"
216.73.216.240 - - [04/Jul/2026:09:29:34 +0000] "GET /properties/213179-Residential-Reno-Texas-76020-3-Bedrooms-2-Bathrooms-USD189-999/ HTTP/1.1" 200 42872 "-" "Mozilla/5.0 AppleWebKit/537.36 (KHTML, like Gecko; compatible; ClaudeBot/1.0; +claudebot@anthropic.com)"
216.73.216.240 - - [04/Jul/2026:09:29:32 +0000] "GET /dfw/parker-homes-for-sale/?wplpage=85 HTTP/1.1" 200 43023 "-" "Mozilla/5.0 AppleWebKit/537.36 (KHTML, like Gecko; compatible; ClaudeBot/1.0; +claudebot@anthropic.com)"
216.73.216.240 - - [04/Jul/2026:09:29:35 +0000] "GET /dfw/parker-homes-for-sale/?wplpage=14 HTTP/1.1" 200 42295 "-" "Mozilla/5.0 AppleWebKit/537.36 (KHTML, like Gecko; compatible; ClaudeBot/1.0; +claudebot@anthropic.com)"
216.73.216.240 - - [04/Jul/2026:09:29:48 +0000] "GET /properties/218995-Residential-Weatherford-Texas-76088-3-Bedrooms-2-Bathrooms-USD465-900/ HTTP/1.1" 200 43828 "-" "Mozilla/5.0 AppleWebKit/537.36 (KHTML, like Gecko; compatible; ClaudeBot/1.0; +claudebot@anthropic.com)"
216.73.216.240 - - [04/Jul/2026:09:29:48 +0000] "GET /properties/157196-Residential-Springtown-Texas-76082-4-Bedrooms-2-Bathrooms-USD525-000/ HTTP/1.1" 200 43549 "-" "Mozilla/5.0 AppleWebKit/537.36 (KHTML, like Gecko; compatible; ClaudeBot/1.0; +claudebot@anthropic.com)"
216.73.216.240 - - [04/Jul/2026:09:30:08 +0000] "GET /properties/135085-Residential-Weatherford-Texas-76088-4-Bedrooms-3-Bathrooms-USD619-000/ HTTP/1.1" 200 43845 "-" "Mozilla/5.0 AppleWebKit/537.36 (KHTML, like Gecko; compatible; ClaudeBot/1.0; +claudebot@anthropic.com)"
216.73.216.240 - - [04/Jul/2026:09:30:09 +0000] "GET /properties/157203-Residential-Weatherford-Texas-76088-4-Bedrooms-3-Bathrooms-USD799-000/ HTTP/1.1" 200 43297 "-" "Mozilla/5.0 AppleWebKit/537.36 (KHTML, like Gecko; compatible; ClaudeBot/1.0; +claudebot@anthropic.com)"
14.248.97.74 - - [04/Jul/2026:09:30:14 +0000] "GET /properties/193215-Residential-Prosper-Texas-75078-5-Bedrooms-3-Bathrooms-USD625-000/ HTTP/1.1" 200 46978 "-" "Mozilla/5.0 (Macintosh; Intel Mac OS X 10_10) AppleWebKit/537.36 (KHTML, like Gecko) Chrome/93.0.4612.206 Safari/537.36"
216.73.216.240 - - [04/Jul/2026:09:30:18 +0000] "GET /properties/221815-Residential-Weatherford-Texas-76086-2-Bedrooms-3-Bathrooms-USD475-000/ HTTP/1.1" 200 43975 "-" "Mozilla/5.0 AppleWebKit/537.36 (KHTML, like Gecko; compatible; ClaudeBot/1.0; +claudebot@anthropic.com)"
216.73.216.240 - - [04/Jul/2026:09:30:19 +0000] "GET /properties/214434-Residential-Weatherford-Texas-76085-4-Bedrooms-2-Bathrooms-USD525-000/ HTTP/1.1" 200 42762 "-" "Mozilla/5.0 AppleWebKit/537.36 (KHTML, like Gecko; compatible; ClaudeBot/1.0; +claudebot@anthropic.com)"
52.5.142.182 - - [04/Jul/2026:09:30:29 +0000] "GET /?rets_import_cron_job=1&time=1783157428 HTTP/1.1" 200 5425 "-" "Wget/1.14 (linux-gnu)"
52.5.142.182 - - [04/Jul/2026:09:30:29 +0000] "GET /?rets_purge_cron_job=1&time=1783157428 HTTP/1.1" 200 5425 "-" "Wget/1.14 (linux-gnu)"
90.128.55.171 - - [04/Jul/2026:09:30:48 +0000] "GET /properties/features/pdf/?pid=221774 HTTP/1.1" 200 11101 "-" "Mozilla/5.0 (Macintosh; Intel Mac OS X 10_11_1) AppleWebKit/537.36 (KHTML, like Gecko) Chrome/89.0.4389.114 Safari/537.36"
14.227.34.202 - - [04/Jul/2026:09:30:50 +0000] "GET /properties/features/pdf/?pid=224694 HTTP/1.1" 200 11172 "-" "Mozilla/5.0 (Windows NT 6.1) AppleWebKit/537.36 (KHTML, like Gecko) Chrome/87.0.4280.107 Safari/537.36"
216.73.216.240 - - [04/Jul/2026:09:30:54 +0000] "GET /properties/215586-Residential-Fort-Worth-Texas-76108-3-Bedrooms-2-Bathrooms-USD355-000/ HTTP/1.1" 200 42125 "-" "Mozilla/5.0 AppleWebKit/537.36 (KHTML, like Gecko; compatible; ClaudeBot/1.0; +claudebot@anthropic.com)"
216.73.216.240 - - [04/Jul/2026:09:30:54 +0000] "GET /properties/220507-Residential-Weatherford-Texas-76087-3-Bedrooms-2-Bathrooms-USD309-500/ HTTP/1.1" 200 43192 "-" "Mozilla/5.0 AppleWebKit/537.36 (KHTML, like Gecko; compatible; ClaudeBot/1.0; +claudebot@anthropic.com)"
54.39.0.191 - - [04/Jul/2026:09:30:59 +0000] "GET /sitemap_index.xml HTTP/1.1" 200 6046 "-" "Mozilla/5.0 (compatible; AhrefsBot/7.0; +http://ahrefs.com/robot/)"
216.73.216.240 - - [04/Jul/2026:09:31:03 +0000] "GET /properties/214198-Residential-Aledo-Texas-76008-3-Bedrooms-2-Bathrooms-USD455-000/ HTTP/1.1" 200 42127 "-" "Mozilla/5.0 AppleWebKit/537.36 (KHTML, like Gecko; compatible; ClaudeBot/1.0; +claudebot@anthropic.com)"
216.73.216.240 - - [04/Jul/2026:09:31:03 +0000] "GET /properties/217405-Residential-Weatherford-Texas-76085-3-Bedrooms-2-Bathrooms-USD365-000/ HTTP/1.1" 200 42647 "-" "Mozilla/5.0 AppleWebKit/537.36 (KHTML, like Gecko; compatible; ClaudeBot/1.0; +claudebot@anthropic.com)"
216.73.216.240 - - [04/Jul/2026:09:31:04 +0000] "GET /properties/214198-Residential-Aledo-Texas-76008-3-Bedrooms-2-Bathrooms-USD455-000/ HTTP/1.1" 200 42069 "-" "Mozilla/5.0 AppleWebKit/537.36 (KHTML, like Gecko; compatible; ClaudeBot/1.0; +claudebot@anthropic.com)"
148.113.130.110 - - [04/Jul/2026:09:31:04 +0000] "GET /post-sitemap.xml HTTP/1.1" 200 7279 "-" "Mozilla/5.0 (compatible; AhrefsBot/7.0; +http://ahrefs.com/robot/)"
142.44.220.207 - - [04/Jul/2026:09:31:06 +0000] "GET /page-sitemap.xml HTTP/1.1" 200 7156 "-" "Mozilla/5.0 (compatible; AhrefsBot/7.0; +http://ahrefs.com/robot/)"
54.39.0.237 - - [04/Jul/2026:09:31:07 +0000] "GET /portfolio-sitemap.xml HTTP/1.1" 200 6194 "-" "Mozilla/5.0 (compatible; AhrefsBot/7.0; +http://ahrefs.com/robot/)"
142.44.228.22 - - [04/Jul/2026:09:31:09 +0000] "GET /category-sitemap.xml HTTP/1.1" 200 6087 "-" "Mozilla/5.0 (compatible; AhrefsBot/7.0; +http://ahrefs.com/robot/)"
51.222.168.18 - - [04/Jul/2026:09:31:10 +0000] "GET /portfolio-types-sitemap.xml HTTP/1.1" 200 6049 "-" "Mozilla/5.0 (compatible; AhrefsBot/7.0; +http://ahrefs.com/robot/)"
142.44.233.242 - - [04/Jul/2026:09:31:12 +0000] "GET /author-sitemap.xml HTTP/1.1" 200 6044 "-" "Mozilla/5.0 (compatible; AhrefsBot/7.0; +http://ahrefs.com/robot/)"
216.73.216.240 - - [04/Jul/2026:09:31:17 +0000] "GET /properties/159005-Residential-Poolville-Texas-76088-2-Bedrooms-1-Bathroom-USD275-000/ HTTP/1.1" 200 41827 "-" "Mozilla/5.0 AppleWebKit/537.36 (KHTML, like Gecko; compatible; ClaudeBot/1.0; +claudebot@anthropic.com)"
216.73.216.240 - - [04/Jul/2026:09:31:17 +0000] "GET /properties/223818-Residential-Weatherford-Texas-76085-3-Bedrooms-2-Bathrooms-USD1-149-000/ HTTP/1.1" 200 43705 "-" "Mozilla/5.0 AppleWebKit/537.36 (KHTML, like Gecko; compatible; ClaudeBot/1.0; +claudebot@anthropic.com)"
84.54.84.78 - - [04/Jul/2026:09:31:30 +0000] "GET /properties/177366-Residential-Richardson-Texas-75080-3-Bedrooms-2-Bathrooms-USD479-000/ HTTP/1.1" 200 45953 "-" "Mozilla/5.0 (Windows NT 6.1) AppleWebKit/537.36 (KHTML, like Gecko) Chrome/75.0.3770.100 ADG/11.0.2510 AOLBUILD/11.0.2510 Safari/537.36"
216.73.216.240 - - [04/Jul/2026:09:31:35 +0000] "GET /properties/103803-Residential-Weatherford-Texas-76087-4-Bedrooms-3-Bathrooms-USD674-000/ HTTP/1.1" 200 43532 "-" "Mozilla/5.0 AppleWebKit/537.36 (KHTML, like Gecko; compatible; ClaudeBot/1.0; +claudebot@anthropic.com)"
216.73.216.240 - - [04/Jul/2026:09:31:35 +0000] "GET /properties/123569-Residential-Weatherford-Texas-76085-4-Bedrooms-2-Bathrooms-USD469-000/ HTTP/1.1" 200 43448 "-" "Mozilla/5.0 AppleWebKit/537.36 (KHTML, like Gecko; compatible; ClaudeBot/1.0; +claudebot@anthropic.com)"
216.73.216.240 - - [04/Jul/2026:09:31:42 +0000] "GET /properties/103804-Residential-Weatherford-Texas-76087-4-Bedrooms-3-Bathrooms-USD1-825-000/ HTTP/1.1" 200 43549 "-" "Mozilla/5.0 AppleWebKit/537.36 (KHTML, like Gecko; compatible; ClaudeBot/1.0; +claudebot@anthropic.com)"
216.73.216.240 - - [04/Jul/2026:09:31:42 +0000] "GET /properties/156819-Residential-Weatherford-Texas-76088-4-Bedrooms-3-Bathrooms-USD1-750-000/ HTTP/1.1" 200 43613 "-" "Mozilla/5.0 AppleWebKit/537.36 (KHTML, like Gecko; compatible; ClaudeBot/1.0; +claudebot@anthropic.com)"
216.73.216.240 - - [04/Jul/2026:09:32:06 +0000] "GET /properties/218820-Residential-Aledo-Texas-76008-5-Bedrooms-3-Bathrooms-USD1-150-000/ HTTP/1.1" 200 44300 "-" "Mozilla/5.0 AppleWebKit/537.36 (KHTML, like Gecko; compatible; ClaudeBot/1.0; +claudebot@anthropic.com)"
39.48.116.158 - - [04/Jul/2026:09:32:13 +0000] "GET /properties/219135-Residential-Income-Burleson-Texas-76028-5-Bedrooms-4-Bathrooms-USD410-000/ HTTP/1.1" 200 45315 "-" "Mozilla/5.0 (Windows NT 5.1) AppleWebKit/537.36 (KHTML, like Gecko) Chrome/31.0.1650.16 Safari/537.36"
216.73.216.240 - - [04/Jul/2026:09:32:19 +0000] "GET /properties/221464-Residential-St-Paul-Texas-75098-5-Bedrooms-3-Bathrooms-USD825-000/ HTTP/1.1" 200 41624 "-" "Mozilla/5.0 AppleWebKit/537.36 (KHTML, like Gecko; compatible; ClaudeBot/1.0; +claudebot@anthropic.com)"
216.73.216.240 - - [04/Jul/2026:09:32:20 +0000] "GET /properties/157702-Residential-Aledo-Texas-76008-4-Bedrooms-2-Bathrooms-USD530-000/ HTTP/1.1" 200 41677 "-" "Mozilla/5.0 AppleWebKit/537.36 (KHTML, like Gecko; compatible; ClaudeBot/1.0; +claudebot@anthropic.com)"
216.73.216.240 - - [04/Jul/2026:09:32:36 +0000] "GET /properties/214433-Residential-Willow-Park-Texas-76087-5-Bedrooms-3-Bathrooms-USD869-000/ HTTP/1.1" 200 43786 "-" "Mozilla/5.0 AppleWebKit/537.36 (KHTML, like Gecko; compatible; ClaudeBot/1.0; +claudebot@anthropic.com)"
8.228.90.43 - - [04/Jul/2026:09:32:38 +0000] "GET / HTTP/1.1" 200 106589 "-" "Mozilla/5.0 (Windows NT 10.0; Win64; x64; rv:89.0) Gecko/20100101 Firefox/89.0"
216.73.216.240 - - [04/Jul/2026:09:33:02 +0000] "GET /properties/121691-Residential-Aledo-Texas-76008-3-Bedrooms-2-Bathrooms-USD640-750/ HTTP/1.1" 200 43118 "-" "Mozilla/5.0 AppleWebKit/537.36 (KHTML, like Gecko; compatible; ClaudeBot/1.0; +claudebot@anthropic.com)"
216.73.216.240 - - [04/Jul/2026:09:33:09 +0000] "GET /properties/216779-Residential-Parker-Texas-75002-6-Bedrooms-5-Bathrooms-USD1-690-000/ HTTP/1.1" 200 44305 "-" "Mozilla/5.0 AppleWebKit/537.36 (KHTML, like Gecko; compatible; ClaudeBot/1.0; +claudebot@anthropic.com)"
116.179.32.131 - - [04/Jul/2026:09:33:17 +0000] "GET /?p=15736 HTTP/1.1" 301 5692 "-" "Mozilla/5.0 (compatible; Baiduspider/2.0; +http://www.baidu.com/search/spider.html)"
116.179.32.149 - - [04/Jul/2026:09:33:18 +0000] "GET /affordable-housing/ HTTP/1.1" 200 84437 "-" "Mozilla/5.0 (compatible; Baiduspider/2.0; +http://www.baidu.com/search/spider.html)"
116.179.37.177 - - [04/Jul/2026:09:33:23 +0000] "GET /wp-content/plugins/wp-rocket/assets/js/lazyload/17.8.3/lazyload.min.js HTTP/1.1" 200 5535 "https://www.agenttango.com/affordable-housing/" "Mozilla/5.0 (compatible; Baiduspider-render/2.0; +http://www.baidu.com/search/spider.html)"
216.73.216.240 - - [04/Jul/2026:09:33:23 +0000] "GET /properties/157179-Residential-Mineral-Wells-Texas-76067-12-Bedrooms-2-Bathrooms-USD350-000/ HTTP/1.1" 200 42426 "-" "Mozilla/5.0 AppleWebKit/537.36 (KHTML, like Gecko; compatible; ClaudeBot/1.0; +claudebot@anthropic.com)"
216.73.216.240 - - [04/Jul/2026:09:33:39 +0000] "GET /wp-content/uploads/WPL/qrcode/qr_265f817adcab16f119c8a8b55ec9c0b1.png HTTP/1.1" 200 6033 "-" "Mozilla/5.0 AppleWebKit/537.36 (KHTML, like Gecko; compatible; ClaudeBot/1.0; +claudebot@anthropic.com)"
216.73.216.240 - - [04/Jul/2026:09:33:39 +0000] "GET /wp-content/uploads/WPL/qrcode/qr_e77d83a7cf03db5c718b914fc0c2486a.png HTTP/1.1" 200 6026 "-" "Mozilla/5.0 AppleWebKit/537.36 (KHTML, like Gecko; compatible; ClaudeBot/1.0; +claudebot@anthropic.com)"
92.253.192.244 - - [04/Jul/2026:09:33:48 +0000] "GET /DFW/prosper-homes-for-sale/?wplpage=4 HTTP/1.1" 200 45550 "-" "Mozilla/5.0 (Windows NT 6.1) AppleWebKit/537.36 (KHTML, like Gecko) Chrome/28.0.1468.0 Safari/537.36"
66.249.79.195 - - [04/Jul/2026:09:34:11 +0000] "GET /properties/features/pdf/?pid=216498 HTTP/1.1" 200 10905 "-" "Mozilla/5.0 (Linux; Android 6.0.1; Nexus 5X Build/MMB29P) AppleWebKit/537.36 (KHTML, like Gecko) Chrome/150.0.7871.46 Mobile Safari/537.36 (compatible; GoogleOther)"
216.73.216.240 - - [04/Jul/2026:09:34:11 +0000] "GET /wp-content/uploads/WPL/qrcode/qr_73ed45d4def3f65069f37027def4d549.png HTTP/1.1" 200 6030 "-" "Mozilla/5.0 AppleWebKit/537.36 (KHTML, like Gecko; compatible; ClaudeBot/1.0; +claudebot@anthropic.com)"
216.73.216.240 - - [04/Jul/2026:09:34:11 +0000] "GET /wp-content/uploads/WPL/qrcode/qr_d6f1ab68ba60f200ba047698a9d6363e.png HTTP/1.1" 200 6037 "-" "Mozilla/5.0 AppleWebKit/537.36 (KHTML, like Gecko; compatible; ClaudeBot/1.0; +claudebot@anthropic.com)"
216.73.216.240 - - [04/Jul/2026:09:34:16 +0000] "GET /sitemap_index.xml HTTP/1.1" 200 6046 "-" "Mozilla/5.0 AppleWebKit/537.36 (KHTML, like Gecko; compatible; ClaudeBot/1.0; +claudebot@anthropic.com)"
216.73.216.240 - - [04/Jul/2026:09:34:16 +0000] "GET /properties/features/pdf/?pid=136180 HTTP/1.1" 200 11057 "-" "Mozilla/5.0 AppleWebKit/537.36 (KHTML, like Gecko; compatible; ClaudeBot/1.0; +claudebot@anthropic.com)"
216.73.216.240 - - [04/Jul/2026:09:34:51 +0000] "GET /properties/features/pdf/?pid=220341 HTTP/1.1" 200 11124 "-" "Mozilla/5.0 AppleWebKit/537.36 (KHTML, like Gecko; compatible; ClaudeBot/1.0; +claudebot@anthropic.com)"
216.73.216.240 - - [04/Jul/2026:09:34:51 +0000] "GET /properties/features/pdf/?pid=101229 HTTP/1.1" 200 11096 "-" "Mozilla/5.0 AppleWebKit/537.36 (KHTML, like Gecko; compatible; ClaudeBot/1.0; +claudebot@anthropic.com)"
216.73.216.240 - - [04/Jul/2026:09:34:55 +0000] "GET /properties/features/pdf/?pid=215299 HTTP/1.1" 200 11206 "-" "Mozilla/5.0 AppleWebKit/537.36 (KHTML, like Gecko; compatible; ClaudeBot/1.0; +claudebot@anthropic.com)"
216.73.216.240 - - [04/Jul/2026:09:34:55 +0000] "GET /properties/features/pdf/?pid=213458 HTTP/1.1" 200 11054 "-" "Mozilla/5.0 AppleWebKit/537.36 (KHTML, like Gecko; compatible; ClaudeBot/1.0; +claudebot@anthropic.com)"
157.100.87.106 - - [04/Jul/2026:09:35:08 +0000] "GET /properties/214388-Residential-Melissa-Texas-75454-4-Bedrooms-3-Bathrooms-USD671-895/ HTTP/1.1" 200 46792 "-" "Mozilla/5.0 (Macintosh; Intel Mac OS X 11_2_1) AppleWebKit/537.36 (KHTML, like Gecko) Brave Chrome/87.0.4280.101 Safari/537.36"
95.202.13.76 - - [04/Jul/2026:09:35:20 +0000] "GET /properties/141644-Residential-Millsap-Texas-76066-5-Bedrooms-4-Bathrooms-USD2-750-000/ HTTP/1.1" 200 47278 "-" "Mozilla/5.0 (Windows NT 6.1) AppleWebKit/537.36 (KHTML, like Gecko) Chrome/68.0.3440.84 Safari/537.36"
216.73.216.240 - - [04/Jul/2026:09:35:27 +0000] "GET /properties/features/pdf/?pid=215161 HTTP/1.1" 200 11085 "-" "Mozilla/5.0 AppleWebKit/537.36 (KHTML, like Gecko; compatible; ClaudeBot/1.0; +claudebot@anthropic.com)"
216.73.216.240 - - [04/Jul/2026:09:35:28 +0000] "GET /properties/features/pdf/?pid=213727 HTTP/1.1" 200 10876 "-" "Mozilla/5.0 AppleWebKit/537.36 (KHTML, like Gecko; compatible; ClaudeBot/1.0; +claudebot@anthropic.com)"
52.5.142.182 - - [04/Jul/2026:09:35:32 +0000] "GET /?rets_import_cron_job=1&time=1783157732 HTTP/1.1" 200 5425 "-" "Wget/1.14 (linux-gnu)"
186.13.113.99 - - [04/Jul/2026:09:35:51 +0000] "GET /properties/195422-Residential-Prosper-Texas-75078-4-Bedrooms-3-Bathrooms-USD709-990/ HTTP/1.1" 200 47243 "-" "Mozilla/5.0 (Windows NT 6.1; Win64; x64) AppleWebKit/537.36 (KHTML, like Gecko) Chrome/78.0.3904.108 Safari/537.36"
119.73.119.209 - - [04/Jul/2026:09:35:53 +0000] "GET /properties/features/pdf/?pid=220257 HTTP/1.1" 200 10908 "-" "Mozilla/5.0 (Windows NT 6.1; WOW64) AppleWebKit/537.36 (KHTML, like Gecko) Chrome/94.0.4606.81 Safari/537.36"
216.73.216.240 - - [04/Jul/2026:09:35:55 +0000] "GET /properties/features/pdf/?pid=213708 HTTP/1.1" 200 10880 "-" "Mozilla/5.0 AppleWebKit/537.36 (KHTML, like Gecko; compatible; ClaudeBot/1.0; +claudebot@anthropic.com)"
59.103.122.15 - - [04/Jul/2026:09:36:04 +0000] "GET /properties/192599-Residential-Athens-Texas-75751-4-Bedrooms-2-Bathrooms-USD350-000/ HTTP/1.1" 200 43763 "-" "Mozilla/5.0 (Macintosh; Intel Mac OS X 10_12_6) AppleWebKit/537.36 (KHTML, like Gecko) Brave Chrome/86.0.4240.75 Safari/537.36"
216.73.216.240 - - [04/Jul/2026:09:36:06 +0000] "GET /properties/features/pdf/?pid=224474 HTTP/1.1" 200 11036 "-" "Mozilla/5.0 AppleWebKit/537.36 (KHTML, like Gecko; compatible; ClaudeBot/1.0; +claudebot@anthropic.com)"
216.73.216.240 - - [04/Jul/2026:09:36:14 +0000] "GET /properties/features/pdf/?pid=222723 HTTP/1.1" 200 10835 "-" "Mozilla/5.0 AppleWebKit/537.36 (KHTML, like Gecko; compatible; ClaudeBot/1.0; +claudebot@anthropic.com)"
188.64.207.219 - - [04/Jul/2026:09:36:20 +0000] "GET /properties/9512-Residential-Dallas-Texas-75219-3-Bedrooms-3-Bathrooms-USD1-950-000/ HTTP/1.1" 200 46755 "-" "Mozilla/5.0 (Windows NT 6.1) AppleWebKit/537.36 (KHTML, like Gecko) Chrome/74.0.3729.131 Safari/537.36"
216.73.216.240 - - [04/Jul/2026:09:36:25 +0000] "GET /properties/features/pdf/?pid=214787 HTTP/1.1" 200 11000 "-" "Mozilla/5.0 AppleWebKit/537.36 (KHTML, like Gecko; compatible; ClaudeBot/1.0; +claudebot@anthropic.com)"
103.229.86.213 - - [04/Jul/2026:09:36:26 +0000] "GET /properties/features/pdf/?pid=110228 HTTP/1.1" 200 11135 "-" "Mozilla/5.0 (Windows NT 10.0; Win64; x64) AppleWebKit/537.36 (KHTML, like Gecko) Chrome/84.0.4137.1 SputnikBrowser/5.6.6280.0 (GOST) Safari/537.36"
216.73.216.240 - - [04/Jul/2026:09:36:43 +0000] "GET /properties/features/pdf/?pid=138169 HTTP/1.1" 200 10982 "-" "Mozilla/5.0 AppleWebKit/537.36 (KHTML, like Gecko; compatible; ClaudeBot/1.0; +claudebot@anthropic.com)"
196.61.242.40 - - [04/Jul/2026:09:36:46 +0000] "GET /properties/220813-Residential-Income-Weston-Texas-75097-4-Bedrooms-3-Bathrooms-USD389-900/ HTTP/1.1" 200 46425 "-" "Mozilla/5.0 (Macintosh; Intel Mac OS X 11_1_0) AppleWebKit/537.36 (KHTML, like Gecko) Chrome/88.0.4324.96 Safari/537.36"
216.73.216.240 - - [04/Jul/2026:09:37:20 +0000] "GET /properties/features/pdf/?pid=114496 HTTP/1.1" 200 11102 "-" "Mozilla/5.0 AppleWebKit/537.36 (KHTML, like Gecko; compatible; ClaudeBot/1.0; +claudebot@anthropic.com)"
216.73.216.240 - - [04/Jul/2026:09:37:31 +0000] "GET /properties/features/pdf/?pid=223817 HTTP/1.1" 200 11146 "-" "Mozilla/5.0 AppleWebKit/537.36 (KHTML, like Gecko; compatible; ClaudeBot/1.0; +claudebot@anthropic.com)"
14.191.10.252 - - [04/Jul/2026:09:37:40 +0000] "GET /properties/221895-Residential-Plano-Texas-75093-4-Bedrooms-4-Bathrooms-USD1-150-000/ HTTP/1.1" 200 47038 "-" "Mozilla/5.0 (Windows NT 6.1) AppleWebKit/537.36 (KHTML, like Gecko) Chrome/28.0.1468.0 Safari/537.36"
37.237.164.62 - - [04/Jul/2026:09:37:43 +0000] "GET /properties/213186-Residential-Melissa-Texas-75454-3-Bedrooms-2-Bathrooms-USD468-149/ HTTP/1.1" 200 44461 "-" "Mozilla/5.0 (Macintosh; Intel Mac OS X 10_14_6) AppleWebKit/537.36 (KHTML, like Gecko) Brave Chrome/77.0.3865.90 Safari/537.36"
216.73.216.240 - - [04/Jul/2026:09:38:06 +0000] "GET /properties/features/pdf/?pid=156685 HTTP/1.1" 200 11067 "-" "Mozilla/5.0 AppleWebKit/537.36 (KHTML, like Gecko; compatible; ClaudeBot/1.0; +claudebot@anthropic.com)"
216.73.216.240 - - [04/Jul/2026:09:38:17 +0000] "GET /properties/features/pdf/?pid=214279 HTTP/1.1" 200 11036 "-" "Mozilla/5.0 AppleWebKit/537.36 (KHTML, like Gecko; compatible; ClaudeBot/1.0; +claudebot@anthropic.com)"
216.73.216.240 - - [04/Jul/2026:09:38:34 +0000] "GET /properties/features/pdf/?pid=156001 HTTP/1.1" 200 11043 "-" "Mozilla/5.0 AppleWebKit/537.36 (KHTML, like Gecko; compatible; ClaudeBot/1.0; +claudebot@anthropic.com)"
216.73.216.240 - - [04/Jul/2026:09:38:50 +0000] "GET /properties/features/pdf/?pid=175591 HTTP/1.1" 200 10953 "-" "Mozilla/5.0 AppleWebKit/537.36 (KHTML, like Gecko; compatible; ClaudeBot/1.0; +claudebot@anthropic.com)"
216.73.216.240 - - [04/Jul/2026:09:39:15 +0000] "GET /properties/features/pdf/?pid=216270 HTTP/1.1" 200 11073 "-" "Mozilla/5.0 AppleWebKit/537.36 (KHTML, like Gecko; compatible; ClaudeBot/1.0; +claudebot@anthropic.com)"
216.73.216.240 - - [04/Jul/2026:09:39:21 +0000] "GET /properties/features/pdf/?pid=111339 HTTP/1.1" 200 10949 "-" "Mozilla/5.0 AppleWebKit/537.36 (KHTML, like Gecko; compatible; ClaudeBot/1.0; +claudebot@anthropic.com)"
216.73.216.240 - - [04/Jul/2026:09:39:55 +0000] "GET /properties/features/pdf/?pid=203959 HTTP/1.1" 200 11212 "-" "Mozilla/5.0 AppleWebKit/537.36 (KHTML, like Gecko; compatible; ClaudeBot/1.0; +claudebot@anthropic.com)"
216.73.216.240 - - [04/Jul/2026:09:40:05 +0000] "GET /properties/features/pdf/?pid=139139 HTTP/1.1" 200 11027 "-" "Mozilla/5.0 AppleWebKit/537.36 (KHTML, like Gecko; compatible; ClaudeBot/1.0; +claudebot@anthropic.com)"
52.5.142.182 - - [04/Jul/2026:09:40:32 +0000] "GET /?rets_import_cron_job=1&time=1783158032 HTTP/1.1" 200 5425 "-" "Wget/1.14 (linux-gnu)"
216.73.216.240 - - [04/Jul/2026:09:40:36 +0000] "GET /properties/features/pdf/?pid=216530 HTTP/1.1" 200 11159 "-" "Mozilla/5.0 AppleWebKit/537.36 (KHTML, like Gecko; compatible; ClaudeBot/1.0; +claudebot@anthropic.com)"
200.95.200.173 - - [04/Jul/2026:09:40:37 +0000] "GET /properties/features/pdf/?pid=221604 HTTP/1.1" 200 10955 "-" "Mozilla/5.0 (Macintosh; Intel Mac OS X 10_15_7) AppleWebKit/537.36 (KHTML, like Gecko) Chrome/93.0.4577.63 Safari/537.36"
200.138.87.202 - - [04/Jul/2026:09:40:48 +0000] "GET /properties/features/pdf/?pid=144806 HTTP/1.1" 200 11062 "-" "Mozilla/5.0 (Macintosh; Intel Mac OS X 10_15_6) AppleWebKit/537.36 (KHTML, like Gecko) Brave Chrome/88.0.4324.152 Safari/537.36"
216.73.216.240 - - [04/Jul/2026:09:40:48 +0000] "GET /properties/features/pdf/?pid=126081 HTTP/1.1" 200 10940 "-" "Mozilla/5.0 AppleWebKit/537.36 (KHTML, like Gecko; compatible; ClaudeBot/1.0; +claudebot@anthropic.com)"
92.249.204.145 - - [04/Jul/2026:09:41:11 +0000] "HEAD / HTTP/1.1" 200 5803 "-" "python-requests/2.32.3"
66.249.79.194 - - [04/Jul/2026:09:42:06 +0000] "GET /properties/217855-Residential-Income-Dallas-Texas-75225-8-Bedrooms-8-Bathrooms-USD1-450-000/ HTTP/1.1" 200 41505 "-" "Mozilla/5.0 (Linux; Android 6.0.1; Nexus 5X Build/MMB29P) AppleWebKit/537.36 (KHTML, like Gecko) Chrome/150.0.7871.46 Mobile Safari/537.36 (compatible; Googlebot/2.1; +http://www.google.com/bot.html)"
198.71.59.75 - - [04/Jul/2026:09:42:07 +0000] "GET /firpta-real-estate-transactions-with-foreign-individuals/ HTTP/1.1" 200 82496 "-" "WP Rocket/Preload"
198.71.59.75 - - [04/Jul/2026:09:42:08 +0000] "GET /firpta-real-estate-transactions-with-foreign-individuals/ HTTP/1.1" 200 84011 "-" "WP Rocket/Preload Mozilla/5.0 (iPhone; CPU iPhone OS 9_1 like Mac OS X) AppleWebKit/601.1.46 (KHTML, like Gecko) Version/9.0 Mobile/13B143 Safari/601.1"
198.71.59.75 - - [04/Jul/2026:09:42:09 +0000] "GET /agents/ HTTP/1.1" 200 80554 "-" "WP Rocket/Preload"
198.71.59.75 - - [04/Jul/2026:09:42:10 +0000] "GET /agents/ HTTP/1.1" 200 80586 "-" "WP Rocket/Preload Mozilla/5.0 (iPhone; CPU iPhone OS 9_1 like Mac OS X) AppleWebKit/601.1.46 (KHTML, like Gecko) Version/9.0 Mobile/13B143 Safari/601.1"
198.71.59.75 - - [04/Jul/2026:09:42:11 +0000] "GET /category/investors/ HTTP/1.1" 200 79026 "-" "WP Rocket/Preload"
198.71.59.75 - - [04/Jul/2026:09:42:12 +0000] "GET /category/investors/ HTTP/1.1" 200 79106 "-" "WP Rocket/Preload Mozilla/5.0 (iPhone; CPU iPhone OS 9_1 like Mac OS X) AppleWebKit/601.1.46 (KHTML, like Gecko) Version/9.0 Mobile/13B143 Safari/601.1"
198.71.59.75 - - [04/Jul/2026:09:42:13 +0000] "GET /category/home-sellers/ HTTP/1.1" 200 79302 "-" "WP Rocket/Preload"
198.71.59.75 - - [04/Jul/2026:09:42:14 +0000] "GET /category/home-sellers/ HTTP/1.1" 200 78907 "-" "WP Rocket/Preload Mozilla/5.0 (iPhone; CPU iPhone OS 9_1 like Mac OS X) AppleWebKit/601.1.46 (KHTML, like Gecko) Version/9.0 Mobile/13B143 Safari/601.1"
198.71.59.75 - - [04/Jul/2026:09:42:15 +0000] "GET /category/dfw/ HTTP/1.1" 200 78088 "-" "WP Rocket/Preload"
198.71.59.75 - - [04/Jul/2026:09:42:16 +0000] "GET /category/dfw/ HTTP/1.1" 200 78706 "-" "WP Rocket/Preload Mozilla/5.0 (iPhone; CPU iPhone OS 9_1 like Mac OS X) AppleWebKit/601.1.46 (KHTML, like Gecko) Version/9.0 Mobile/13B143 Safari/601.1"
190.171.84.239 - - [04/Jul/2026:09:44:42 +0000] "GET /properties/178978-Residential-Melissa-Texas-75454-4-Bedrooms-3-Bathrooms-USD639-875/ HTTP/1.1" 200 47233 "-" "Mozilla/5.0 (Windows NT 10.0; Win64; x64) AppleWebKit/537.36 (KHTML, like Gecko) Chrome/81.0.4044.113 Safari/537.36"
52.5.142.182 - - [04/Jul/2026:09:45:28 +0000] "GET /?rets_import_cron_job=1&time=1783158328 HTTP/1.1" 200 5425 "-" "Wget/1.14 (linux-gnu)"
181.46.185.198 - - [04/Jul/2026:09:45:35 +0000] "GET /properties/215556-Residential-Richardson-Texas-75080-4-Bedrooms-3-Bathrooms-USD780-000/ HTTP/1.1" 200 45601 "-" "Mozilla/5.0 (Windows NT 10.0) AppleWebKit/537.36 (KHTML, like Gecko) Chrome/80.0.3987.132 Safari/537.36"
14.165.214.198 - - [04/Jul/2026:09:46:05 +0000] "GET /properties/13733-Residential-Pottsboro-Texas-75076-3-Bedrooms-2-Bathrooms-USD1-200-000/ HTTP/1.1" 200 47428 "-" "Mozilla/5.0 (Windows NT 6.3; Win64; x64) AppleWebKit/537.36 (KHTML, like Gecko) Chrome/74.0.3729.169 Safari/537.36"
198.71.59.75 - - [04/Jul/2026:09:46:06 +0000] "GET /category/economy/ HTTP/1.1" 200 77535 "-" "WP Rocket/Preload"
198.71.59.75 - - [04/Jul/2026:09:46:07 +0000] "GET /category/economy/ HTTP/1.1" 200 79464 "-" "WP Rocket/Preload Mozilla/5.0 (iPhone; CPU iPhone OS 9_1 like Mac OS X) AppleWebKit/601.1.46 (KHTML, like Gecko) Version/9.0 Mobile/13B143 Safari/601.1"
198.71.59.75 - - [04/Jul/2026:09:46:08 +0000] "GET /category/home-buyers/ HTTP/1.1" 200 79974 "-" "WP Rocket/Preload"
198.71.59.75 - - [04/Jul/2026:09:46:09 +0000] "GET /category/home-buyers/ HTTP/1.1" 200 80835 "-" "WP Rocket/Preload Mozilla/5.0 (iPhone; CPU iPhone OS 9_1 like Mac OS X) AppleWebKit/601.1.46 (KHTML, like Gecko) Version/9.0 Mobile/13B143 Safari/601.1"
198.71.59.75 - - [04/Jul/2026:09:46:10 +0000] "GET /home/about/ HTTP/1.1" 200 73246 "-" "WP Rocket/Preload"
198.71.59.75 - - [04/Jul/2026:09:46:11 +0000] "GET /home/about/ HTTP/1.1" 200 73875 "-" "WP Rocket/Preload Mozilla/5.0 (iPhone; CPU iPhone OS 9_1 like Mac OS X) AppleWebKit/601.1.46 (KHTML, like Gecko) Version/9.0 Mobile/13B143 Safari/601.1"
198.71.59.75 - - [04/Jul/2026:09:46:12 +0000] "GET /dscr-debt-service-to-coverage-ratio-loans-tick-tick-boom/ HTTP/1.1" 200 84858 "-" "WP Rocket/Preload"
198.71.59.75 - - [04/Jul/2026:09:46:13 +0000] "GET /dscr-debt-service-to-coverage-ratio-loans-tick-tick-boom/ HTTP/1.1" 200 83142 "-" "WP Rocket/Preload Mozilla/5.0 (iPhone; CPU iPhone OS 9_1 like Mac OS X) AppleWebKit/601.1.46 (KHTML, like Gecko) Version/9.0 Mobile/13B143 Safari/601.1"
198.71.59.75 - - [04/Jul/2026:09:46:14 +0000] "GET /assumables/ HTTP/1.1" 200 73191 "-" "WP Rocket/Preload"
198.71.59.75 - - [04/Jul/2026:09:46:15 +0000] "GET /assumables/ HTTP/1.1" 200 73185 "-" "WP Rocket/Preload Mozilla/5.0 (iPhone; CPU iPhone OS 9_1 like Mac OS X) AppleWebKit/601.1.46 (KHTML, like Gecko) Version/9.0 Mobile/13B143 Safari/601.1"
198.71.59.75 - - [04/Jul/2026:09:46:19 +0000] "GET /trucking-slowdown-means-housing-inventory-goes-up/ HTTP/1.1" 200 84138 "-" "WP Rocket/Preload"
198.71.59.75 - - [04/Jul/2026:09:46:20 +0000] "GET /trucking-slowdown-means-housing-inventory-goes-up/ HTTP/1.1" 200 84995 "-" "WP Rocket/Preload Mozilla/5.0 (iPhone; CPU iPhone OS 9_1 like Mac OS X) AppleWebKit/601.1.46 (KHTML, like Gecko) Version/9.0 Mobile/13B143 Safari/601.1"
198.71.59.75 - - [04/Jul/2026:09:46:21 +0000] "GET /roanoke-homes-for-sale/ HTTP/1.1" 200 13460 "-" "WP Rocket/Preload"
198.71.59.75 - - [04/Jul/2026:09:46:23 +0000] "GET /roanoke-homes-for-sale/ HTTP/1.1" 200 13460 "-" "WP Rocket/Preload Mozilla/5.0 (iPhone; CPU iPhone OS 9_1 like Mac OS X) AppleWebKit/601.1.46 (KHTML, like Gecko) Version/9.0 Mobile/13B143 Safari/601.1"
198.71.59.75 - - [04/Jul/2026:09:46:24 +0000] "GET /what-does-moving-to-texas-look-like/ HTTP/1.1" 200 90986 "-" "WP Rocket/Preload"
198.71.59.75 - - [04/Jul/2026:09:46:25 +0000] "GET /what-does-moving-to-texas-look-like/ HTTP/1.1" 200 90980 "-" "WP Rocket/Preload Mozilla/5.0 (iPhone; CPU iPhone OS 9_1 like Mac OS X) AppleWebKit/601.1.46 (KHTML, like Gecko) Version/9.0 Mobile/13B143 Safari/601.1"
198.71.59.75 - - [04/Jul/2026:09:46:16 +0000] "GET /m-streets-homes-dallas-a-rather-good-time/ HTTP/1.1" 200 13460 "-" "WP Rocket/Preload"
198.71.59.75 - - [04/Jul/2026:09:46:26 +0000] "GET /best-dallas-suburbs/ HTTP/1.1" 200 85080 "-" "WP Rocket/Preload"
198.71.59.75 - - [04/Jul/2026:09:46:17 +0000] "GET /m-streets-homes-dallas-a-rather-good-time/ HTTP/1.1" 200 13460 "-" "WP Rocket/Preload Mozilla/5.0 (iPhone; CPU iPhone OS 9_1 like Mac OS X) AppleWebKit/601.1.46 (KHTML, like Gecko) Version/9.0 Mobile/13B143 Safari/601.1"
198.71.59.75 - - [04/Jul/2026:09:46:28 +0000] "GET /best-dallas-suburbs/ HTTP/1.1" 200 85164 "-" "WP Rocket/Preload Mozilla/5.0 (iPhone; CPU iPhone OS 9_1 like Mac OS X) AppleWebKit/601.1.46 (KHTML, like Gecko) Version/9.0 Mobile/13B143 Safari/601.1"
198.71.59.75 - - [04/Jul/2026:09:46:29 +0000] "GET /black-friday-housing-deals-from-this-discerning-canine/ HTTP/1.1" 200 84665 "-" "WP Rocket/Preload"
198.71.59.75 - - [04/Jul/2026:09:46:29 +0000] "GET /black-friday-housing-deals-from-this-discerning-canine/ HTTP/1.1" 200 85577 "-" "WP Rocket/Preload Mozilla/5.0 (iPhone; CPU iPhone OS 9_1 like Mac OS X) AppleWebKit/601.1.46 (KHTML, like Gecko) Version/9.0 Mobile/13B143 Safari/601.1"
102.64.47.170 - - [04/Jul/2026:09:47:30 +0000] "GET /properties/214674-Residential-Melissa-Texas-75454-4-Bedrooms-2-Bathrooms-USD645-000/ HTTP/1.1" 200 46550 "-" "Mozilla/5.0 (Windows NT 10.0) AppleWebKit/537.36 (KHTML, like Gecko) Chrome/40.0.2214.93 Safari/537.36"
198.71.59.75 - - [04/Jul/2026:09:47:31 +0000] "GET /wylie-homes-for-sale/ HTTP/1.1" 200 96351 "-" "WP Rocket/Preload"
198.71.59.75 - - [04/Jul/2026:09:47:33 +0000] "GET /wylie-homes-for-sale/ HTTP/1.1" 200 13460 "-" "WP Rocket/Preload Mozilla/5.0 (iPhone; CPU iPhone OS 9_1 like Mac OS X) AppleWebKit/601.1.46 (KHTML, like Gecko) Version/9.0 Mobile/13B143 Safari/601.1"
198.71.59.75 - - [04/Jul/2026:09:47:35 +0000] "GET /low-cost-ways-to-get-your-home-ready-to-sell/ HTTP/1.1" 200 84839 "-" "WP Rocket/Preload"
198.71.59.75 - - [04/Jul/2026:09:47:36 +0000] "GET /low-cost-ways-to-get-your-home-ready-to-sell/ HTTP/1.1" 200 84538 "-" "WP Rocket/Preload Mozilla/5.0 (iPhone; CPU iPhone OS 9_1 like Mac OS X) AppleWebKit/601.1.46 (KHTML, like Gecko) Version/9.0 Mobile/13B143 Safari/601.1"
198.71.59.75 - - [04/Jul/2026:09:47:37 +0000] "GET /buying-a-fixer-upper-what-could-go-wrong/ HTTP/1.1" 200 91465 "-" "WP Rocket/Preload"
198.71.59.75 - - [04/Jul/2026:09:47:38 +0000] "GET /buying-a-fixer-upper-what-could-go-wrong/ HTTP/1.1" 200 90969 "-" "WP Rocket/Preload Mozilla/5.0 (iPhone; CPU iPhone OS 9_1 like Mac OS X) AppleWebKit/601.1.46 (KHTML, like Gecko) Version/9.0 Mobile/13B143 Safari/601.1"
198.71.59.75 - - [04/Jul/2026:09:47:39 +0000] "GET /things-to-look-for-in-a-realtor-when-selling-your-home/ HTTP/1.1" 200 85643 "-" "WP Rocket/Preload"
198.71.59.75 - - [04/Jul/2026:09:47:40 +0000] "GET /things-to-look-for-in-a-realtor-when-selling-your-home/ HTTP/1.1" 200 84761 "-" "WP Rocket/Preload Mozilla/5.0 (iPhone; CPU iPhone OS 9_1 like Mac OS X) AppleWebKit/601.1.46 (KHTML, like Gecko) Version/9.0 Mobile/13B143 Safari/601.1"
198.71.59.75 - - [04/Jul/2026:09:47:40 +0000] "GET /contactus/ HTTP/1.1" 200 75417 "-" "WP Rocket/Preload"
198.71.59.75 - - [04/Jul/2026:09:47:41 +0000] "GET /contactus/ HTTP/1.1" 200 74466 "-" "WP Rocket/Preload Mozilla/5.0 (iPhone; CPU iPhone OS 9_1 like Mac OS X) AppleWebKit/601.1.46 (KHTML, like Gecko) Version/9.0 Mobile/13B143 Safari/601.1"
198.71.59.75 - - [04/Jul/2026:09:47:42 +0000] "GET /faq/ HTTP/1.1" 200 77540 "-" "WP Rocket/Preload"
198.71.59.75 - - [04/Jul/2026:09:47:43 +0000] "GET /faq/ HTTP/1.1" 200 76647 "-" "WP Rocket/Preload Mozilla/5.0 (iPhone; CPU iPhone OS 9_1 like Mac OS X) AppleWebKit/601.1.46 (KHTML, like Gecko) Version/9.0 Mobile/13B143 Safari/601.1"
198.71.59.75 - - [04/Jul/2026:09:47:44 +0000] "GET /dfw/mckinney-homes-for-sale/ HTTP/1.1" 200 13460 "-" "WP Rocket/Preload"
198.71.59.75 - - [04/Jul/2026:09:47:46 +0000] "GET /dfw/mckinney-homes-for-sale/ HTTP/1.1" 200 13460 "-" "WP Rocket/Preload Mozilla/5.0 (iPhone; CPU iPhone OS 9_1 like Mac OS X) AppleWebKit/601.1.46 (KHTML, like Gecko) Version/9.0 Mobile/13B143 Safari/601.1"
198.71.59.75 - - [04/Jul/2026:09:47:50 +0000] "GET /dfw/irving-homes-for-sale/ HTTP/1.1" 200 13460 "-" "WP Rocket/Preload"
198.71.59.75 - - [04/Jul/2026:09:47:52 +0000] "GET /dfw/irving-homes-for-sale/ HTTP/1.1" 200 13460 "-" "WP Rocket/Preload Mozilla/5.0 (iPhone; CPU iPhone OS 9_1 like Mac OS X) AppleWebKit/601.1.46 (KHTML, like Gecko) Version/9.0 Mobile/13B143 Safari/601.1"
198.71.59.75 - - [04/Jul/2026:09:47:47 +0000] "GET /dfw/highland-park-homes-for-sales/ HTTP/1.1" 200 13460 "-" "WP Rocket/Preload"
198.71.59.75 - - [04/Jul/2026:09:47:49 +0000] "GET /dfw/highland-park-homes-for-sales/ HTTP/1.1" 200 13460 "-" "WP Rocket/Preload Mozilla/5.0 (iPhone; CPU iPhone OS 9_1 like Mac OS X) AppleWebKit/601.1.46 (KHTML, like Gecko) Version/9.0 Mobile/13B143 Safari/601.1"
37.231.253.190 - - [04/Jul/2026:09:49:17 +0000] "GET /dfw/parker-homes-for-sale/?wplpage=2 HTTP/1.1" 200 45734 "-" "Mozilla/5.0 (Windows NT 6.1; WOW64) AppleWebKit/537.36 (KHTML, like Gecko) Chrome/97.0.4692.99 Safari/537.36"
198.71.59.75 - - [04/Jul/2026:09:49:20 +0000] "GET /dfw/fairview-homes-for-sale/ HTTP/1.1" 200 97297 "-" "WP Rocket/Preload"
198.71.59.75 - - [04/Jul/2026:09:49:22 +0000] "GET /dfw/fairview-homes-for-sale/ HTTP/1.1" 200 13460 "-" "WP Rocket/Preload Mozilla/5.0 (iPhone; CPU iPhone OS 9_1 like Mac OS X) AppleWebKit/601.1.46 (KHTML, like Gecko) Version/9.0 Mobile/13B143 Safari/601.1"
198.71.59.75 - - [04/Jul/2026:09:49:26 +0000] "GET /dfw/saginaw-homes-for-sale/ HTTP/1.1" 200 13460 "-" "WP Rocket/Preload"
198.71.59.75 - - [04/Jul/2026:09:49:28 +0000] "GET /dfw/saginaw-homes-for-sale/ HTTP/1.1" 200 13460 "-" "WP Rocket/Preload Mozilla/5.0 (iPhone; CPU iPhone OS 9_1 like Mac OS X) AppleWebKit/601.1.46 (KHTML, like Gecko) Version/9.0 Mobile/13B143 Safari/601.1"
198.71.59.75 - - [04/Jul/2026:09:49:23 +0000] "GET /dfw/fort-worth-homes-for-sale/ HTTP/1.1" 200 13460 "-" "WP Rocket/Preload"
198.71.59.75 - - [04/Jul/2026:09:49:25 +0000] "GET /dfw/fort-worth-homes-for-sale/ HTTP/1.1" 200 13460 "-" "WP Rocket/Preload Mozilla/5.0 (iPhone; CPU iPhone OS 9_1 like Mac OS X) AppleWebKit/601.1.46 (KHTML, like Gecko) Version/9.0 Mobile/13B143 Safari/601.1"
198.71.59.75 - - [04/Jul/2026:09:49:35 +0000] "GET /dfw/coppell-homes-for-sale/ HTTP/1.1" 200 13460 "-" "WP Rocket/Preload"
198.71.59.75 - - [04/Jul/2026:09:49:37 +0000] "GET /dfw/coppell-homes-for-sale/ HTTP/1.1" 200 13460 "-" "WP Rocket/Preload Mozilla/5.0 (iPhone; CPU iPhone OS 9_1 like Mac OS X) AppleWebKit/601.1.46 (KHTML, like Gecko) Version/9.0 Mobile/13B143 Safari/601.1"
27.34.67.210 - - [04/Jul/2026:09:49:40 +0000] "GET /properties/224840-Residential-Arlington-Texas-76001-3-Bedrooms-2-Bathrooms-USD369-900/ HTTP/1.1" 200 46593 "-" "Mozilla/5.0 (Windows NT 10.0; Win64; x64) AppleWebKit/537.36 (KHTML, like Gecko) Brave Chrome/80.0.3987.162 Safari/537.36"
198.71.59.75 - - [04/Jul/2026:09:49:38 +0000] "GET /dfw/plano-homes-for-sale/ HTTP/1.1" 200 13460 "-" "WP Rocket/Preload"
198.71.59.75 - - [04/Jul/2026:09:49:40 +0000] "GET /dfw/plano-homes-for-sale/ HTTP/1.1" 200 13460 "-" "WP Rocket/Preload Mozilla/5.0 (iPhone; CPU iPhone OS 9_1 like Mac OS X) AppleWebKit/601.1.46 (KHTML, like Gecko) Version/9.0 Mobile/13B143 Safari/601.1"
198.71.59.75 - - [04/Jul/2026:09:49:29 +0000] "GET /dfw/dallas-homes-for-sale/ HTTP/1.1" 200 13460 "-" "WP Rocket/Preload"
198.71.59.75 - - [04/Jul/2026:09:49:31 +0000] "GET /dfw/dallas-homes-for-sale/ HTTP/1.1" 200 13460 "-" "WP Rocket/Preload Mozilla/5.0 (iPhone; CPU iPhone OS 9_1 like Mac OS X) AppleWebKit/601.1.46 (KHTML, like Gecko) Version/9.0 Mobile/13B143 Safari/601.1"
198.71.59.75 - - [04/Jul/2026:09:49:32 +0000] "GET /dfw/the-colony-homes-for-sale/ HTTP/1.1" 200 13460 "-" "WP Rocket/Preload"
198.71.59.75 - - [04/Jul/2026:09:49:34 +0000] "GET /dfw/the-colony-homes-for-sale/ HTTP/1.1" 200 13460 "-" "WP Rocket/Preload Mozilla/5.0 (iPhone; CPU iPhone OS 9_1 like Mac OS X) AppleWebKit/601.1.46 (KHTML, like Gecko) Version/9.0 Mobile/13B143 Safari/601.1"
52.5.142.182 - - [04/Jul/2026:09:50:32 +0000] "GET /?rets_import_cron_job=1&time=1783158632 HTTP/1.1" 200 5425 "-" "Wget/1.14 (linux-gnu)"
198.71.59.75 - - [04/Jul/2026:09:50:33 +0000] "GET /dfw/rowlett-homes-for-sale/ HTTP/1.1" 200 98380 "-" "WP Rocket/Preload"
14.164.184.178 - - [04/Jul/2026:09:50:36 +0000] "GET /properties/features/pdf/?pid=218432 HTTP/1.1" 200 11026 "-" "Mozilla/5.0 (Macintosh; Intel Mac OS X 10_16_0) AppleWebKit/537.36 (KHTML, like Gecko) Brave Chrome/80.0.3987.116 Safari/537.36"
198.71.59.75 - - [04/Jul/2026:09:50:35 +0000] "GET /dfw/rowlett-homes-for-sale/ HTTP/1.1" 200 13460 "-" "WP Rocket/Preload Mozilla/5.0 (iPhone; CPU iPhone OS 9_1 like Mac OS X) AppleWebKit/601.1.46 (KHTML, like Gecko) Version/9.0 Mobile/13B143 Safari/601.1"
198.71.59.75 - - [04/Jul/2026:09:50:37 +0000] "GET /dfw/grand-prairie-homes-for-sale/ HTTP/1.1" 200 13460 "-" "WP Rocket/Preload"
198.71.59.75 - - [04/Jul/2026:09:50:38 +0000] "GET /dfw/grand-prairie-homes-for-sale/ HTTP/1.1" 200 13460 "-" "WP Rocket/Preload Mozilla/5.0 (iPhone; CPU iPhone OS 9_1 like Mac OS X) AppleWebKit/601.1.46 (KHTML, like Gecko) Version/9.0 Mobile/13B143 Safari/601.1"
198.71.59.75 - - [04/Jul/2026:09:50:40 +0000] "GET /dfw/frisco-homes-for-sale/ HTTP/1.1" 200 13460 "-" "WP Rocket/Preload"
198.71.59.75 - - [04/Jul/2026:09:50:41 +0000] "GET /dfw/frisco-homes-for-sale/ HTTP/1.1" 200 13460 "-" "WP Rocket/Preload Mozilla/5.0 (iPhone; CPU iPhone OS 9_1 like Mac OS X) AppleWebKit/601.1.46 (KHTML, like Gecko) Version/9.0 Mobile/13B143 Safari/601.1"
198.71.59.75 - - [04/Jul/2026:09:50:43 +0000] "GET /dfw/parker-homes-for-sale/ HTTP/1.1" 200 13460 "-" "WP Rocket/Preload"
198.71.59.75 - - [04/Jul/2026:09:50:44 +0000] "GET /dfw/parker-homes-for-sale/ HTTP/1.1" 200 13460 "-" "WP Rocket/Preload Mozilla/5.0 (iPhone; CPU iPhone OS 9_1 like Mac OS X) AppleWebKit/601.1.46 (KHTML, like Gecko) Version/9.0 Mobile/13B143 Safari/601.1"
198.71.59.75 - - [04/Jul/2026:09:50:46 +0000] "GET /dfw/river-oaks-homes-for-sale/ HTTP/1.1" 200 13460 "-" "WP Rocket/Preload"
198.71.59.75 - - [04/Jul/2026:09:50:47 +0000] "GET /dfw/river-oaks-homes-for-sale/ HTTP/1.1" 200 13460 "-" "WP Rocket/Preload Mozilla/5.0 (iPhone; CPU iPhone OS 9_1 like Mac OS X) AppleWebKit/601.1.46 (KHTML, like Gecko) Version/9.0 Mobile/13B143 Safari/601.1"
198.71.59.75 - - [04/Jul/2026:09:50:49 +0000] "GET / HTTP/1.1" 200 13460 "-" "WP Rocket/Preload"
198.71.59.75 - - [04/Jul/2026:09:50:50 +0000] "GET / HTTP/1.1" 200 13460 "-" "WP Rocket/Preload Mozilla/5.0 (iPhone; CPU iPhone OS 9_1 like Mac OS X) AppleWebKit/601.1.46 (KHTML, like Gecko) Version/9.0 Mobile/13B143 Safari/601.1"
113.172.53.77 - - [04/Jul/2026:09:51:02 +0000] "GET /properties/224910-Residential-Granbury-Texas-76048-3-Bedrooms-2-Bathrooms-USD320-000/ HTTP/1.1" 200 46388 "-" "Mozilla/5.0 (Macintosh; Intel Mac OS X 10_13_6) AppleWebKit/537.36 (KHTML, like Gecko) Chrome/100.0.4896.75 Safari/537.36"
202.134.10.141 - - [04/Jul/2026:09:52:23 +0000] "GET /properties/210558-Residential-Plano-Texas-75075-5-Bedrooms-3-Bathrooms-USD669-000/ HTTP/1.1" 200 43602 "-" "Mozilla/5.0 (Windows NT 10.0; Win64; x64) AppleWebKit/537.36 (KHTML, like Gecko) Chrome/83.0.4103.106 Safari/537.36"
102.129.82.152 - - [04/Jul/2026:09:52:50 +0000] "GET /properties/features/pdf/?pid=212715 HTTP/1.1" 200 11380 "-" "Mozilla/5.0 (Windows NT 10.0; Win64; x64) AppleWebKit/537.36 (KHTML, like Gecko) Chrome/80.0.3987.163 Safari/537.36"
66.249.79.193 - - [04/Jul/2026:09:53:33 +0000] "GET /properties/218452-Residential-Income-Fort-Worth-Texas-76135-8-Bedrooms-4-Bathrooms-USD700-000/ HTTP/1.1" 200 40968 "-" "Mozilla/5.0 (Linux; Android 6.0.1; Nexus 5X Build/MMB29P) AppleWebKit/537.36 (KHTML, like Gecko) Chrome/150.0.7871.46 Mobile Safari/537.36 (compatible; Googlebot/2.1; +http://www.google.com/bot.html)"
190.148.85.89 - - [04/Jul/2026:09:53:37 +0000] "GET /dfw/parker-homes-for-sale/?wplpage=92 HTTP/1.1" 200 45638 "-" "Mozilla/5.0 (Windows NT 6.2; WOW64) AppleWebKit/537.15 (KHTML, like Gecko) Chrome/24.0.1295.0 Safari/537.15"
216.73.216.240 - - [04/Jul/2026:09:54:17 +0000] "GET /robots.txt HTTP/1.1" 200 5871 "-" "Mozilla/5.0 AppleWebKit/537.36 (KHTML, like Gecko; compatible; ClaudeBot/1.0; +claudebot@anthropic.com)"
216.73.216.240 - - [04/Jul/2026:09:54:17 +0000] "GET /properties/features/pdf/?pid=208141 HTTP/1.1" 200 10889 "-" "Mozilla/5.0 AppleWebKit/537.36 (KHTML, like Gecko; compatible; ClaudeBot/1.0; +claudebot@anthropic.com)"
216.73.216.240 - - [04/Jul/2026:09:54:18 +0000] "GET /?wplpage=293 HTTP/1.1" 200 50152 "-" "Mozilla/5.0 AppleWebKit/537.36 (KHTML, like Gecko; compatible; ClaudeBot/1.0; +claudebot@anthropic.com)"
216.73.216.240 - - [04/Jul/2026:09:54:25 +0000] "GET /properties/features/pdf/?pid=208100 HTTP/1.1" 200 11004 "-" "Mozilla/5.0 AppleWebKit/537.36 (KHTML, like Gecko; compatible; ClaudeBot/1.0; +claudebot@anthropic.com)"
216.73.216.240 - - [04/Jul/2026:09:54:25 +0000] "GET /properties/features/pdf/?pid=208103 HTTP/1.1" 200 11028 "-" "Mozilla/5.0 AppleWebKit/537.36 (KHTML, like Gecko; compatible; ClaudeBot/1.0; +claudebot@anthropic.com)"
216.73.216.240 - - [04/Jul/2026:09:54:52 +0000] "GET /properties/features/pdf/?pid=208113 HTTP/1.1" 200 10970 "-" "Mozilla/5.0 AppleWebKit/537.36 (KHTML, like Gecko; compatible; ClaudeBot/1.0; +claudebot@anthropic.com)"
111.92.134.104 - - [04/Jul/2026:09:54:54 +0000] "GET /properties/177214-Residential-Plano-Texas-75025-5-Bedrooms-4-Bathrooms-USD790-000/ HTTP/1.1" 200 46926 "-" "Mozilla/5.0 (Macintosh; Intel Mac OS X 11_1_0) AppleWebKit/537.36 (KHTML, like Gecko) Chrome/87.0.4280.88 Safari/537.36 FS"
216.73.216.240 - - [04/Jul/2026:09:54:52 +0000] "GET /properties/?wplpage=245 HTTP/1.1" 200 40365 "-" "Mozilla/5.0 AppleWebKit/537.36 (KHTML, like Gecko; compatible; ClaudeBot/1.0; +claudebot@anthropic.com)"
200.24.137.249 - - [04/Jul/2026:09:55:10 +0000] "GET /properties/224933-Residential-Dallas-Texas-75252-3-Bedrooms-3-Bathrooms-USD910-000/ HTTP/1.1" 200 47329 "-" "Mozilla/5.0 (Macintosh; Intel Mac OS X 10_12_6) AppleWebKit/537.36 (KHTML, like Gecko) Chrome/88.0.4324.182 Safari/537.36"
216.73.216.240 - - [04/Jul/2026:09:55:14 +0000] "GET /properties/features/pdf/?pid=208122 HTTP/1.1" 200 10884 "-" "Mozilla/5.0 AppleWebKit/537.36 (KHTML, like Gecko; compatible; ClaudeBot/1.0; +claudebot@anthropic.com)"
216.73.216.240 - - [04/Jul/2026:09:55:14 +0000] "GET /properties/features/pdf/?pid=208098 HTTP/1.1" 200 10864 "-" "Mozilla/5.0 AppleWebKit/537.36 (KHTML, like Gecko; compatible; ClaudeBot/1.0; +claudebot@anthropic.com)"
216.73.216.240 - - [04/Jul/2026:09:55:18 +0000] "GET /properties/features/pdf/?pid=208135 HTTP/1.1" 200 11019 "-" "Mozilla/5.0 AppleWebKit/537.36 (KHTML, like Gecko; compatible; ClaudeBot/1.0; +claudebot@anthropic.com)"
216.73.216.240 - - [04/Jul/2026:09:55:18 +0000] "GET /properties/features/pdf/?pid=208093 HTTP/1.1" 200 10938 "-" "Mozilla/5.0 AppleWebKit/537.36 (KHTML, like Gecko; compatible; ClaudeBot/1.0; +claudebot@anthropic.com)"
52.5.142.182 - - [04/Jul/2026:09:55:28 +0000] "GET /?rets_import_cron_job=1&time=1783158927 HTTP/1.1" 200 5425 "-" "Wget/1.14 (linux-gnu)"
52.167.144.191 - - [04/Jul/2026:09:55:31 +0000] "GET /properties/features/pdf?pid=117355 HTTP/1.1" 301 5708 "-" "Mozilla/5.0 AppleWebKit/537.36 (KHTML, like Gecko; compatible; bingbot/2.0; +http://www.bing.com/bingbot.htm) Chrome/116.0.1938.76 Safari/537.36"
216.73.216.240 - - [04/Jul/2026:09:55:55 +0000] "GET /properties/features/pdf/?pid=208118 HTTP/1.1" 200 10985 "-" "Mozilla/5.0 AppleWebKit/537.36 (KHTML, like Gecko; compatible; ClaudeBot/1.0; +claudebot@anthropic.com)"
216.73.216.240 - - [04/Jul/2026:09:56:18 +0000] "GET /properties/features/pdf/?pid=208111 HTTP/1.1" 200 11025 "-" "Mozilla/5.0 AppleWebKit/537.36 (KHTML, like Gecko; compatible; ClaudeBot/1.0; +claudebot@anthropic.com)"
123.16.65.178 - - [04/Jul/2026:09:56:20 +0000] "GET /properties/features/pdf/?pid=224822 HTTP/1.1" 200 11155 "-" "Mozilla/5.0 (Windows NT 6.2; WOW64) AppleWebKit/537.36 (KHTML, like Gecko) Chrome/27.0.1453.93 Safari/537.36"
216.73.216.240 - - [04/Jul/2026:09:56:27 +0000] "GET /properties/features/pdf/?pid=208119 HTTP/1.1" 200 10949 "-" "Mozilla/5.0 AppleWebKit/537.36 (KHTML, like Gecko; compatible; ClaudeBot/1.0; +claudebot@anthropic.com)"
66.249.79.193 - - [04/Jul/2026:09:56:32 +0000] "GET /?wplpage=14 HTTP/1.1" 200 50297 "-" "Mozilla/5.0 (Linux; Android 6.0.1; Nexus 5X Build/MMB29P) AppleWebKit/537.36 (KHTML, like Gecko) Chrome/150.0.7871.46 Mobile Safari/537.36 (compatible; GoogleOther)"
66.249.79.193 - - [04/Jul/2026:09:56:39 +0000] "POST /?wplpage=14 HTTP/1.1" 200 5602 "https://www.agenttango.com/?wplpage=14" "Mozilla/5.0 (Linux; Android 6.0.1; Nexus 5X Build/MMB29P) AppleWebKit/537.36 (KHTML, like Gecko) Chrome/150.0.7871.46 Mobile Safari/537.36 (compatible; GoogleOther)"
216.73.216.240 - - [04/Jul/2026:09:56:54 +0000] "GET /properties/features/pdf/?pid=208115 HTTP/1.1" 200 10913 "-" "Mozilla/5.0 AppleWebKit/537.36 (KHTML, like Gecko; compatible; ClaudeBot/1.0; +claudebot@anthropic.com)"
216.73.216.240 - - [04/Jul/2026:09:57:01 +0000] "GET /properties/208035-Residential-Lease-Forney-Texas-75126-3-Bedrooms-2-Bathrooms-USD2-145/ HTTP/1.1" 200 41871 "-" "Mozilla/5.0 AppleWebKit/537.36 (KHTML, like Gecko; compatible; ClaudeBot/1.0; +claudebot@anthropic.com)"
170.150.97.141 - - [04/Jul/2026:09:57:00 +0000] "GET /DFW/prosper-homes-for-sale/?wplpage=7 HTTP/1.1" 200 45822 "-" "Mozilla/5.0 (Windows NT 10.0; Win64; x64) AppleWebKit/537.36 (KHTML, like Gecko) Chrome/102.0.5005.49 Safari/537.36"
14.226.206.92 - - [04/Jul/2026:09:57:11 +0000] "GET /properties/features/pdf/?pid=215115 HTTP/1.1" 200 11087 "-" "Mozilla/5.0 (Macintosh; Intel Mac OS X 10_15_6) AppleWebKit/537.36 (KHTML, like Gecko) Chrome/98.0.4758.80 Safari/537.36"
